INSERT INTO `changes` (`id`, `changeset_id`, `action`, `path`, `from_path`, `from_revision`, `revision`, `branch`) VALUES
(3002, 1, 'A', 'styles/img/demo/e-comm/detail-2.png', NULL, NULL, NULL, NULL),
(3003, 1, 'A', 'styles/img/demo/e-comm/detail-3.png', NULL, NULL, NULL, NULL),
(3004, 1, 'A', 'styles/img/demo/hero.png', NULL, NULL, NULL, NULL),
(3005, 1, 'A', 'styles/img/demo/image-placeholder-64x64.png', NULL, NULL, NULL, NULL),
(3006, 1, 'A', 'styles/img/demo/index.php', NULL, NULL, NULL, NULL),
(3007, 1, 'A', 'styles/img/demo/iphoneview.png', NULL, NULL, NULL, NULL),
(3008, 1, 'A', 'styles/img/demo/layout-skins/layout-collapse-minified.png', NULL, NULL, NULL, NULL),
(3009, 1, 'A', 'styles/img/demo/layout-skins/layout-collapse.png', NULL, NULL, NULL, NULL),
(3010, 1, 'A', 'styles/img/demo/layout-skins/layout-hidden.png', NULL, NULL, NULL, NULL),
(3011, 1, 'A', 'styles/img/demo/layout-skins/layout-menutop.png', NULL, NULL, NULL, NULL),
(3012, 1, 'A', 'styles/img/demo/layout-skins/layout-rtl-menutop.png', NULL, NULL, NULL, NULL),
(3013, 1, 'A', 'styles/img/demo/layout-skins/layout-rtl.png', NULL, NULL, NULL, NULL),
(3014, 1, 'A', 'styles/img/demo/layout-skins/skin-dark.png', NULL, NULL, NULL, NULL),
(3015, 1, 'A', 'styles/img/demo/layout-skins/skin-default.png', NULL, NULL, NULL, NULL),
(3016, 1, 'A', 'styles/img/demo/layout-skins/skin-glass.png', NULL, NULL, NULL, NULL),
(3017, 1, 'A', 'styles/img/demo/layout-skins/skin-google.png', NULL, NULL, NULL, NULL),
(3018, 1, 'A', 'styles/img/demo/layout-skins/skin-pixel.png', NULL, NULL, NULL, NULL),
(3019, 1, 'A', 'styles/img/demo/layout-skins/skin-ultralight.png', NULL, NULL, NULL, NULL),
(3020, 1, 'A', 'styles/img/demo/m1.jpg', NULL, NULL, NULL, NULL),
(3021, 1, 'A', 'styles/img/demo/m2.jpg', NULL, NULL, NULL, NULL),
(3022, 1, 'A', 'styles/img/demo/m3.jpg', NULL, NULL, NULL, NULL),
(3023, 1, 'A', 'styles/img/demo/newsletter.png', NULL, NULL, NULL, NULL),
(3024, 1, 'A', 'styles/img/demo/responseimg.png', NULL, NULL, NULL, NULL),
(3025, 1, 'A', 'styles/img/demo/s1.jpg', NULL, NULL, NULL, NULL),
(3026, 1, 'A', 'styles/img/demo/s2.jpg', NULL, NULL, NULL, NULL),
(3027, 1, 'A', 'styles/img/demo/s3.jpg', NULL, NULL, NULL, NULL),
(3028, 1, 'A', 'styles/img/demo/sa-demo.png', NULL, NULL, NULL, NULL),
(3029, 1, 'A', 'styles/img/demo/sample.jpg', NULL, NULL, NULL, NULL),
(3030, 1, 'A', 'styles/img/demo/sidebar.png', NULL, NULL, NULL, NULL),
(3031, 1, 'A', 'styles/img/demo/sidebarhero.png', NULL, NULL, NULL, NULL),
(3032, 1, 'A', 'styles/img/demo/site-1.jpg', NULL, NULL, NULL, NULL),
(3033, 1, 'A', 'styles/img/demo/site-2.jpg', NULL, NULL, NULL, NULL),
(3034, 1, 'A', 'styles/img/demo/video.png', NULL, NULL, NULL, NULL),
(3035, 1, 'A', 'styles/img/demo/widget-colorpicker.png', NULL, NULL, NULL, NULL),
(3036, 1, 'A', 'styles/img/dropzone/index.php', NULL, NULL, NULL, NULL),
(3037, 1, 'A', 'styles/img/dropzone/spritemap.png', NULL, NULL, NULL, NULL),
(3038, 1, 'A', 'styles/img/dropzone/spritemap@2x.png', NULL, NULL, NULL, NULL),
(3039, 1, 'A', 'styles/img/favicon/1favicon.ico', NULL, NULL, NULL, NULL),
(3040, 1, 'A', 'styles/img/favicon/favicon.ico', NULL, NULL, NULL, NULL),
(3041, 1, 'A', 'styles/img/favicon/favicon.png', NULL, NULL, NULL, NULL),
(3042, 1, 'A', 'styles/img/favicon/index.php', NULL, NULL, NULL, NULL),
(3043, 1, 'A', 'styles/img/flags/de.png', NULL, NULL, NULL, NULL),
(3044, 1, 'A', 'styles/img/flags/es.png', NULL, NULL, NULL, NULL),
(3045, 1, 'A', 'styles/img/flags/flags.png', NULL, NULL, NULL, NULL),
(3046, 1, 'A', 'styles/img/flags/us.png', NULL, NULL, NULL, NULL),
(3047, 1, 'A', 'styles/img/glass-image-copyright.txt', NULL, NULL, NULL, NULL),
(3048, 1, 'A', 'styles/img/glass.jpg', NULL, NULL, NULL, NULL),
(3049, 1, 'A', 'styles/img/gradient/index.php', NULL, NULL, NULL, NULL),
(3050, 1, 'A', 'styles/img/gradient/login.png', NULL, NULL, NULL, NULL),
(3051, 1, 'A', 'styles/img/hue.png', NULL, NULL, NULL, NULL),
(3052, 1, 'A', 'styles/img/invoice/americanexpress.png', NULL, NULL, NULL, NULL),
(3053, 1, 'A', 'styles/img/invoice/index.php', NULL, NULL, NULL, NULL),
(3054, 1, 'A', 'styles/img/invoice/license.txt', NULL, NULL, NULL, NULL),
(3055, 1, 'A', 'styles/img/invoice/mastercard.png', NULL, NULL, NULL, NULL),
(3056, 1, 'A', 'styles/img/invoice/paypal.png', NULL, NULL, NULL, NULL),
(3057, 1, 'A', 'styles/img/invoice/visa.png', NULL, NULL, NULL, NULL),
(3058, 1, 'A', 'styles/img/jcrop/Jcrop.gif', NULL, NULL, NULL, NULL),
(3059, 1, 'A', 'styles/img/jqueryui/index.php', NULL, NULL, NULL, NULL),
(3060, 1, 'A', 'styles/img/jqueryui/ui-bg_flat_0_999999_40x100.png', NULL, NULL, NULL, NULL),
(3061, 1, 'A', 'styles/img/jqueryui/ui-bg_flat_0_aaaaaa_40x100.png', NULL, NULL, NULL, NULL),
(3062, 1, 'A', 'styles/img/jqueryui/ui-bg_glass_55_fbf9ee_1x400.png', NULL, NULL, NULL, NULL),
(3063, 1, 'A', 'styles/img/jqueryui/ui-bg_glass_65_ffffff_1x400.png', NULL, NULL, NULL, NULL),
(3064, 1, 'A', 'styles/img/jqueryui/ui-bg_glass_75_dadada_1x400.png', NULL, NULL, NULL, NULL),
(3065, 1, 'A', 'styles/img/jqueryui/ui-bg_glass_75_e6e6e6_1x400.png', NULL, NULL, NULL, NULL),
(3066, 1, 'A', 'styles/img/jqueryui/ui-bg_glass_75_ffffff_1x400.png', NULL, NULL, NULL, NULL),
(3067, 1, 'A', 'styles/img/jqueryui/ui-bg_highlight-soft_75_cccccc_1x100.png', NULL, NULL, NULL, NULL),
(3068, 1, 'A', 'styles/img/jqueryui/ui-bg_inset-soft_95_fef1ec_1x100.png', NULL, NULL, NULL, NULL),
(3069, 1, 'A', 'styles/img/jqueryui/ui-icons_222222_256x240.png', NULL, NULL, NULL, NULL),
(3070, 1, 'A', 'styles/img/jqueryui/ui-icons_2e83ff_256x240.png', NULL, NULL, NULL, NULL),
(3071, 1, 'A', 'styles/img/jqueryui/ui-icons_428bca_256x240.png', NULL, NULL, NULL, NULL),
(3072, 1, 'A', 'styles/img/jqueryui/ui-icons_454545_256x240.png', NULL, NULL, NULL, NULL),
(3073, 1, 'A', 'styles/img/jqueryui/ui-icons_555555_256x240.png', NULL, NULL, NULL, NULL),
(3074, 1, 'A', 'styles/img/jqueryui/ui-icons_888888_256x240.png', NULL, NULL, NULL, NULL),
(3075, 1, 'A', 'styles/img/jqueryui/ui-icons_999999_256x240.png', NULL, NULL, NULL, NULL),
(3076, 1, 'A', 'styles/img/jqueryui/ui-icons_cd0a0a_256x240.png', NULL, NULL, NULL, NULL),
(3077, 1, 'A', 'styles/img/jqueryui/ui-icons_f0ad4e_256x240.png', NULL, NULL, NULL, NULL),
(3078, 1, 'A', 'styles/img/jqueryui/ui-icons_f6cf3b_256x240.png', NULL, NULL, NULL, NULL),
(3079, 1, 'A', 'styles/img/jqueryui/ui-icons_ffffff_256x240.png', NULL, NULL, NULL, NULL),
(3080, 1, 'A', 'styles/img/loading.gif', NULL, NULL, NULL, NULL),
(3081, 1, 'A', 'styles/img/logo-blacknwhite.png', NULL, NULL, NULL, NULL),
(3082, 1, 'A', 'styles/img/logo-blue.png', NULL, NULL, NULL, NULL),
(3083, 1, 'A', 'styles/img/logo-o.png', NULL, NULL, NULL, NULL),
(3084, 1, 'A', 'styles/img/logo-pale.png', NULL, NULL, NULL, NULL),
(3085, 1, 'A', 'styles/img/logo-white.png', NULL, NULL, NULL, NULL),
(3086, 1, 'A', 'styles/img/logo.png', NULL, NULL, NULL, NULL),
(3087, 1, 'A', 'styles/img/logos/flag-cse.png', NULL, NULL, NULL, NULL),
(3088, 1, 'A', 'styles/img/logos/flag-senegal.png', NULL, NULL, NULL, NULL),
(3089, 1, 'A', 'styles/img/logos/flag-ue.png', NULL, NULL, NULL, NULL),
(3090, 1, 'A', 'styles/img/mappin-default.png', NULL, NULL, NULL, NULL),
(3091, 1, 'A', 'styles/img/minus.png', NULL, NULL, NULL, NULL),
(3092, 1, 'A', 'styles/img/mybg.png', NULL, NULL, NULL, NULL),
(3093, 1, 'A', 'styles/img/pattern/divider.jpg', NULL, NULL, NULL, NULL),
(3094, 1, 'A', 'styles/img/pattern/graphy-xs.png', NULL, NULL, NULL, NULL),
(3095, 1, 'A', 'styles/img/pattern/graphy.png', NULL, NULL, NULL, NULL),
(3096, 1, 'A', 'styles/img/pattern/index.php', NULL, NULL, NULL, NULL),
(3097, 1, 'A', 'styles/img/pattern/license-info.txt', NULL, NULL, NULL, NULL),
(3098, 1, 'A', 'styles/img/pattern/lightpaperfibers.png', NULL, NULL, NULL, NULL),
(3099, 1, 'A', 'styles/img/pattern/movable.png', NULL, NULL, NULL, NULL),
(3100, 1, 'A', 'styles/img/pattern/nistri-xs.png', NULL, NULL, NULL, NULL),
(3101, 1, 'A', 'styles/img/pattern/nistri.png', NULL, NULL, NULL, NULL),
(3102, 1, 'A', 'styles/img/pattern/overlay-pattern.png', NULL, NULL, NULL, NULL),
(3103, 1, 'A', 'styles/img/pattern/paper-xs.png', NULL, NULL, NULL, NULL),
(3104, 1, 'A', 'styles/img/pattern/paper.png', NULL, NULL, NULL, NULL),
(3105, 1, 'A', 'styles/img/pattern/pattern.png', NULL, NULL, NULL, NULL),
(3106, 1, 'A', 'styles/img/pattern/sneaker_mesh_fabric-xs.png', NULL, NULL, NULL, NULL),
(3107, 1, 'A', 'styles/img/pattern/sneaker_mesh_fabric.png', NULL, NULL, NULL, NULL),
(3108, 1, 'A', 'styles/img/pattern/tileable_wood_texture-xs.png', NULL, NULL, NULL, NULL),
(3109, 1, 'A', 'styles/img/pattern/tileable_wood_texture.png', NULL, NULL, NULL, NULL),
(3110, 1, 'A', 'styles/img/plus.png', NULL, NULL, NULL, NULL),
(3111, 1, 'A', 'styles/img/realestate/1.png', NULL, NULL, NULL, NULL),
(3112, 1, 'A', 'styles/img/realestate/2.png', NULL, NULL, NULL, NULL),
(3113, 1, 'A', 'styles/img/realestate/3.png', NULL, NULL, NULL, NULL),
(3114, 1, 'A', 'styles/img/realestate/4.png', NULL, NULL, NULL, NULL),
(3115, 1, 'A', 'styles/img/realestate/5.png', NULL, NULL, NULL, NULL),
(3116, 1, 'A', 'styles/img/realestate/6.png', NULL, NULL, NULL, NULL),
(3117, 1, 'A', 'styles/img/ribbon.png', NULL, NULL, NULL, NULL),
(3118, 1, 'A', 'styles/img/sa-dark.png', NULL, NULL, NULL, NULL),
(3119, 1, 'A', 'styles/img/sa-default.png', NULL, NULL, NULL, NULL),
(3120, 1, 'A', 'styles/img/saturation.png', NULL, NULL, NULL, NULL),
(3121, 1, 'A', 'styles/img/select2-spinner.gif', NULL, NULL, NULL, NULL),
(3122, 1, 'A', 'styles/img/sort_asc.png', NULL, NULL, NULL, NULL),
(3123, 1, 'A', 'styles/img/sort_asc_disabled.png', NULL, NULL, NULL, NULL),
(3124, 1, 'A', 'styles/img/sort_both.png', NULL, NULL, NULL, NULL),
(3125, 1, 'A', 'styles/img/sort_desc.png', NULL, NULL, NULL, NULL),
(3126, 1, 'A', 'styles/img/sort_desc_disabled.png', NULL, NULL, NULL, NULL),
(3127, 1, 'A', 'styles/img/splash/ipad-landscape.png', NULL, NULL, NULL, NULL),
(3128, 1, 'A', 'styles/img/splash/ipad-portrait.png', NULL, NULL, NULL, NULL),
(3129, 1, 'A', 'styles/img/splash/iphone.png', NULL, NULL, NULL, NULL),
(3130, 1, 'A', 'styles/img/splash/sptouch-icon-iphone.png', NULL, NULL, NULL, NULL),
(3131, 1, 'A', 'styles/img/splash/touch-icon-ipad-retina.png', NULL, NULL, NULL, NULL),
(3132, 1, 'A', 'styles/img/splash/touch-icon-ipad.png', NULL, NULL, NULL, NULL),
(3133, 1, 'A', 'styles/img/splash/touch-icon-iphone-retina.png', NULL, NULL, NULL, NULL),
(3134, 1, 'A', 'styles/img/superbox/index.php', NULL, NULL, NULL, NULL),
(3135, 1, 'A', 'styles/img/superbox/superbox-full-1.jpg', NULL, NULL, NULL, NULL),
(3136, 1, 'A', 'styles/img/superbox/superbox-full-10.jpg', NULL, NULL, NULL, NULL),
(3137, 1, 'A', 'styles/img/superbox/superbox-full-11.jpg', NULL, NULL, NULL, NULL),
(3138, 1, 'A', 'styles/img/superbox/superbox-full-12.jpg', NULL, NULL, NULL, NULL),
(3139, 1, 'A', 'styles/img/superbox/superbox-full-13.jpg', NULL, NULL, NULL, NULL),
(3140, 1, 'A', 'styles/img/superbox/superbox-full-14.jpg', NULL, NULL, NULL, NULL),
(3141, 1, 'A', 'styles/img/superbox/superbox-full-15.jpg', NULL, NULL, NULL, NULL),
(3142, 1, 'A', 'styles/img/superbox/superbox-full-16.jpg', NULL, NULL, NULL, NULL),
(3143, 1, 'A', 'styles/img/superbox/superbox-full-17.jpg', NULL, NULL, NULL, NULL),
(3144, 1, 'A', 'styles/img/superbox/superbox-full-18.jpg', NULL, NULL, NULL, NULL),
(3145, 1, 'A', 'styles/img/superbox/superbox-full-19.jpg', NULL, NULL, NULL, NULL),
(3146, 1, 'A', 'styles/img/superbox/superbox-full-2.jpg', NULL, NULL, NULL, NULL),
(3147, 1, 'A', 'styles/img/superbox/superbox-full-20-bw.jpg', NULL, NULL, NULL, NULL),
(3148, 1, 'A', 'styles/img/superbox/superbox-full-20.jpg', NULL, NULL, NULL, NULL),
(3149, 1, 'A', 'styles/img/superbox/superbox-full-21.jpg', NULL, NULL, NULL, NULL),
(3150, 1, 'A', 'styles/img/superbox/superbox-full-22.jpg', NULL, NULL, NULL, NULL),
(3151, 1, 'A', 'styles/img/superbox/superbox-full-23.jpg', NULL, NULL, NULL, NULL),
(3152, 1, 'A', 'styles/img/superbox/superbox-full-24.jpg', NULL, NULL, NULL, NULL),
(3153, 1, 'A', 'styles/img/superbox/superbox-full-3.jpg', NULL, NULL, NULL, NULL),
(3154, 1, 'A', 'styles/img/superbox/superbox-full-4.jpg', NULL, NULL, NULL, NULL),
(3155, 1, 'A', 'styles/img/superbox/superbox-full-5.jpg', NULL, NULL, NULL, NULL),
(3156, 1, 'A', 'styles/img/superbox/superbox-full-6.jpg', NULL, NULL, NULL, NULL),
(3157, 1, 'A', 'styles/img/superbox/superbox-full-7.jpg', NULL, NULL, NULL, NULL),
(3158, 1, 'A', 'styles/img/superbox/superbox-full-8.jpg', NULL, NULL, NULL, NULL),
(3159, 1, 'A', 'styles/img/superbox/superbox-full-9.jpg', NULL, NULL, NULL, NULL),
(3160, 1, 'A', 'styles/img/superbox/superbox-thumb-1.jpg', NULL, NULL, NULL, NULL),
(3161, 1, 'A', 'styles/img/superbox/superbox-thumb-10.jpg', NULL, NULL, NULL, NULL),
(3162, 1, 'A', 'styles/img/superbox/superbox-thumb-11.jpg', NULL, NULL, NULL, NULL),
(3163, 1, 'A', 'styles/img/superbox/superbox-thumb-12.jpg', NULL, NULL, NULL, NULL),
(3164, 1, 'A', 'styles/img/superbox/superbox-thumb-13.jpg', NULL, NULL, NULL, NULL),
(3165, 1, 'A', 'styles/img/superbox/superbox-thumb-14.jpg', NULL, NULL, NULL, NULL),
(3166, 1, 'A', 'styles/img/superbox/superbox-thumb-15.jpg', NULL, NULL, NULL, NULL),
(3167, 1, 'A', 'styles/img/superbox/superbox-thumb-16.jpg', NULL, NULL, NULL, NULL),
(3168, 1, 'A', 'styles/img/superbox/superbox-thumb-17.jpg', NULL, NULL, NULL, NULL),
(3169, 1, 'A', 'styles/img/superbox/superbox-thumb-18.jpg', NULL, NULL, NULL, NULL),
(3170, 1, 'A', 'styles/img/superbox/superbox-thumb-19.jpg', NULL, NULL, NULL, NULL),
(3171, 1, 'A', 'styles/img/superbox/superbox-thumb-2.jpg', NULL, NULL, NULL, NULL),
(3172, 1, 'A', 'styles/img/superbox/superbox-thumb-20.jpg', NULL, NULL, NULL, NULL),
(3173, 1, 'A', 'styles/img/superbox/superbox-thumb-21.jpg', NULL, NULL, NULL, NULL),
(3174, 1, 'A', 'styles/img/superbox/superbox-thumb-22.jpg', NULL, NULL, NULL, NULL),
(3175, 1, 'A', 'styles/img/superbox/superbox-thumb-23.jpg', NULL, NULL, NULL, NULL),
(3176, 1, 'A', 'styles/img/superbox/superbox-thumb-24.jpg', NULL, NULL, NULL, NULL),
(3177, 1, 'A', 'styles/img/superbox/superbox-thumb-3.jpg', NULL, NULL, NULL, NULL),
(3178, 1, 'A', 'styles/img/superbox/superbox-thumb-4.jpg', NULL, NULL, NULL, NULL),
(3179, 1, 'A', 'styles/img/superbox/superbox-thumb-5.jpg', NULL, NULL, NULL, NULL),
(3180, 1, 'A', 'styles/img/superbox/superbox-thumb-6.jpg', NULL, NULL, NULL, NULL),
(3181, 1, 'A', 'styles/img/superbox/superbox-thumb-7.jpg', NULL, NULL, NULL, NULL),
(3182, 1, 'A', 'styles/img/superbox/superbox-thumb-8.jpg', NULL, NULL, NULL, NULL),
(3183, 1, 'A', 'styles/img/superbox/superbox-thumb-9.jpg', NULL, NULL, NULL, NULL),
(3184, 1, 'A', 'styles/img/versions/ajaxversion.png', NULL, NULL, NULL, NULL),
(3185, 1, 'A', 'styles/img/versions/angularversion.png', NULL, NULL, NULL, NULL),
(3186, 1, 'A', 'styles/img/versions/dotnetversion.png', NULL, NULL, NULL, NULL),
(3187, 1, 'A', 'styles/img/versions/htmlversion.png', NULL, NULL, NULL, NULL),
(3188, 1, 'A', 'styles/img/versions/phpversion.png', NULL, NULL, NULL, NULL),
(3189, 1, 'A', 'styles/img/versions/reactversion.png', NULL, NULL, NULL, NULL),
(3190, 1, 'A', 'styles/img/violate.jpg', NULL, NULL, NULL, NULL),
(3191, 1, 'A', 'styles/img/voicecommand/active-btn.gif', NULL, NULL, NULL, NULL),
(3192, 1, 'A', 'styles/img/vt-menu.png', NULL, NULL, NULL, NULL),
(3193, 2, 'D', '.idea/action-ue-front.iml', NULL, NULL, NULL, NULL),
(3194, 2, 'A', '.idea/agrisan-front.iml', NULL, NULL, NULL, NULL),
(3195, 2, 'M', '.idea/modules.xml', NULL, NULL, NULL, NULL),
(3196, 2, 'M', '.idea/workspace.xml', NULL, NULL, NULL, NULL),
(3197, 2, 'M', 'README.MD', NULL, NULL, NULL, NULL),
(3198, 2, 'M', 'build/app.js', NULL, NULL, NULL, NULL),
(3199, 3, 'M', '.gitignore', NULL, NULL, NULL, NULL),
(3200, 4, 'M', '.idea/workspace.xml', NULL, NULL, NULL, NULL),
(3201, 4, 'M', 'bower.json', NULL, NULL, NULL, NULL),
(3202, 4, 'M', 'build/app.js', NULL, NULL, NULL, NULL),
(3203, 4, 'M', 'package.json', NULL, NULL, NULL, NULL),
(3204, 5, 'M', '.gitignore', NULL, NULL, NULL, NULL),
(3205, 6, 'M', '.idea/workspace.xml', NULL, NULL, NULL, NULL),
(3206, 6, 'M', 'api/users.json', NULL, NULL, NULL, NULL),
(3207, 6, 'M', 'app.scripts.json', NULL, NULL, NULL, NULL),
(3208, 6, 'A', 'app/_common/forms/directives/input/validator.js', NULL, NULL, NULL, NULL),
(3209, 6, 'M', 'app/app.js', NULL, NULL, NULL, NULL),
(3210, 6, 'M', 'app/layout/module.js', NULL, NULL, NULL, NULL),
(3211, 6, 'M', 'app/layout/partials/navigation.tpl.html', NULL, NULL, NULL, NULL),
(3212, 6, 'D', 'app/user/controllers/UserCtrl.js', NULL, NULL, NULL, NULL),
(3213, 6, 'D', 'app/user/controllers/UserModalInstanceCtrl.js', NULL, NULL, NULL, NULL),
(3214, 6, 'D', 'app/user/module.js', NULL, NULL, NULL, NULL),
(3215, 6, 'D', 'app/user/views/_form_partial.html', NULL, NULL, NULL, NULL),
(3216, 6, 'D', 'app/user/views/user.html', NULL, NULL, NULL, NULL),
(3217, 6, 'M', 'app/users/controllers/UserCtrl.js', NULL, NULL, NULL, NULL),
(3218, 6, 'M', 'app/users/controllers/UserModalInstanceCtrl.js', NULL, NULL, NULL, NULL),
(3219, 6, 'M', 'app/users/views/_form_partial.html', NULL, NULL, NULL, NULL),
(3220, 6, 'D', 'app/users/views/_form_partial2.html', NULL, NULL, NULL, NULL),
(3221, 6, 'M', 'bower.json', NULL, NULL, NULL, NULL),
(3222, 6, 'M', 'build/app.js', NULL, NULL, NULL, NULL),
(3223, 6, 'M', 'build/vendor.graphs.js', NULL, NULL, NULL, NULL),
(3224, 6, 'M', 'build/vendor.js', NULL, NULL, NULL, NULL),
(3225, 6, 'M', 'build/vendor.ui.js', NULL, NULL, NULL, NULL),
(3226, 6, 'M', 'index.html', NULL, NULL, NULL, NULL),
(3227, 6, 'M', 'styles/css/my_style.css', NULL, NULL, NULL, NULL),
(3228, 6, 'A', 'styles/css/select.css', NULL, NULL, NULL, NULL),
(3229, 7, 'M', '.idea/workspace.xml', NULL, NULL, NULL, NULL),
(3230, 7, 'A', '.jshintignore', NULL, NULL, NULL, NULL),
(3231, 7, 'A', '.jshintrc', NULL, NULL, NULL, NULL),
(3232, 7, 'M', 'api/users.json', NULL, NULL, NULL, NULL),
(3233, 7, 'M', 'app.config.js', NULL, NULL, NULL, NULL),
(3234, 7, 'M', 'app.scripts.json', NULL, NULL, NULL, NULL),
(3235, 7, 'M', 'app/app.js', NULL, NULL, NULL, NULL),
(3236, 7, 'M', 'app/secteurs/module.js', NULL, NULL, NULL, NULL),
(3237, 7, 'M', 'app/users/controllers/UserCtrl.js', NULL, NULL, NULL, NULL),
(3238, 7, 'M', 'app/users/module.js', NULL, NULL, NULL, NULL),
(3239, 7, 'M', 'app/users/views/_form_partial.html', NULL, NULL, NULL, NULL),
(3240, 7, 'M', 'bower.json', NULL, NULL, NULL, NULL),
(3241, 7, 'M', 'build/app.js', NULL, NULL, NULL, NULL),
(3242, 7, 'M', 'gulpfile.js', NULL, NULL, NULL, NULL),
(3243, 7, 'M', 'index.html', NULL, NULL, NULL, NULL),
(3244, 7, 'M', 'package.json', NULL, NULL, NULL, NULL),
(3245, 8, 'M', '.idea/workspace.xml', NULL, NULL, NULL, NULL),
(3246, 8, 'M', '.jshintignore', NULL, NULL, NULL, NULL),
(3247, 8, 'M', 'app/secteurs/controllers/SecteurCtrl.js', NULL, NULL, NULL, NULL),
(3248, 8, 'M', 'app/secteurs/module.js', NULL, NULL, NULL, NULL),
(3249, 8, 'M', 'app/secteurs/views/_form_partial.html', NULL, NULL, NULL, NULL),
(3250, 8, 'M', 'app/secteurs/views/secteurs.html', NULL, NULL, NULL, NULL),
(3251, 8, 'M', 'app/users/views/_form_partial.html', NULL, NULL, NULL, NULL),
(3252, 8, 'M', 'build/app.js', NULL, NULL, NULL, NULL),
(3253, 9, 'M', 'app/secteurs/views/_form_partial.html', NULL, NULL, NULL, NULL),
(3254, 10, 'M', '.idea/workspace.xml', NULL, NULL, NULL, NULL),
(3255, 10, 'M', '.jshintignore', NULL, NULL, NULL, NULL),
(3256, 10, 'M', 'app/layout/partials/navigation.tpl.html', NULL, NULL, NULL, NULL),
(3257, 10, 'M', 'app/structures/controllers/StructureCtrl.js', NULL, NULL, NULL, NULL),
(3258, 10, 'M', 'app/structures/module.js', NULL, NULL, NULL, NULL),
(3259, 10, 'M', 'app/structures/views/_form_partial.html', NULL, NULL, NULL, NULL),
(3260, 10, 'M', 'app/structures/views/structures.html', NULL, NULL, NULL, NULL),
(3261, 10, 'M', 'build/app.js', NULL, NULL, NULL, NULL),
(3262, 11, 'M', '.idea/workspace.xml', NULL, NULL, NULL, NULL),
(3263, 11, 'M', 'app.scripts.json', NULL, NULL, NULL, NULL),
(3264, 11, 'M', 'app/app.js', NULL, NULL, NULL, NULL),
(3265, 11, 'M', 'app/structures/views/_form_partial.html', NULL, NULL, NULL, NULL),
(3266, 11, 'M', 'app/users/controllers/UserCtrl.js', NULL, NULL, NULL, NULL),
(3267, 11, 'M', 'app/users/views/user.html', NULL, NULL, NULL, NULL),
(3268, 11, 'M', 'bower.json', NULL, NULL, NULL, NULL),
(3269, 11, 'M', 'build/app.js', NULL, NULL, NULL, NULL),
(3270, 11, 'M', 'build/vendor.js', NULL, NULL, NULL, NULL),
(3271, 12, 'M', '.idea/workspace.xml', NULL, NULL, NULL, NULL),
(3272, 12, 'M', 'app/app.js', NULL, NULL, NULL, NULL),
(3273, 12, 'M', 'build/app.js', NULL, NULL, NULL, NULL),
(3274, 13, 'M', '.idea/workspace.xml', NULL, NULL, NULL, NULL),
(3275, 13, 'M', 'app.config.js', NULL, NULL, NULL, NULL),
(3276, 13, 'M', 'app/structures/controllers/StructureCtrl.js', NULL, NULL, NULL, NULL),
(3277, 13, 'M', 'app/structures/module.js', NULL, NULL, NULL, NULL),
(3278, 13, 'A', 'app/structures/services/structure.js', NULL, NULL, NULL, NULL),
(3279, 13, 'M', 'build/app.js', NULL, NULL, NULL, NULL),
(3280, 14, 'M', '.idea/workspace.xml', NULL, NULL, NULL, NULL),
(3281, 14, 'M', 'app/structures/controllers/StructureCtrl.js', NULL, NULL, NULL, NULL),
(3282, 14, 'M', 'app/structures/services/structure.js', NULL, NULL, NULL, NULL),
(3283, 14, 'M', 'build/app.js', NULL, NULL, NULL, NULL),
(3284, 15, 'M', '.idea/workspace.xml', NULL, NULL, NULL, NULL),
(3285, 15, 'M', 'app/app.js', NULL, NULL, NULL, NULL),
(3286, 15, 'M', 'app/structures/controllers/StructureCtrl.js', NULL, NULL, NULL, NULL),
(3287, 15, 'M', 'app/structures/services/structure.js', NULL, NULL, NULL, NULL),
(3288, 15, 'M', 'app/structures/views/structures.html', NULL, NULL, NULL, NULL),
(3289, 15, 'M', 'build/app.js', NULL, NULL, NULL, NULL),
(3290, 16, 'M', '.idea/workspace.xml', NULL, NULL, NULL, NULL),
(3291, 16, 'M', 'app/structures/services/structure.js', NULL, NULL, NULL, NULL),
(3292, 16, 'M', 'build/app.js', NULL, NULL, NULL, NULL),
(3293, 17, 'A', '.gitignore', NULL, NULL, NULL, NULL),
(3294, 17, 'A', '.jshintrc', NULL, NULL, NULL, NULL),
(3295, 17, 'A', 'README.md', NULL, NULL, NULL, NULL),
(3296, 17, 'A', 'app.js', NULL, NULL, NULL, NULL),
(3297, 17, 'A', 'bin/www', NULL, NULL, NULL, NULL),
(3298, 17, 'A', 'config.js', NULL, NULL, NULL, NULL),
(3299, 17, 'A', 'gulpfile.js', NULL, NULL, NULL, NULL),
(3300, 17, 'A', 'package.json', NULL, NULL, NULL, NULL),
(3301, 17, 'A', 'routes/historique.js', NULL, NULL, NULL, NULL),
(3302, 17, 'A', 'routes/realtime.js', NULL, NULL, NULL, NULL),
(3303, 17, 'A', 'sa/historique.js', NULL, NULL, NULL, NULL),
(3304, 17, 'A', 'sa/realtime.js', NULL, NULL, NULL, NULL),
(3305, 17, 'A', 'sm/historique.js', NULL, NULL, NULL, NULL),
(3306, 17, 'A', 'sm/realtime.js', NULL, NULL, NULL, NULL),
(3307, 17, 'A', 'sr/historique.js', NULL, NULL, NULL, NULL),
(3308, 17, 'A', 'sr/pg.js', NULL, NULL, NULL, NULL),
(3309, 17, 'A', 'sr/realtime.js', NULL, NULL, NULL, NULL),
(3310, 18, 'M', '.jshintrc', NULL, NULL, NULL, NULL),
(3311, 19, 'M', 'app.js', NULL, NULL, NULL, NULL),
(3312, 19, 'M', 'gulpfile.js', NULL, NULL, NULL, NULL),
(3313, 19, 'M', 'package.json', NULL, NULL, NULL, NULL),
(3314, 19, 'D', 'routes/historique.js', NULL, NULL, NULL, NULL),
(3315, 19, 'D', 'routes/realtime.js', NULL, NULL, NULL, NULL),
(3316, 19, 'D', 'sa/historique.js', NULL, NULL, NULL, NULL),
(3317, 19, 'D', 'sa/realtime.js', NULL, NULL, NULL, NULL),
(3318, 19, 'D', 'sm/historique.js', NULL, NULL, NULL, NULL),
(3319, 19, 'D', 'sm/realtime.js', NULL, NULL, NULL, NULL),
(3320, 19, 'D', 'sr/historique.js', NULL, NULL, NULL, NULL),
(3321, 19, 'D', 'sr/realtime.js', NULL, NULL, NULL, NULL),
(3322, 20, 'M', '.gitignore', NULL, NULL, NULL, NULL),
(3323, 20, 'A', 'apidoc.json', NULL, NULL, NULL, NULL),
(3324, 20, 'A', 'db/db_v0.sql', NULL, NULL, NULL, NULL),
(3325, 20, 'A', 'doc/api_data.js', NULL, NULL, NULL, NULL),
(3326, 20, 'A', 'doc/api_data.json', NULL, NULL, NULL, NULL),
(3327, 20, 'A', 'doc/api_project.js', NULL, NULL, NULL, NULL),
(3328, 20, 'A', 'doc/api_project.json', NULL, NULL, NULL, NULL),
(3329, 20, 'A', 'doc/css/style.css', NULL, NULL, NULL, NULL),
(3330, 20, 'A', 'doc/fonts/glyphicons-halflings-regular.eot', NULL, NULL, NULL, NULL),
(3331, 20, 'A', 'doc/fonts/glyphicons-halflings-regular.svg', NULL, NULL, NULL, NULL),
(3332, 20, 'A', 'doc/fonts/glyphicons-halflings-regular.ttf', NULL, NULL, NULL, NULL),
(3333, 20, 'A', 'doc/fonts/glyphicons-halflings-regular.woff', NULL, NULL, NULL, NULL),
(3334, 20, 'A', 'doc/fonts/glyphicons-halflings-regular.woff2', NULL, NULL, NULL, NULL),
(3335, 20, 'A', 'doc/img/favicon.ico', NULL, NULL, NULL, NULL),
(3336, 20, 'A', 'doc/index.html', NULL, NULL, NULL, NULL),
(3337, 20, 'A', 'doc/locales/ca.js', NULL, NULL, NULL, NULL),
(3338, 20, 'A', 'doc/locales/de.js', NULL, NULL, NULL, NULL),
(3339, 20, 'A', 'doc/locales/es.js', NULL, NULL, NULL, NULL),
(3340, 20, 'A', 'doc/locales/fr.js', NULL, NULL, NULL, NULL),
(3341, 20, 'A', 'doc/locales/it.js', NULL, NULL, NULL, NULL),
(3342, 20, 'A', 'doc/locales/locale.js', NULL, NULL, NULL, NULL),
(3343, 20, 'A', 'doc/locales/nl.js', NULL, NULL, NULL, NULL),
(3344, 20, 'A', 'doc/locales/pl.js', NULL, NULL, NULL, NULL),
(3345, 20, 'A', 'doc/locales/pt_br.js', NULL, NULL, NULL, NULL),
(3346, 20, 'A', 'doc/locales/ro.js', NULL, NULL, NULL, NULL),
(3347, 20, 'A', 'doc/locales/ru.js', NULL, NULL, NULL, NULL),
(3348, 20, 'A', 'doc/locales/zh.js', NULL, NULL, NULL, NULL),
(3349, 20, 'A', 'doc/locales/zh_cn.js', NULL, NULL, NULL, NULL),
(3350, 20, 'A', 'doc/main.js', NULL, NULL, NULL, NULL),
(3351, 20, 'A', 'doc/utils/handlebars_helper.js', NULL, NULL, NULL, NULL),
(3352, 20, 'A', 'doc/utils/send_sample_request.js', NULL, NULL, NULL, NULL),
(3353, 20, 'A', 'doc/vendor/bootstrap.min.css', NULL, NULL, NULL, NULL),
(3354, 20, 'A', 'doc/vendor/bootstrap.min.js', NULL, NULL, NULL, NULL),
(3355, 20, 'A', 'doc/vendor/diff_match_patch.min.js', NULL, NULL, NULL, NULL),
(3356, 20, 'A', 'doc/vendor/handlebars.min.js', NULL, NULL, NULL, NULL),
(3357, 20, 'A', 'doc/vendor/jquery.min.js', NULL, NULL, NULL, NULL),
(3358, 20, 'A', 'doc/vendor/list.min.js', NULL, NULL, NULL, NULL),
(3359, 20, 'A', 'doc/vendor/lodash.custom.min.js', NULL, NULL, NULL, NULL),
(3360, 20, 'A', 'doc/vendor/path-to-regexp/LICENSE', NULL, NULL, NULL, NULL),
(3361, 20, 'A', 'doc/vendor/path-to-regexp/index.js', NULL, NULL, NULL, NULL),
(3362, 20, 'A', 'doc/vendor/polyfill.js', NULL, NULL, NULL, NULL),
(3363, 20, 'A', 'doc/vendor/prettify.css', NULL, NULL, NULL, NULL),
(3364, 20, 'A', 'doc/vendor/prettify/lang-Splus.js', NULL, NULL, NULL, NULL),
(3365, 20, 'A', 'doc/vendor/prettify/lang-aea.js', NULL, NULL, NULL, NULL),
(3366, 20, 'A', 'doc/vendor/prettify/lang-agc.js', NULL, NULL, NULL, NULL),
(3367, 20, 'A', 'doc/vendor/prettify/lang-apollo.js', NULL, NULL, NULL, NULL),
(3368, 20, 'A', 'doc/vendor/prettify/lang-basic.js', NULL, NULL, NULL, NULL),
(3369, 20, 'A', 'doc/vendor/prettify/lang-cbm.js', NULL, NULL, NULL, NULL),
(3370, 20, 'A', 'doc/vendor/prettify/lang-cl.js', NULL, NULL, NULL, NULL),
(3371, 20, 'A', 'doc/vendor/prettify/lang-clj.js', NULL, NULL, NULL, NULL),
(3372, 20, 'A', 'doc/vendor/prettify/lang-css.js', NULL, NULL, NULL, NULL),
(3373, 20, 'A', 'doc/vendor/prettify/lang-dart.js', NULL, NULL, NULL, NULL),
(3374, 20, 'A', 'doc/vendor/prettify/lang-el.js', NULL, NULL, NULL, NULL),
(3375, 20, 'A', 'doc/vendor/prettify/lang-erl.js', NULL, NULL, NULL, NULL),
(3376, 20, 'A', 'doc/vendor/prettify/lang-erlang.js', NULL, NULL, NULL, NULL),
(3377, 20, 'A', 'doc/vendor/prettify/lang-fs.js', NULL, NULL, NULL, NULL),
(3378, 20, 'A', 'doc/vendor/prettify/lang-go.js', NULL, NULL, NULL, NULL),
(3379, 20, 'A', 'doc/vendor/prettify/lang-hs.js', NULL, NULL, NULL, NULL),
(3380, 20, 'A', 'doc/vendor/prettify/lang-lasso.js', NULL, NULL, NULL, NULL),
(3381, 20, 'A', 'doc/vendor/prettify/lang-lassoscript.js', NULL, NULL, NULL, NULL),
(3382, 20, 'A', 'doc/vendor/prettify/lang-latex.js', NULL, NULL, NULL, NULL),
(3383, 20, 'A', 'doc/vendor/prettify/lang-lgt.js', NULL, NULL, NULL, NULL),
(3384, 20, 'A', 'doc/vendor/prettify/lang-lisp.js', NULL, NULL, NULL, NULL),
(3385, 20, 'A', 'doc/vendor/prettify/lang-ll.js', NULL, NULL, NULL, NULL),
(3386, 20, 'A', 'doc/vendor/prettify/lang-llvm.js', NULL, NULL, NULL, NULL),
(3387, 20, 'A', 'doc/vendor/prettify/lang-logtalk.js', NULL, NULL, NULL, NULL),
(3388, 20, 'A', 'doc/vendor/prettify/lang-ls.js', NULL, NULL, NULL, NULL),
(3389, 20, 'A', 'doc/vendor/prettify/lang-lsp.js', NULL, NULL, NULL, NULL),
(3390, 20, 'A', 'doc/vendor/prettify/lang-lua.js', NULL, NULL, NULL, NULL),
(3391, 20, 'A', 'doc/vendor/prettify/lang-matlab.js', NULL, NULL, NULL, NULL),
(3392, 20, 'A', 'doc/vendor/prettify/lang-ml.js', NULL, NULL, NULL, NULL),
(3393, 20, 'A', 'doc/vendor/prettify/lang-mumps.js', NULL, NULL, NULL, NULL),
(3394, 20, 'A', 'doc/vendor/prettify/lang-n.js', NULL, NULL, NULL, NULL),
(3395, 20, 'A', 'doc/vendor/prettify/lang-nemerle.js', NULL, NULL, NULL, NULL),
(3396, 20, 'A', 'doc/vendor/prettify/lang-pascal.js', NULL, NULL, NULL, NULL),
(3397, 20, 'A', 'doc/vendor/prettify/lang-proto.js', NULL, NULL, NULL, NULL),
(3398, 20, 'A', 'doc/vendor/prettify/lang-r.js', NULL, NULL, NULL, NULL),
(3399, 20, 'A', 'doc/vendor/prettify/lang-rd.js', NULL, NULL, NULL, NULL),
(3400, 20, 'A', 'doc/vendor/prettify/lang-rkt.js', NULL, NULL, NULL, NULL),
(3401, 20, 'A', 'doc/vendor/prettify/lang-rust.js', NULL, NULL, NULL, NULL),
(3402, 20, 'A', 'doc/vendor/prettify/lang-s.js', NULL, NULL, NULL, NULL),
(3403, 20, 'A', 'doc/vendor/prettify/lang-scala.js', NULL, NULL, NULL, NULL),
(3404, 20, 'A', 'doc/vendor/prettify/lang-scm.js', NULL, NULL, NULL, NULL),
(3405, 20, 'A', 'doc/vendor/prettify/lang-sql.js', NULL, NULL, NULL, NULL),
(3406, 20, 'A', 'doc/vendor/prettify/lang-ss.js', NULL, NULL, NULL, NULL),
(3407, 20, 'A', 'doc/vendor/prettify/lang-swift.js', NULL, NULL, NULL, NULL),
(3408, 20, 'A', 'doc/vendor/prettify/lang-tcl.js', NULL, NULL, NULL, NULL),
(3409, 20, 'A', 'doc/vendor/prettify/lang-tex.js', NULL, NULL, NULL, NULL),
(3410, 20, 'A', 'doc/vendor/prettify/lang-vb.js', NULL, NULL, NULL, NULL),
(3411, 20, 'A', 'doc/vendor/prettify/lang-vbs.js', NULL, NULL, NULL, NULL),
(3412, 20, 'A', 'doc/vendor/prettify/lang-vhd.js', NULL, NULL, NULL, NULL),
(3413, 20, 'A', 'doc/vendor/prettify/lang-vhdl.js', NULL, NULL, NULL, NULL),
(3414, 20, 'A', 'doc/vendor/prettify/lang-wiki.js', NULL, NULL, NULL, NULL),
(3415, 20, 'A', 'doc/vendor/prettify/lang-xq.js', NULL, NULL, NULL, NULL),
(3416, 20, 'A', 'doc/vendor/prettify/lang-xquery.js', NULL, NULL, NULL, NULL),
(3417, 20, 'A', 'doc/vendor/prettify/lang-yaml.js', NULL, NULL, NULL, NULL),
(3418, 20, 'A', 'doc/vendor/prettify/lang-yml.js', NULL, NULL, NULL, NULL),
(3419, 20, 'A', 'doc/vendor/prettify/prettify.css', NULL, NULL, NULL, NULL),
(3420, 20, 'A', 'doc/vendor/prettify/prettify.js', NULL, NULL, NULL, NULL),
(3421, 20, 'A', 'doc/vendor/prettify/run_prettify.js', NULL, NULL, NULL, NULL),
(3422, 20, 'A', 'doc/vendor/require.min.js', NULL, NULL, NULL, NULL),
(3423, 20, 'A', 'doc/vendor/semver.min.js', NULL, NULL, NULL, NULL),
(3424, 20, 'A', 'doc/vendor/webfontloader.js', NULL, NULL, NULL, NULL),
(3425, 20, 'A', 'messages.json', NULL, NULL, NULL, NULL),
(3426, 20, 'A', 'routes/structure.js', NULL, NULL, NULL, NULL),
(3427, 20, 'A', 'sa/structure.js', NULL, NULL, NULL, NULL),
(3428, 20, 'A', 'sm/structure.js', NULL, NULL, NULL, NULL),
(3429, 20, 'A', 'sr/structure.js', NULL, NULL, NULL, NULL),
(3430, 21, 'M', 'sr/structure.js', NULL, NULL, NULL, NULL),
(3431, 22, 'M', 'sm/structure.js', NULL, NULL, NULL, NULL),
(3432, 23, 'M', 'doc/api_data.js', NULL, NULL, NULL, NULL),
(3433, 23, 'M', 'doc/api_data.json', NULL, NULL, NULL, NULL),
(3434, 23, 'M', 'doc/api_project.js', NULL, NULL, NULL, NULL),
(3435, 23, 'M', 'doc/api_project.json', NULL, NULL, NULL, NULL),
(3436, 23, 'M', 'messages.json', NULL, NULL, NULL, NULL),
(3437, 23, 'M', 'routes/structure.js', NULL, NULL, NULL, NULL),
(3438, 23, 'M', 'sa/structure.js', NULL, NULL, NULL, NULL),
(3439, 23, 'M', 'sm/structure.js', NULL, NULL, NULL, NULL),
(3440, 23, 'M', 'sr/structure.js', NULL, NULL, NULL, NULL),
(3441, 24, 'M', 'doc/api_data.js', NULL, NULL, NULL, NULL),
(3442, 24, 'M', 'doc/api_data.json', NULL, NULL, NULL, NULL),
(3443, 24, 'M', 'doc/api_project.js', NULL, NULL, NULL, NULL),
(3444, 24, 'M', 'doc/api_project.json', NULL, NULL, NULL, NULL),
(3445, 24, 'M', 'messages.json', NULL, NULL, NULL, NULL),
(3446, 24, 'M', 'routes/structure.js', NULL, NULL, NULL, NULL),
(3447, 24, 'M', 'sa/structure.js', NULL, NULL, NULL, NULL),
(3448, 24, 'M', 'sm/structure.js', NULL, NULL, NULL, NULL),
(3449, 24, 'M', 'sr/structure.js', NULL, NULL, NULL, NULL),
(3450, 25, 'M', 'sm/structure.js', NULL, NULL, NULL, NULL),
(3451, 25, 'M', 'sr/structure.js', NULL, NULL, NULL, NULL),
(3452, 26, 'M', '.jshintrc', NULL, NULL, NULL, NULL),
(3453, 27, 'M', 'doc/api_data.js', NULL, NULL, NULL, NULL),
(3454, 27, 'M', 'doc/api_data.json', NULL, NULL, NULL, NULL),
(3455, 27, 'M', 'doc/api_project.js', NULL, NULL, NULL, NULL),
(3456, 27, 'M', 'doc/api_project.json', NULL, NULL, NULL, NULL),
(3457, 27, 'A', 'routes/utilisateur.js', NULL, NULL, NULL, NULL),
(3458, 27, 'A', 'sa/utilisateur.js', NULL, NULL, NULL, NULL),
(3459, 27, 'A', 'sm/utilisateur.js', NULL, NULL, NULL, NULL),
(3460, 27, 'A', 'sr/utilisateur.js', NULL, NULL, NULL, NULL),
(3461, 28, 'M', 'routes/structure.js', NULL, NULL, NULL, NULL),
(3462, 29, 'M', 'app.js', NULL, NULL, NULL, NULL),
(3463, 29, 'M', 'messages.json', NULL, NULL, NULL, NULL),
(3464, 29, 'M', 'routes/utilisateur.js', NULL, NULL, NULL, NULL),
(3465, 29, 'M', 'sa/structure.js', NULL, NULL, NULL, NULL),
(3466, 29, 'M', 'sa/utilisateur.js', NULL, NULL, NULL, NULL),
(3467, 29, 'M', 'sm/structure.js', NULL, NULL, NULL, NULL),
(3468, 29, 'M', 'sm/utilisateur.js', NULL, NULL, NULL, NULL),
(3469, 29, 'M', 'sr/utilisateur.js', NULL, NULL, NULL, NULL),
(3470, 30, 'M', 'doc/api_data.js', NULL, NULL, NULL, NULL),
(3471, 30, 'M', 'doc/api_data.json', NULL, NULL, NULL, NULL),
(3472, 30, 'M', 'doc/api_project.js', NULL, NULL, NULL, NULL),
(3473, 30, 'M', 'doc/api_project.json', NULL, NULL, NULL, NULL),
(3474, 30, 'M', 'routes/utilisateur.js', NULL, NULL, NULL, NULL),
(3475, 31, 'M', 'doc/api_data.js', NULL, NULL, NULL, NULL),
(3476, 31, 'M', 'doc/api_data.json', NULL, NULL, NULL, NULL),
(3477, 31, 'M', 'doc/api_project.js', NULL, NULL, NULL, NULL),
(3478, 31, 'M', 'doc/api_project.json', NULL, NULL, NULL, NULL),
(3479, 31, 'M', 'messages.json', NULL, NULL, NULL, NULL),
(3480, 31, 'M', 'routes/utilisateur.js', NULL, NULL, NULL, NULL),
(3481, 31, 'M', 'sa/utilisateur.js', NULL, NULL, NULL, NULL),
(3482, 31, 'M', 'sm/utilisateur.js', NULL, NULL, NULL, NULL),
(3483, 32, 'A', 'db/bdd_v1.backup', NULL, NULL, NULL, NULL),
(3484, 33, 'M', 'routes/structure.js', NULL, NULL, NULL, NULL),
(3485, 34, 'M', 'app.js', NULL, NULL, NULL, NULL),
(3486, 34, 'M', 'config.js', NULL, NULL, NULL, NULL),
(3487, 34, 'M', 'messages.json', NULL, NULL, NULL, NULL),
(3488, 34, 'M', 'package.json', NULL, NULL, NULL, NULL),
(3489, 34, 'M', 'routes/utilisateur.js', NULL, NULL, NULL, NULL),
(3490, 34, 'M', 'sa/utilisateur.js', NULL, NULL, NULL, NULL),
(3491, 34, 'M', 'sm/utilisateur.js', NULL, NULL, NULL, NULL),
(3492, 34, 'M', 'sr/utilisateur.js', NULL, NULL, NULL, NULL),
(3493, 35, 'M', 'routes/utilisateur.js', NULL, NULL, NULL, NULL),
(3494, 36, 'M', 'routes/structure.js', NULL, NULL, NULL, NULL),
(3495, 37, 'M', 'config.js', NULL, NULL, NULL, NULL),
(3496, 38, 'M', 'doc/api_data.js', NULL, NULL, NULL, NULL),
(3497, 38, 'M', 'doc/api_data.json', NULL, NULL, NULL, NULL),
(3498, 38, 'M', 'doc/api_project.js', NULL, NULL, NULL, NULL),
(3499, 38, 'M', 'doc/api_project.json', NULL, NULL, NULL, NULL),
(3500, 38, 'M', 'messages.json', NULL, NULL, NULL, NULL),
(3501, 38, 'M', 'routes/utilisateur.js', NULL, NULL, NULL, NULL),
(3502, 38, 'M', 'sa/utilisateur.js', NULL, NULL, NULL, NULL),
(3503, 38, 'M', 'sm/utilisateur.js', NULL, NULL, NULL, NULL),
(3504, 38, 'M', 'sr/utilisateur.js', NULL, NULL, NULL, NULL),
(3505, 39, 'M', 'app.js', NULL, NULL, NULL, NULL),
(3506, 39, 'M', 'messages.json', NULL, NULL, NULL, NULL),
(3507, 39, 'A', 'routes/secteur.js', NULL, NULL, NULL, NULL),
(3508, 39, 'A', 'sa/secteur.js', NULL, NULL, NULL, NULL),
(3509, 39, 'A', 'sm/secteur.js', NULL, NULL, NULL, NULL),
(3510, 39, 'A', 'sr/secteur.js', NULL, NULL, NULL, NULL),
(3511, 40, 'M', 'sm/structure.js', NULL, NULL, NULL, NULL),
(3512, 41, 'A', 'routes/fichier.js', NULL, NULL, NULL, NULL),
(3513, 41, 'A', 'sa/fichier.js', NULL, NULL, NULL, NULL),
(3514, 41, 'A', 'sm/fichier.js', NULL, NULL, NULL, NULL),
(3515, 41, 'A', 'sr/fichier.js', NULL, NULL, NULL, NULL),
(3516, 42, 'M', 'sm/structure.js', NULL, NULL, NULL, NULL),
(3517, 43, 'D', 'routes/fichier.js', NULL, NULL, NULL, NULL),
(3518, 43, 'D', 'sa/fichier.js', NULL, NULL, NULL, NULL),
(3519, 43, 'D', 'sm/fichier.js', NULL, NULL, NULL, NULL),
(3520, 43, 'D', 'sr/fichier.js', NULL, NULL, NULL, NULL),
(3521, 44, 'M', '.gitignore', NULL, NULL, NULL, NULL),
(3522, 44, 'M', 'sm/utilisateur.js', NULL, NULL, NULL, NULL),
(3523, 45, 'A', 'routes/fichier.js', NULL, NULL, NULL, NULL),
(3524, 45, 'A', 'sa/fichier.js', NULL, NULL, NULL, NULL),
(3525, 45, 'A', 'sm/fichier.js', NULL, NULL, NULL, NULL),
(3526, 45, 'A', 'sr/fichier.js', NULL, NULL, NULL, NULL),
(3527, 46, 'M', 'sr/fichier.js', NULL, NULL, NULL, NULL),
(3528, 47, 'M', 'messages.json', NULL, NULL, NULL, NULL),
(3529, 47, 'M', 'sa/fichier.js', NULL, NULL, NULL, NULL),
(3530, 47, 'M', 'sm/fichier.js', NULL, NULL, NULL, NULL),
(3531, 48, 'M', 'routes/fichier.js', NULL, NULL, NULL, NULL),
(3532, 48, 'M', 'sa/fichier.js', NULL, NULL, NULL, NULL),
(3533, 48, 'M', 'sm/fichier.js', NULL, NULL, NULL, NULL),
(3534, 48, 'M', 'sr/fichier.js', NULL, NULL, NULL, NULL),
(3535, 49, 'M', 'routes/fichier.js', NULL, NULL, NULL, NULL),
(3536, 49, 'M', 'sa/fichier.js', NULL, NULL, NULL, NULL),
(3537, 49, 'M', 'sm/fichier.js', NULL, NULL, NULL, NULL),
(3538, 49, 'M', 'sr/fichier.js', NULL, NULL, NULL, NULL),
(3539, 50, 'M', '.gitignore', NULL, NULL, NULL, NULL),
(3540, 50, 'M', 'app.js', NULL, NULL, NULL, NULL),
(3541, 50, 'A', 'common/common.js', NULL, NULL, NULL, NULL),
(3542, 50, 'M', 'messages.json', NULL, NULL, NULL, NULL),
(3543, 50, 'M', 'package.json', NULL, NULL, NULL, NULL),
(3544, 50, 'M', 'routes/utilisateur.js', NULL, NULL, NULL, NULL),
(3545, 50, 'M', 'sa/utilisateur.js', NULL, NULL, NULL, NULL),
(3546, 50, 'M', 'sm/structure.js', NULL, NULL, NULL, NULL),
(3547, 50, 'M', 'sm/utilisateur.js', NULL, NULL, NULL, NULL),
(3548, 50, 'M', 'sr/utilisateur.js', NULL, NULL, NULL, NULL),
(3549, 51, 'M', 'routes/utilisateur.js', NULL, NULL, NULL, NULL),
(3550, 51, 'M', 'sa/fichier.js', NULL, NULL, NULL, NULL),
(3551, 51, 'M', 'sm/fichier.js', NULL, NULL, NULL, NULL),
(3552, 52, 'M', 'messages.json', NULL, NULL, NULL, NULL),
(3553, 52, 'M', 'routes/secteur.js', NULL, NULL, NULL, NULL),
(3554, 52, 'M', 'sm/secteur.js', NULL, NULL, NULL, NULL),
(3555, 52, 'M', 'sr/secteur.js', NULL, NULL, NULL, NULL),
(3556, 54, 'M', '.idea/workspace.xml', NULL, NULL, NULL, NULL),
(3557, 54, 'M', 'app.scripts.json', NULL, NULL, NULL, NULL),
(3558, 54, 'M', 'app/app.js', NULL, NULL, NULL, NULL),
(3559, 54, 'A', 'app/auth/controllers/LoginCtrl.js', NULL, NULL, NULL, NULL),
(3560, 54, 'M', 'app/auth/directives/login-info.tpl.html', NULL, NULL, NULL, NULL),
(3561, 54, 'M', 'app/auth/directives/loginInfo.js', NULL, NULL, NULL, NULL),
(3562, 54, 'D', 'app/auth/login/LoginCtrl.js', NULL, NULL, NULL, NULL),
(3563, 54, 'D', 'app/auth/login/directives/facebookSignin.js', NULL, NULL, NULL, NULL),
(3564, 54, 'D', 'app/auth/login/directives/googleSignin.js', NULL, NULL, NULL, NULL),
(3565, 54, 'D', 'app/auth/login/login.html', NULL, NULL, NULL, NULL),
(3566, 54, 'M', 'app/auth/models/User.js', NULL, NULL, NULL, NULL),
(3567, 54, 'M', 'app/auth/module.js', NULL, NULL, NULL, NULL),
(3568, 54, 'M', 'app/auth/views/login.html', NULL, NULL, NULL, NULL),
(3569, 54, 'M', 'app/layout/module.js', NULL, NULL, NULL, NULL),
(3570, 54, 'M', 'app/layout/partials/header.tpl.html', NULL, NULL, NULL, NULL),
(3571, 54, 'M', 'app/layout/partials/navigation.tpl.html', NULL, NULL, NULL, NULL),
(3572, 54, 'M', 'app/structures/controllers/StructureCtrl.js', NULL, NULL, NULL, NULL),
(3573, 54, 'M', 'app/structures/views/structures.html', NULL, NULL, NULL, NULL),
(3574, 54, 'A', 'app/users/controllers/ParamsCtrl.js', NULL, NULL, NULL, NULL),
(3575, 54, 'M', 'app/users/controllers/UserCtrl.js', NULL, NULL, NULL, NULL),
(3576, 54, 'M', 'app/users/controllers/UserModalInstanceCtrl.js', NULL, NULL, NULL, NULL),
(3577, 54, 'M', 'app/users/module.js', NULL, NULL, NULL, NULL),
(3578, 54, 'A', 'app/users/services/user.js', NULL, NULL, NULL, NULL),
(3579, 54, 'M', 'app/users/views/_form_partial.html', NULL, NULL, NULL, NULL),
(3580, 54, 'A', 'app/users/views/params.html', NULL, NULL, NULL, NULL),
(3581, 54, 'M', 'app/users/views/user.html', NULL, NULL, NULL, NULL),
(3582, 54, 'M', 'bower.json', NULL, NULL, NULL, NULL),
(3583, 54, 'M', 'build/app.js', NULL, NULL, NULL, NULL),
(3584, 54, 'M', 'build/vendor.js', NULL, NULL, NULL, NULL),
(3585, 55, 'M', '.idea/workspace.xml', NULL, NULL, NULL, NULL),
(3586, 55, 'M', 'app/secteurs/controllers/SecteurCtrl.js', NULL, NULL, NULL, NULL),
(3587, 55, 'M', 'app/secteurs/module.js', NULL, NULL, NULL, NULL),
(3588, 55, 'A', 'app/secteurs/services/secteur.js', NULL, NULL, NULL, NULL),
(3589, 55, 'M', 'app/secteurs/views/secteurs.html', NULL, NULL, NULL, NULL),
(3590, 55, 'M', 'build/app.js', NULL, NULL, NULL, NULL),
(3591, 56, 'M', '.idea/workspace.xml', NULL, NULL, NULL, NULL),
(3592, 56, 'M', 'app/secteurs/controllers/SecteurCtrl.js', NULL, NULL, NULL, NULL),
(3593, 56, 'M', 'build/app.js', NULL, NULL, NULL, NULL),
(3594, 57, 'M', '.idea/workspace.xml', NULL, NULL, NULL, NULL),
(3595, 57, 'M', 'app/secteurs/controllers/SecteurCtrl.js', NULL, NULL, NULL, NULL),
(3596, 57, 'M', 'build/app.js', NULL, NULL, NULL, NULL),
(3597, 58, 'M', 'routes/secteur.js', NULL, NULL, NULL, NULL),
(3598, 58, 'M', 'sa/secteur.js', NULL, NULL, NULL, NULL),
(3599, 58, 'M', 'sm/secteur.js', NULL, NULL, NULL, NULL),
(3600, 59, 'M', 'app.config.js', NULL, NULL, NULL, NULL),
(3601, 60, 'M', 'app/secteurs/controllers/SecteurCtrl.js', NULL, NULL, NULL, NULL),
(3602, 60, 'M', 'app/secteurs/services/secteur.js', NULL, NULL, NULL, NULL),
(3603, 60, 'M', 'app/secteurs/views/secteurs.html', NULL, NULL, NULL, NULL),
(3604, 61, 'M', '.idea/workspace.xml', NULL, NULL, NULL, NULL),
(3605, 61, 'M', 'app/users/controllers/ParamsCtrl.js', NULL, NULL, NULL, NULL),
(3606, 61, 'M', 'app/users/module.js', NULL, NULL, NULL, NULL),
(3607, 61, 'M', 'app/users/views/params.html', NULL, NULL, NULL, NULL),
(3608, 61, 'M', 'build/app.js', NULL, NULL, NULL, NULL),
(3609, 61, 'M', 'styles/css/my_style.css', NULL, NULL, NULL, NULL),
(3610, 62, 'M', '.idea/workspace.xml', NULL, NULL, NULL, NULL),
(3611, 62, 'M', 'app/secteurs/controllers/SecteurCtrl.js', NULL, NULL, NULL, NULL),
(3612, 62, 'M', 'build/app.js', NULL, NULL, NULL, NULL),
(3613, 63, 'M', 'app/auth/models/User.js', NULL, NULL, NULL, NULL),
(3614, 64, 'M', '.idea/workspace.xml', NULL, NULL, NULL, NULL),
(3615, 64, 'A', 'app/_common/ui/filters/true_false.js', NULL, NULL, NULL, NULL),
(3616, 64, 'M', 'app/users/views/params.html', NULL, NULL, NULL, NULL),
(3617, 64, 'M', 'build/app.js', NULL, NULL, NULL, NULL),
(3618, 65, 'A', 'app/cartotheques/controllers/PhotothequeCtrl.js', NULL, NULL, NULL, NULL),
(3619, 65, 'A', 'app/cartotheques/module.js', NULL, NULL, NULL, NULL),
(3620, 65, 'A', 'app/cartotheques/views/cartotheques.html', NULL, NULL, NULL, NULL),
(3621, 66, 'A', 'app/phototheques/controllers/PhotothequeCtrl.js', NULL, NULL, NULL, NULL),
(3622, 66, 'A', 'app/phototheques/module.js', NULL, NULL, NULL, NULL),
(3623, 66, 'A', 'app/phototheques/views/phototheques.html', NULL, NULL, NULL, NULL),
(3624, 67, 'M', '.idea/workspace.xml', NULL, NULL, NULL, NULL),
(3625, 67, 'M', 'app/app.js', NULL, NULL, NULL, NULL),
(3626, 67, 'M', 'app/layout/partials/footer.tpl.html', NULL, NULL, NULL, NULL),
(3627, 67, 'M', 'app/layout/partials/navigation.tpl.html', NULL, NULL, NULL, NULL),
(3628, 67, 'M', 'build/app.js', NULL, NULL, NULL, NULL),
(3629, 68, 'M', '.idea/workspace.xml', NULL, NULL, NULL, NULL),
(3630, 68, 'M', 'app.config.js', NULL, NULL, NULL, NULL),
(3631, 68, 'M', 'app/app.js', NULL, NULL, NULL, NULL),
(3632, 68, 'M', 'app/auth/models/User.js', NULL, NULL, NULL, NULL),
(3633, 68, 'A', 'app/cartotheques/controllers/CarteModalInstanceCtrl.js', NULL, NULL, NULL, NULL),
(3634, 68, 'A', 'app/cartotheques/controllers/CartothequeCtrl.js', NULL, NULL, NULL, NULL),
(3635, 68, 'D', 'app/cartotheques/controllers/PhotothequeCtrl.js', NULL, NULL, NULL, NULL),
(3636, 68, 'A', 'app/cartotheques/services/cartotheques.js', NULL, NULL, NULL, NULL),
(3637, 68, 'A', 'app/cartotheques/views/_form_partial_carte.html', NULL, NULL, NULL, NULL),
(3638, 68, 'M', 'app/cartotheques/views/cartotheques.html', NULL, NULL, NULL, NULL),
(3639, 68, 'M', 'build/app.js', NULL, NULL, NULL, NULL),
(3640, 69, 'M', '.idea/workspace.xml', NULL, NULL, NULL, NULL),
(3641, 69, 'M', 'app.scripts.json', NULL, NULL, NULL, NULL),
(3642, 69, 'M', 'app/app.js', NULL, NULL, NULL, NULL),
(3643, 69, 'M', 'app/cartotheques/controllers/CartothequeCtrl.js', NULL, NULL, NULL, NULL),
(3644, 69, 'M', 'app/cartotheques/module.js', NULL, NULL, NULL, NULL),
(3645, 69, 'M', 'app/cartotheques/services/cartotheques.js', NULL, NULL, NULL, NULL),
(3646, 69, 'M', 'app/cartotheques/views/cartotheques.html', NULL, NULL, NULL, NULL),
(3647, 69, 'M', 'app/layout/partials/navigation.tpl.html', NULL, NULL, NULL, NULL),
(3648, 69, 'M', 'bower.json', NULL, NULL, NULL, NULL),
(3649, 69, 'M', 'build/app.js', NULL, NULL, NULL, NULL),
(3650, 69, 'M', 'build/vendor.js', NULL, NULL, NULL, NULL),
(3651, 69, 'M', 'index.html', NULL, NULL, NULL, NULL),
(3652, 69, 'M', 'styles/css/my_style.css', NULL, NULL, NULL, NULL),
(3653, 70, 'M', '.idea/workspace.xml', NULL, NULL, NULL, NULL),
(3654, 70, 'M', 'app/cartotheques/controllers/CartothequeCtrl.js', NULL, NULL, NULL, NULL),
(3655, 70, 'M', 'build/app.js', NULL, NULL, NULL, NULL),
(3656, 71, 'M', '.idea/workspace.xml', NULL, NULL, NULL, NULL),
(3657, 71, 'M', 'app/cartotheques/controllers/CartothequeCtrl.js', NULL, NULL, NULL, NULL),
(3658, 71, 'M', 'app/cartotheques/services/cartotheques.js', NULL, NULL, NULL, NULL),
(3659, 71, 'M', 'build/app.js', NULL, NULL, NULL, NULL),
(3660, 72, 'M', 'app/users/views/_form_partial.html', NULL, NULL, NULL, NULL),
(3661, 72, 'M', 'app/users/views/user.html', NULL, NULL, NULL, NULL),
(3662, 73, 'M', '.idea/workspace.xml', NULL, NULL, NULL, NULL),
(3663, 73, 'M', 'app/cartotheques/controllers/CartothequeCtrl.js', NULL, NULL, NULL, NULL),
(3664, 73, 'M', 'build/app.js', NULL, NULL, NULL, NULL),
(3665, 74, 'M', '.idea/workspace.xml', NULL, NULL, NULL, NULL),
(3666, 74, 'M', 'app/structures/views/_form_partial.html', NULL, NULL, NULL, NULL),
(3667, 75, 'M', '.idea/workspace.xml', NULL, NULL, NULL, NULL),
(3668, 75, 'M', 'app/secteurs/controllers/SecteurCtrl.js', NULL, NULL, NULL, NULL),
(3669, 75, 'M', 'app/secteurs/views/secteurs.html', NULL, NULL, NULL, NULL),
(3670, 75, 'M', 'build/app.js', NULL, NULL, NULL, NULL),
(3671, 76, 'M', '.idea/workspace.xml', NULL, NULL, NULL, NULL),
(3672, 76, 'M', 'app/secteurs/views/secteurs.html', NULL, NULL, NULL, NULL),
(3673, 76, 'M', 'app/structures/controllers/StructureCtrl.js', NULL, NULL, NULL, NULL),
(3674, 76, 'M', 'app/structures/views/structures.html', NULL, NULL, NULL, NULL),
(3675, 76, 'M', 'app/users/views/user.html', NULL, NULL, NULL, NULL),
(3676, 76, 'M', 'build/app.js', NULL, NULL, NULL, NULL),
(3677, 77, 'M', '.idea/workspace.xml', NULL, NULL, NULL, NULL),
(3678, 77, 'M', 'app/cartotheques/controllers/CartothequeCtrl.js', NULL, NULL, NULL, NULL),
(3679, 77, 'M', 'app/cartotheques/services/cartotheques.js', NULL, NULL, NULL, NULL),
(3680, 77, 'M', 'app/cartotheques/views/_form_partial_carte.html', NULL, NULL, NULL, NULL),
(3681, 77, 'M', 'build/app.js', NULL, NULL, NULL, NULL),
(3682, 78, 'M', '.idea/workspace.xml', NULL, NULL, NULL, NULL),
(3683, 78, 'M', 'app/app.js', NULL, NULL, NULL, NULL),
(3684, 78, 'M', 'app/cartotheques/module.js', NULL, NULL, NULL, NULL),
(3685, 78, 'M', 'app/secteurs/controllers/SecteurCtrl.js', NULL, NULL, NULL, NULL),
(3686, 78, 'M', 'app/structures/controllers/StructureCtrl.js', NULL, NULL, NULL, NULL),
(3687, 78, 'M', 'app/users/controllers/UserCtrl.js', NULL, NULL, NULL, NULL),
(3688, 78, 'M', 'build/app.js', NULL, NULL, NULL, NULL),
(3689, 79, 'M', '.idea/workspace.xml', NULL, NULL, NULL, NULL),
(3690, 79, 'M', 'app/cartotheques/controllers/CartothequeCtrl.js', NULL, NULL, NULL, NULL),
(3691, 79, 'M', 'app/cartotheques/services/cartotheques.js', NULL, NULL, NULL, NULL),
(3692, 79, 'M', 'build/app.js', NULL, NULL, NULL, NULL),
(3693, 79, 'M', 'styles/css/my_style.css', NULL, NULL, NULL, NULL),
(3694, 80, 'M', '.idea/workspace.xml', NULL, NULL, NULL, NULL),
(3695, 80, 'M', 'app/cartotheques/controllers/CartothequeCtrl.js', NULL, NULL, NULL, NULL),
(3696, 80, 'A', 'app/phototheques/controllers/PhotoModalInstanceCtrl.js', NULL, NULL, NULL, NULL),
(3697, 80, 'M', 'app/phototheques/controllers/PhotothequeCtrl.js', NULL, NULL, NULL, NULL),
(3698, 80, 'M', 'app/phototheques/module.js', NULL, NULL, NULL, NULL),
(3699, 80, 'A', 'app/phototheques/services/phototheques.js', NULL, NULL, NULL, NULL),
(3700, 80, 'A', 'app/phototheques/views/_form_partial_photo.html', NULL, NULL, NULL, NULL),
(3701, 80, 'M', 'app/phototheques/views/phototheques.html', NULL, NULL, NULL, NULL),
(3702, 80, 'M', 'build/app.js', NULL, NULL, NULL, NULL),
(3703, 81, 'M', '.idea/workspace.xml', NULL, NULL, NULL, NULL),
(3704, 81, 'M', 'app/users/controllers/UserCtrl.js', NULL, NULL, NULL, NULL),
(3705, 81, 'M', 'app/users/services/user.js', NULL, NULL, NULL, NULL),
(3706, 81, 'M', 'build/app.js', NULL, NULL, NULL, NULL),
(3707, 82, 'M', '.idea/workspace.xml', NULL, NULL, NULL, NULL),
(3708, 82, 'M', 'app/app.js', NULL, NULL, NULL, NULL),
(3709, 82, 'A', 'app/programmes/controllers/ProgrammeCtrl.js', NULL, NULL, NULL, NULL),
(3710, 82, 'A', 'app/programmes/controllers/ProgrammeModalInstanceCtrl.js', NULL, NULL, NULL, NULL),
(3711, 82, 'A', 'app/programmes/module.js', NULL, NULL, NULL, NULL),
(3712, 82, 'A', 'app/programmes/services/programme.js', NULL, NULL, NULL, NULL),
(3713, 82, 'A', 'app/programmes/views/_form_partial.html', NULL, NULL, NULL, NULL),
(3714, 82, 'A', 'app/programmes/views/programmes.html', NULL, NULL, NULL, NULL),
(3715, 82, 'M', 'app/secteurs/views/secteurs.html', NULL, NULL, NULL, NULL),
(3716, 82, 'M', 'app/users/views/_form_partial.html', NULL, NULL, NULL, NULL),
(3717, 82, 'M', 'build/app.js', NULL, NULL, NULL, NULL),
(3718, 83, 'M', '.idea/workspace.xml', NULL, NULL, NULL, NULL),
(3719, 83, 'M', 'app/programmes/controllers/ProgrammeCtrl.js', NULL, NULL, NULL, NULL),
(3720, 83, 'M', 'app/programmes/controllers/ProgrammeModalInstanceCtrl.js', NULL, NULL, NULL, NULL),
(3721, 83, 'M', 'app/programmes/module.js', NULL, NULL, NULL, NULL),
(3722, 83, 'M', 'app/programmes/services/programme.js', NULL, NULL, NULL, NULL),
(3723, 83, 'M', 'app/programmes/views/_form_partial.html', NULL, NULL, NULL, NULL),
(3724, 83, 'M', 'build/app.js', NULL, NULL, NULL, NULL),
(3725, 84, 'M', '.idea/workspace.xml', NULL, NULL, NULL, NULL);
INSERT INTO `changes` (`id`, `changeset_id`, `action`, `path`, `from_path`, `from_revision`, `revision`, `branch`) VALUES
(3726, 84, 'M', 'app/app.js', NULL, NULL, NULL, NULL),
(3727, 84, 'M', 'app/home/views/home.html', NULL, NULL, NULL, NULL),
(3728, 84, 'M', 'app/indicateurs/views/indicateurs.html', NULL, NULL, NULL, NULL),
(3729, 84, 'M', 'app/layout/module.js', NULL, NULL, NULL, NULL),
(3730, 84, 'M', 'app/layout/partials/navigation.tpl.html', NULL, NULL, NULL, NULL),
(3731, 84, 'A', 'app/presentations/controllers/PresentationCtrl.js', NULL, NULL, NULL, NULL),
(3732, 84, 'A', 'app/presentations/module.js', NULL, NULL, NULL, NULL),
(3733, 84, 'A', 'app/presentations/views/presentation.html', NULL, NULL, NULL, NULL),
(3734, 84, 'M', 'app/programmes/views/programmes.html', NULL, NULL, NULL, NULL),
(3735, 84, 'M', 'app/secteurs/views/secteurs.html', NULL, NULL, NULL, NULL),
(3736, 84, 'M', 'app/structures/views/structures.html', NULL, NULL, NULL, NULL),
(3737, 84, 'M', 'app/users/views/user.html', NULL, NULL, NULL, NULL),
(3738, 84, 'M', 'build/app.js', NULL, NULL, NULL, NULL),
(3739, 85, 'A', 'styles/img/carousel/agrisan.PNG', NULL, NULL, NULL, NULL),
(3740, 85, 'A', 'styles/img/carousel/partenaires.PNG', NULL, NULL, NULL, NULL),
(3741, 85, 'A', 'styles/img/carousel/senegal.PNG', NULL, NULL, NULL, NULL),
(3742, 85, 'A', 'styles/img/partenaires/ansd.jpg', NULL, NULL, NULL, NULL),
(3743, 85, 'A', 'styles/img/partenaires/clm.png', NULL, NULL, NULL, NULL),
(3744, 85, 'A', 'styles/img/partenaires/csa.png', NULL, NULL, NULL, NULL),
(3745, 85, 'A', 'styles/img/partenaires/da.png', NULL, NULL, NULL, NULL),
(3746, 85, 'A', 'styles/img/partenaires/dapsa.png', NULL, NULL, NULL, NULL),
(3747, 85, 'A', 'styles/img/partenaires/dpve.png', NULL, NULL, NULL, NULL),
(3748, 85, 'A', 'styles/img/partenaires/eau_et_foret.png', NULL, NULL, NULL, NULL),
(3749, 85, 'A', 'styles/img/partenaires/fao.png', NULL, NULL, NULL, NULL),
(3750, 85, 'A', 'styles/img/partenaires/inp.png', NULL, NULL, NULL, NULL),
(3751, 85, 'A', 'styles/img/partenaires/mefp.png', NULL, NULL, NULL, NULL),
(3752, 85, 'A', 'styles/img/partenaires/secnsa.png', NULL, NULL, NULL, NULL),
(3753, 85, 'A', 'styles/img/presentation/contexte.png', NULL, NULL, NULL, NULL),
(3754, 85, 'A', 'styles/img/presentation/resultat.jpg', NULL, NULL, NULL, NULL),
(3755, 85, 'A', 'styles/img/presentation/ue.jpg', NULL, NULL, NULL, NULL),
(3756, 86, 'M', '.idea/workspace.xml', NULL, NULL, NULL, NULL),
(3757, 86, 'M', 'app/app.js', NULL, NULL, NULL, NULL),
(3758, 86, 'M', 'app/indicateurs/controllers/IndicateurCtrl.js', NULL, NULL, NULL, NULL),
(3759, 86, 'A', 'app/indicateurs/controllers/IndicateurDetailCtrl.js', NULL, NULL, NULL, NULL),
(3760, 86, 'M', 'app/indicateurs/controllers/IndicateurModalInstanceCtrl.js', NULL, NULL, NULL, NULL),
(3761, 86, 'M', 'app/indicateurs/module.js', NULL, NULL, NULL, NULL),
(3762, 86, 'A', 'app/indicateurs/services/indicateurs.js', NULL, NULL, NULL, NULL),
(3763, 86, 'M', 'app/indicateurs/views/_form_partial.html', NULL, NULL, NULL, NULL),
(3764, 86, 'A', 'app/indicateurs/views/indicateurDetail.html', NULL, NULL, NULL, NULL),
(3765, 86, 'M', 'app/indicateurs/views/indicateurs.html', NULL, NULL, NULL, NULL),
(3766, 86, 'M', 'build/app.js', NULL, NULL, NULL, NULL),
(3767, 86, 'M', 'index.html', NULL, NULL, NULL, NULL),
(3768, 86, 'A', 'styles/css/ol.css', NULL, NULL, NULL, NULL),
(3769, 87, 'M', '.idea/workspace.xml', NULL, NULL, NULL, NULL),
(3770, 87, 'M', 'app/app.js', NULL, NULL, NULL, NULL),
(3771, 87, 'M', 'app/cartotheques/controllers/CartothequeCtrl.js', NULL, NULL, NULL, NULL),
(3772, 87, 'M', 'app/cartotheques/views/cartotheques.html', NULL, NULL, NULL, NULL),
(3773, 87, 'M', 'app/indicateurs/controllers/IndicateurCtrl.js', NULL, NULL, NULL, NULL),
(3774, 87, 'M', 'app/indicateurs/controllers/IndicateurDetailCtrl.js', NULL, NULL, NULL, NULL),
(3775, 87, 'M', 'app/indicateurs/views/indicateurDetail.html', NULL, NULL, NULL, NULL),
(3776, 87, 'M', 'app/indicateurs/views/indicateurs.html', NULL, NULL, NULL, NULL),
(3777, 87, 'M', 'app/layout/partials/footer.tpl.html', NULL, NULL, NULL, NULL),
(3778, 87, 'M', 'app/layout/partials/navigation.tpl.html', NULL, NULL, NULL, NULL),
(3779, 87, 'M', 'app/phototheques/controllers/PhotothequeCtrl.js', NULL, NULL, NULL, NULL),
(3780, 87, 'M', 'app/phototheques/views/phototheques.html', NULL, NULL, NULL, NULL),
(3781, 87, 'M', 'build/app.js', NULL, NULL, NULL, NULL),
(3782, 87, 'M', 'styles/css/my_style.css', NULL, NULL, NULL, NULL),
(3783, 88, 'M', '.idea/workspace.xml', NULL, NULL, NULL, NULL),
(3784, 88, 'M', 'app/app.js', NULL, NULL, NULL, NULL),
(3785, 88, 'M', 'app/presentations/controllers/PresentationCtrl.js', NULL, NULL, NULL, NULL),
(3786, 88, 'M', 'app/presentations/views/presentation.html', NULL, NULL, NULL, NULL),
(3787, 88, 'M', 'build/app.js', NULL, NULL, NULL, NULL),
(3788, 88, 'M', 'styles/css/my_style.css', NULL, NULL, NULL, NULL),
(3789, 89, 'M', '.idea/workspace.xml', NULL, NULL, NULL, NULL),
(3790, 89, 'M', 'app/layout/partials/navigation.tpl.html', NULL, NULL, NULL, NULL),
(3791, 89, 'A', 'app/programmes/controllers/programmeDetailCtrl.js', NULL, NULL, NULL, NULL),
(3792, 89, 'M', 'app/programmes/module.js', NULL, NULL, NULL, NULL),
(3793, 89, 'A', 'app/programmes/views/programmeDetail.html', NULL, NULL, NULL, NULL),
(3794, 89, 'M', 'app/programmes/views/programmes.html', NULL, NULL, NULL, NULL),
(3795, 89, 'M', 'build/app.js', NULL, NULL, NULL, NULL),
(3796, 90, 'M', '.idea/workspace.xml', NULL, NULL, NULL, NULL),
(3797, 90, 'M', 'app.config.js', NULL, NULL, NULL, NULL),
(3798, 90, 'M', 'app.scripts.json', NULL, NULL, NULL, NULL),
(3799, 90, 'M', 'app/cartotheques/views/cartotheques.html', NULL, NULL, NULL, NULL),
(3800, 90, 'M', 'app/indicateurs/controllers/IndicateurDetailCtrl.js', NULL, NULL, NULL, NULL),
(3801, 90, 'A', 'app/indicateurs/controllers/LegendModalInstanceCtrl.js', NULL, NULL, NULL, NULL),
(3802, 90, 'A', 'app/indicateurs/controllers/infos.js', NULL, NULL, NULL, NULL),
(3803, 90, 'A', 'app/indicateurs/directives/map/map.html', NULL, NULL, NULL, NULL),
(3804, 90, 'A', 'app/indicateurs/directives/map/map.js', NULL, NULL, NULL, NULL),
(3805, 90, 'M', 'app/indicateurs/services/indicateurs.js', NULL, NULL, NULL, NULL),
(3806, 90, 'A', 'app/indicateurs/services/legends.js', NULL, NULL, NULL, NULL),
(3807, 90, 'A', 'app/indicateurs/views/_form_partial_legend.html', NULL, NULL, NULL, NULL),
(3808, 90, 'M', 'app/indicateurs/views/indicateurDetail.html', NULL, NULL, NULL, NULL),
(3809, 90, 'M', 'app/indicateurs/views/indicateurs.html', NULL, NULL, NULL, NULL),
(3810, 90, 'A', 'app/indicateurs/views/infos.html', NULL, NULL, NULL, NULL),
(3811, 90, 'M', 'app/layout/partials/navigation.tpl.html', NULL, NULL, NULL, NULL),
(3812, 90, 'M', 'app/phototheques/views/phototheques.html', NULL, NULL, NULL, NULL),
(3813, 90, 'M', 'app/programmes/module.js', NULL, NULL, NULL, NULL),
(3814, 90, 'M', 'app/programmes/views/programmeDetail.html', NULL, NULL, NULL, NULL),
(3815, 90, 'M', 'app/programmes/views/programmes.html', NULL, NULL, NULL, NULL),
(3816, 90, 'A', 'app/secteurs/controllers/secteurDetailCtrl.js', NULL, NULL, NULL, NULL),
(3817, 90, 'M', 'app/secteurs/module.js', NULL, NULL, NULL, NULL),
(3818, 90, 'A', 'app/secteurs/views/secteurDetail.html', NULL, NULL, NULL, NULL),
(3819, 90, 'M', 'app/secteurs/views/secteurs.html', NULL, NULL, NULL, NULL),
(3820, 90, 'M', 'app/structures/views/_form_partial.html', NULL, NULL, NULL, NULL),
(3821, 90, 'M', 'app/structures/views/structures.html', NULL, NULL, NULL, NULL),
(3822, 90, 'M', 'app/users/views/_form_partial.html', NULL, NULL, NULL, NULL),
(3823, 90, 'M', 'app/users/views/user.html', NULL, NULL, NULL, NULL),
(3824, 90, 'M', 'bower.json', NULL, NULL, NULL, NULL),
(3825, 90, 'M', 'build/app.js', NULL, NULL, NULL, NULL),
(3826, 90, 'M', 'build/vendor.graphs.js', NULL, NULL, NULL, NULL),
(3827, 90, 'M', 'build/vendor.js', NULL, NULL, NULL, NULL),
(3828, 90, 'M', 'index.html', NULL, NULL, NULL, NULL),
(3829, 90, 'M', 'styles/css/my_style.css', NULL, NULL, NULL, NULL),
(3830, 91, 'M', '.idea/agrisan-front.iml', NULL, NULL, NULL, NULL),
(3831, 91, 'D', '.idea/libraries/action_ue_front_node_modules.xml', NULL, NULL, NULL, NULL),
(3832, 91, 'M', '.idea/workspace.xml', NULL, NULL, NULL, NULL),
(3833, 91, 'M', 'app.config.js', NULL, NULL, NULL, NULL),
(3834, 91, 'M', 'build/app.js', NULL, NULL, NULL, NULL),
(3835, 91, 'M', 'build/vendor.datatables.js', NULL, NULL, NULL, NULL),
(3836, 91, 'M', 'build/vendor.graphs.js', NULL, NULL, NULL, NULL),
(3837, 91, 'M', 'build/vendor.js', NULL, NULL, NULL, NULL),
(3838, 91, 'M', 'build/vendor.ui.js', NULL, NULL, NULL, NULL),
(3839, 92, 'M', '.idea/workspace.xml', NULL, NULL, NULL, NULL),
(3840, 92, 'M', 'app/indicateurs/controllers/IndicateurDetailCtrl.js', NULL, NULL, NULL, NULL),
(3841, 92, 'M', 'app/indicateurs/directives/map/map.js', NULL, NULL, NULL, NULL),
(3842, 92, 'M', 'app/indicateurs/services/indicateurs.js', NULL, NULL, NULL, NULL),
(3843, 92, 'M', 'app/indicateurs/views/indicateurDetail.html', NULL, NULL, NULL, NULL),
(3844, 92, 'M', 'build/app.js', NULL, NULL, NULL, NULL),
(3845, 93, 'A', 'app/presentations/views/contexte.html', NULL, NULL, NULL, NULL),
(3846, 94, 'A', 'app/presentations/views/contacts.html', NULL, NULL, NULL, NULL),
(3847, 95, 'A', 'app/presentations/views/objectifs.html', NULL, NULL, NULL, NULL),
(3848, 96, 'A', 'app/presentations/views/resultats.html', NULL, NULL, NULL, NULL),
(3849, 97, 'M', 'app/presentations/views/presentation.html', NULL, NULL, NULL, NULL),
(3850, 98, 'M', 'app/presentations/module.js', NULL, NULL, NULL, NULL),
(3851, 99, 'A', 'app/presentations/controllers/ContexteCtrl.js', NULL, NULL, NULL, NULL),
(3852, 100, 'A', 'app/presentations/controllers/ContactCtrl.js', NULL, NULL, NULL, NULL),
(3853, 101, 'A', 'app/presentations/controllers/ObjectifsCtrl.js', NULL, NULL, NULL, NULL),
(3854, 102, 'A', 'app/presentations/controllers/ResultatCtrl.js', NULL, NULL, NULL, NULL),
(3855, 103, 'M', '.idea/workspace.xml', NULL, NULL, NULL, NULL),
(3856, 103, 'M', 'app.config.js', NULL, NULL, NULL, NULL),
(3857, 103, 'M', 'app.scripts.json', NULL, NULL, NULL, NULL),
(3858, 103, 'M', 'app/app.js', NULL, NULL, NULL, NULL),
(3859, 103, 'M', 'app/indicateurs/controllers/IndicateurDetailCtrl.js', NULL, NULL, NULL, NULL),
(3860, 103, 'M', 'app/indicateurs/directives/map/map.html', NULL, NULL, NULL, NULL),
(3861, 103, 'M', 'app/indicateurs/directives/map/map.js', NULL, NULL, NULL, NULL),
(3862, 103, 'M', 'app/indicateurs/services/indicateurs.js', NULL, NULL, NULL, NULL),
(3863, 103, 'M', 'app/indicateurs/views/indicateurDetail.html', NULL, NULL, NULL, NULL),
(3864, 103, 'M', 'bower.json', NULL, NULL, NULL, NULL),
(3865, 103, 'M', 'build/app.js', NULL, NULL, NULL, NULL),
(3866, 103, 'M', 'build/vendor.js', NULL, NULL, NULL, NULL),
(3867, 103, 'M', 'index.html', NULL, NULL, NULL, NULL),
(3868, 103, 'M', 'styles/css/my_style.css', NULL, NULL, NULL, NULL),
(3869, 104, 'A', 'libs/alasql.min.js', NULL, NULL, NULL, NULL),
(3870, 104, 'A', 'libs/xlsx.core.min.js', NULL, NULL, NULL, NULL),
(3871, 105, 'M', '.idea/workspace.xml', NULL, NULL, NULL, NULL),
(3872, 105, 'M', 'app/indicateurs/controllers/IndicateurDetailCtrl.js', NULL, NULL, NULL, NULL),
(3873, 105, 'A', 'app/indicateurs/controllers/IndicateurPeriodModalInstanceCtrl.js', NULL, NULL, NULL, NULL),
(3874, 105, 'M', 'app/indicateurs/directives/map/map.html', NULL, NULL, NULL, NULL),
(3875, 105, 'M', 'app/indicateurs/services/indicateurs.js', NULL, NULL, NULL, NULL),
(3876, 105, 'A', 'app/indicateurs/views/_form_partial_period.html', NULL, NULL, NULL, NULL),
(3877, 105, 'M', 'app/indicateurs/views/indicateurDetail.html', NULL, NULL, NULL, NULL),
(3878, 105, 'M', 'app/structures/views/structures.html', NULL, NULL, NULL, NULL),
(3879, 105, 'M', 'build/app.js', NULL, NULL, NULL, NULL),
(3880, 106, 'M', '.idea/workspace.xml', NULL, NULL, NULL, NULL),
(3881, 106, 'M', 'app/indicateurs/controllers/IndicateurDetailCtrl.js', NULL, NULL, NULL, NULL),
(3882, 106, 'M', 'app/indicateurs/directives/map/map.html', NULL, NULL, NULL, NULL),
(3883, 106, 'M', 'app/indicateurs/directives/map/map.js', NULL, NULL, NULL, NULL),
(3884, 106, 'M', 'app/indicateurs/services/indicateurs.js', NULL, NULL, NULL, NULL),
(3885, 106, 'M', 'app/indicateurs/views/indicateurDetail.html', NULL, NULL, NULL, NULL),
(3886, 106, 'M', 'app/layout/partials/header.tpl.html', NULL, NULL, NULL, NULL),
(3887, 106, 'A', 'app/presentations/controllers/ContactCtrl.js', NULL, NULL, NULL, NULL),
(3888, 106, 'A', 'app/presentations/controllers/ContexteCtrl.js', NULL, NULL, NULL, NULL),
(3889, 106, 'A', 'app/presentations/controllers/ObjectifsCtrl.js', NULL, NULL, NULL, NULL),
(3890, 106, 'A', 'app/presentations/controllers/ResultatCtrl.js', NULL, NULL, NULL, NULL),
(3891, 106, 'M', 'app/presentations/module.js', NULL, NULL, NULL, NULL),
(3892, 106, 'A', 'app/presentations/views/contacts.html', NULL, NULL, NULL, NULL),
(3893, 106, 'A', 'app/presentations/views/contexte.html', NULL, NULL, NULL, NULL),
(3894, 106, 'A', 'app/presentations/views/objectifs.html', NULL, NULL, NULL, NULL),
(3895, 106, 'M', 'app/presentations/views/presentation.html', NULL, NULL, NULL, NULL),
(3896, 106, 'A', 'app/presentations/views/resultats.html', NULL, NULL, NULL, NULL),
(3897, 106, 'M', 'build/app.js', NULL, NULL, NULL, NULL),
(3898, 106, 'M', 'styles/css/my_style.css', NULL, NULL, NULL, NULL),
(3899, 107, 'A', 'api/donneeNat.json', NULL, NULL, NULL, NULL),
(3900, 108, 'A', 'api/donneeReg.json', NULL, NULL, NULL, NULL),
(3901, 109, 'A', 'api/donneeDep.json', NULL, NULL, NULL, NULL),
(3902, 110, 'A', 'api/donneeCom.json', NULL, NULL, NULL, NULL),
(3903, 111, 'A', 'app/indicateurs/controllers/NationalCtrl.js', NULL, NULL, NULL, NULL),
(3904, 112, 'A', 'app/indicateurs/directives/national/national.js', NULL, NULL, NULL, NULL),
(3905, 113, 'A', 'app/indicateurs/directives/national/national.html', NULL, NULL, NULL, NULL),
(3906, 114, 'M', 'app/indicateurs/views/indicateurDetail.html', NULL, NULL, NULL, NULL),
(3907, 115, 'M', '.idea/workspace.xml', NULL, NULL, NULL, NULL),
(3908, 115, 'M', 'app/auth/controllers/LoginCtrl.js', NULL, NULL, NULL, NULL),
(3909, 115, 'A', 'app/indicateurs/controllers/ImportDataModalInstanceCtrl.js', NULL, NULL, NULL, NULL),
(3910, 115, 'M', 'app/indicateurs/controllers/IndicateurDetailCtrl.js', NULL, NULL, NULL, NULL),
(3911, 115, 'M', 'app/indicateurs/directives/map/map.html', NULL, NULL, NULL, NULL),
(3912, 115, 'M', 'app/indicateurs/directives/map/map.js', NULL, NULL, NULL, NULL),
(3913, 115, 'M', 'app/indicateurs/services/indicateurs.js', NULL, NULL, NULL, NULL),
(3914, 115, 'A', 'app/indicateurs/views/import_data.html', NULL, NULL, NULL, NULL),
(3915, 115, 'M', 'app/indicateurs/views/indicateurDetail.html', NULL, NULL, NULL, NULL),
(3916, 115, 'M', 'app/layout/module.js', NULL, NULL, NULL, NULL),
(3917, 115, 'M', 'build/app.js', NULL, NULL, NULL, NULL),
(3918, 116, 'M', '.idea/workspace.xml', NULL, NULL, NULL, NULL),
(3919, 116, 'M', 'app/indicateurs/controllers/IndicateurDetailCtrl.js', NULL, NULL, NULL, NULL),
(3920, 116, 'M', 'app/indicateurs/views/indicateurDetail.html', NULL, NULL, NULL, NULL),
(3921, 116, 'M', 'app/indicateurs/views/indicateurs.html', NULL, NULL, NULL, NULL),
(3922, 116, 'M', 'app/layout/partials/navigation.tpl.html', NULL, NULL, NULL, NULL),
(3923, 116, 'M', 'app/presentations/views/contexte.html', NULL, NULL, NULL, NULL),
(3924, 116, 'M', 'app/presentations/views/objectifs.html', NULL, NULL, NULL, NULL),
(3925, 116, 'M', 'app/presentations/views/presentation.html', NULL, NULL, NULL, NULL),
(3926, 116, 'M', 'app/presentations/views/resultats.html', NULL, NULL, NULL, NULL),
(3927, 116, 'M', 'app/structures/views/_form_partial.html', NULL, NULL, NULL, NULL),
(3928, 116, 'M', 'app/structures/views/structures.html', NULL, NULL, NULL, NULL),
(3929, 116, 'M', 'build/app.js', NULL, NULL, NULL, NULL),
(3930, 116, 'M', 'styles/css/my_style.css', NULL, NULL, NULL, NULL),
(3931, 117, 'M', 'app/indicateurs/controllers/NationalCtrl.js', NULL, NULL, NULL, NULL),
(3932, 118, 'M', 'app/indicateurs/directives/national/national.html', NULL, NULL, NULL, NULL),
(3933, 119, 'M', 'app/indicateurs/directives/national/national.js', NULL, NULL, NULL, NULL);

-- --------------------------------------------------------

--
-- Structure de la table `changeset_parents`
--

CREATE TABLE `changeset_parents` (
  `changeset_id` int(11) NOT NULL,
  `parent_id` int(11) NOT NULL
) ENGINE=InnoDB DEFAULT CHARSET=latin1;

--
-- Contenu de la table `changeset_parents`
--

INSERT INTO `changeset_parents` (`changeset_id`, `parent_id`) VALUES
(2, 1),
(3, 2),
(4, 3),
(5, 4),
(6, 5),
(7, 6),
(8, 7),
(9, 8),
(10, 9),
(11, 10),
(12, 11),
(13, 12),
(14, 13),
(15, 14),
(16, 15),
(18, 17),
(19, 18),
(20, 19),
(21, 20),
(22, 21),
(23, 22),
(24, 23),
(25, 24),
(26, 25),
(27, 26),
(28, 27),
(29, 28),
(30, 29),
(31, 30),
(32, 31),
(33, 32),
(34, 33),
(35, 34),
(36, 35),
(37, 36),
(38, 37),
(39, 38),
(40, 38),
(41, 40),
(42, 41),
(43, 42),
(44, 43),
(45, 44),
(46, 45),
(47, 46),
(48, 47),
(49, 48),
(50, 49),
(51, 50),
(52, 39),
(53, 52),
(53, 51),
(54, 16),
(55, 54),
(56, 55),
(57, 56),
(58, 53),
(59, 57),
(60, 59),
(61, 60),
(62, 61),
(63, 62),
(64, 63),
(65, 64),
(66, 65),
(67, 66),
(68, 67),
(69, 68),
(70, 69),
(71, 70),
(72, 71),
(73, 72),
(74, 73),
(75, 74),
(76, 75),
(77, 76),
(78, 77),
(79, 78),
(80, 79),
(81, 80),
(82, 81),
(83, 82),
(84, 83),
(85, 84),
(86, 85),
(87, 86),
(88, 87),
(89, 88),
(90, 89),
(91, 90),
(92, 90),
(93, 91),
(94, 93),
(95, 94),
(96, 95),
(97, 96),
(98, 97),
(99, 98),
(100, 99),
(101, 100),
(102, 101),
(103, 92),
(104, 103),
(105, 104),
(106, 105),
(107, 102),
(108, 107),
(109, 108),
(110, 109),
(111, 110),
(112, 111),
(113, 112),
(114, 113),
(115, 106),
(116, 115),
(117, 114),
(118, 117),
(119, 118);

-- --------------------------------------------------------

--
-- Structure de la table `changesets`
--

CREATE TABLE `changesets` (
  `id` int(11) NOT NULL,
  `repository_id` int(11) NOT NULL,
  `revision` varchar(255) NOT NULL,
  `committer` varchar(255) DEFAULT NULL,
  `committed_on` datetime NOT NULL,
  `comments` longtext,
  `commit_date` date DEFAULT NULL,
  `scmid` varchar(255) DEFAULT NULL,
  `user_id` int(11) DEFAULT NULL
) ENGINE=InnoDB DEFAULT CHARSET=latin1;

--
-- Contenu de la table `changesets`
--

INSERT INTO `changesets` (`id`, `repository_id`, `revision`, `committer`, `committed_on`, `comments`, `commit_date`, `scmid`, `user_id`) VALUES
(1, 4, 'bc6f2aa077bff3d8fcdccfeb2edc0e0fed80971b', 'apdiop <apdiop>', '2017-03-08 09:26:01', 'Init app', '2017-03-08', 'bc6f2aa077bff3d8fcdccfeb2edc0e0fed80971b', 1),
(2, 4, '47d9bc0a38a5e38a970df22dceabb333906847d3', 'apdiop <apdiop>', '2017-03-08 09:33:21', 'update project name', '2017-03-08', '47d9bc0a38a5e38a970df22dceabb333906847d3', 1),
(3, 4, '6264ffe8b193363ac7cef5d59344b677626f9c43', 'apdiop <apdiop>', '2017-03-08 09:34:19', 'Ignore .idea directory', '2017-03-08', '6264ffe8b193363ac7cef5d59344b677626f9c43', 1),
(4, 4, '543529a69cf9ca8a83571919c0c7c62d71f176a0', 'apdiop <apdiop>', '2017-03-08 09:35:28', 'update project name on bower and package json', '2017-03-08', '543529a69cf9ca8a83571919c0c7c62d71f176a0', 1),
(5, 4, 'd99252548c20d56853ad12cf4f884f3bc7a4754f', 'apdiop <apdiop88@gmail.com>', '2017-03-08 09:38:10', 'Ignore build files', '2017-03-08', 'd99252548c20d56853ad12cf4f884f3bc7a4754f', NULL),
(6, 4, '0ca19f9515f28cf478b2a2f08737045b56798699', 'apdiop <apdiop88@gmail.com>', '2017-03-08 17:34:58', 'Gestion des utilisateurs', '2017-03-08', '0ca19f9515f28cf478b2a2f08737045b56798699', NULL),
(7, 4, 'e2a836318e40c2665611eddaf56c4842dc6bba52', 'apdiop <apdiop88@gmail.com>', '2017-03-13 08:47:05', 'Add jsHint', '2017-03-13', 'e2a836318e40c2665611eddaf56c4842dc6bba52', NULL),
(8, 4, '7a53eb233716af1b75c14ea4b172d789e4a68185', 'apdiop <apdiop88@gmail.com>', '2017-03-13 09:37:40', 'refs #87 - UI - Ajouter un secteur', '2017-03-13', '7a53eb233716af1b75c14ea4b172d789e4a68185', NULL),
(9, 4, 'eba9685b0a6836157ae0fec42c3378f39cab671c', 'apdiop <apdiop88@gmail.com>', '2017-03-13 09:55:14', 'Update title', '2017-03-13', 'eba9685b0a6836157ae0fec42c3378f39cab671c', NULL),
(10, 4, '0c5153c1b726e8977f5c5b36662f5a44095cd58d', 'apdiop <apdiop88@gmail.com>', '2017-03-13 09:55:47', 'refs #64: Gestion des structures', '2017-03-13', '0c5153c1b726e8977f5c5b36662f5a44095cd58d', NULL),
(11, 4, '83d5b77ad1852435081f8b9e3d1b2f0d7ca01671', 'apdiop <apdiop88@gmail.com>', '2017-03-13 14:55:52', 'Update user form', '2017-03-13', '83d5b77ad1852435081f8b9e3d1b2f0d7ca01671', NULL),
(12, 4, 'e45f5ad637d967c68592d1b5f1864c24f3e5b052', 'apdiop <apdiop88@gmail.com>', '2017-04-04 08:24:39', 'remove ui-mask dependencie', '2017-04-04', 'e45f5ad637d967c68592d1b5f1864c24f3e5b052', NULL),
(13, 4, '87ff22086b697bdbaec08e9cb44bf7b402ddef89', 'apdiop <apdiop88@gmail.com>', '2017-04-04 13:43:21', 'branchement list strctures', '2017-04-04', '87ff22086b697bdbaec08e9cb44bf7b402ddef89', NULL),
(14, 4, '3430a8ba15b85f8f705d499474fae99e0f5daa4f', 'apdiop <apdiop88@gmail.com>', '2017-04-04 13:47:52', 'branchement list strctures', '2017-04-04', '3430a8ba15b85f8f705d499474fae99e0f5daa4f', NULL),
(15, 4, '11b49e5c6d80b3d39de2418a9934993f6eee166e', 'apdiop <apdiop88@gmail.com>', '2017-04-04 14:20:20', 'branchemenet désactivation structure', '2017-04-04', '11b49e5c6d80b3d39de2418a9934993f6eee166e', NULL),
(16, 4, '8c4e72912ba794c5261f98a573160197112b470a', 'apdiop <apdiop88@gmail.com>', '2017-04-04 14:39:05', 'add active structure in service file', '2017-04-04', '8c4e72912ba794c5261f98a573160197112b470a', NULL),
(17, 5, '942bc02a1bc7978ce1863e706857b6aff29c8b1a', 'apdiop <apdiop>', '2017-04-04 08:32:15', 'Init agrisan api', '2017-04-04', '942bc02a1bc7978ce1863e706857b6aff29c8b1a', 1),
(18, 5, '86edba9198c24bdf551d1a6ec65e36a258b22a5b', 'apdiop <apdiop>', '2017-04-04 08:55:54', 'update jshintrc', '2017-04-04', '86edba9198c24bdf551d1a6ec65e36a258b22a5b', 1),
(19, 5, 'a6ecb754caa5fcfbcfc41fd6d58171aa89d3c95f', 'apdiop <apdiop>', '2017-04-04 12:58:38', 'CRUD structure', '2017-04-04', 'a6ecb754caa5fcfbcfc41fd6d58171aa89d3c95f', 1),
(20, 5, '0f06dde65683a1671f6bf78e7bc094d8f226fc6d', 'apdiop <apdiop>', '2017-04-04 12:59:31', 'CRUD structure', '2017-04-04', '0f06dde65683a1671f6bf78e7bc094d8f226fc6d', 1),
(21, 5, '2e008a784710c7e2d652ce161a08cfb1753bd274', 'apdiop <apdiop>', '2017-04-04 13:47:38', 'order returned structures', '2017-04-04', '2e008a784710c7e2d652ce161a08cfb1753bd274', 1),
(22, 5, '34dd508f217dc95ddd2b01320b47bf938c9efa82', 'apdiop <apdiop>', '2017-04-04 13:55:33', 'send error code 409 when resource already exists', '2017-04-04', '34dd508f217dc95ddd2b01320b47bf938c9efa82', 1),
(23, 5, 'c132087397e83434c90949593b28cad58d1e009a', 'apdiop <apdiop>', '2017-04-04 14:19:53', 'Deactivate structure', '2017-04-04', 'c132087397e83434c90949593b28cad58d1e009a', 1),
(24, 5, '2be04fe146ccd28f313cfa0bae18bc73085fcdaf', 'apdiop <apdiop>', '2017-04-04 14:38:33', 'Activate structure', '2017-04-04', '2be04fe146ccd28f313cfa0bae18bc73085fcdaf', 1),
(25, 5, '3d6671bb324986a36cce3f8555ac01ad2c4781d2', 'apdiop <apdiop>', '2017-04-05 08:26:04', 'Add update date_modification', '2017-04-05', '3d6671bb324986a36cce3f8555ac01ad2c4781d2', 1),
(26, 5, '54858fe25ba7878915d226378fabc42d4c53e346', 'apdiop <apdiop>', '2017-04-05 08:26:49', 'Ignore not camel case', '2017-04-05', '54858fe25ba7878915d226378fabc42d4c53e346', 1),
(27, 5, '2ae009aba24154dd997c98623c87cd511692954d', 'apdiop <apdiop>', '2017-04-05 08:27:43', 'init Gestion des utilisateurs', '2017-04-05', '2ae009aba24154dd997c98623c87cd511692954d', 1),
(28, 5, '6d3521e8e47d77219704cddf831dea13c87d89c9', 'apdiop <apdiop>', '2017-04-05 08:51:27', 'Update api doc create structure success message', '2017-04-05', '6d3521e8e47d77219704cddf831dea13c87d89c9', 1),
(29, 5, 'ad0192531b32550066898bf98177723e5a9f29cb', 'apdiop <apdiop>', '2017-04-05 09:14:29', 'Create ''utilisateur''', '2017-04-05', 'ad0192531b32550066898bf98177723e5a9f29cb', 1),
(30, 5, 'efad7768123495366ece600ede1897f59a2b2e73', 'apdiop <apdiop>', '2017-04-05 09:28:38', 'Get all and one ''utilisateur''', '2017-04-05', 'efad7768123495366ece600ede1897f59a2b2e73', 1),
(31, 5, '760d46a714cd8d6c51afa60cd7f50af926b9f2f6', 'apdiop <apdiop>', '2017-04-05 11:12:38', 'Update  ''utilisateur''', '2017-04-05', '760d46a714cd8d6c51afa60cd7f50af926b9f2f6', 1),
(32, 5, 'c4c4346b45fcdcae59f21be0936558fad0877acf', 'apdiop <apdiop>', '2017-04-05 11:16:18', 'Backup db v1', '2017-04-05', 'c4c4346b45fcdcae59f21be0936558fad0877acf', 1),
(33, 5, 'fc679eea6d0d06b7405fecfb76f354f642ed1ecf', 'apdiop <apdiop>', '2017-04-06 08:32:29', 'Update enable route', '2017-04-06', 'fc679eea6d0d06b7405fecfb76f354f642ed1ecf', 1),
(34, 5, 'cc706d35e491d958f1f751986fe4a0d1fe543806', 'apdiop <apdiop>', '2017-04-06 09:22:59', 'supprimer - activer - désactiver - authentification', '2017-04-06', 'cc706d35e491d958f1f751986fe4a0d1fe543806', 1),
(35, 5, '0de4319696eec318122688439da54d365ca7ad89', 'apdiop <apdiop>', '2017-04-06 09:25:34', 'require authentication for all action in user  management', '2017-04-06', '0de4319696eec318122688439da54d365ca7ad89', 1),
(36, 5, 'c010bd2d28e515746d42919463b94fb09cf77971', 'apdiop <apdiop>', '2017-04-06 09:40:14', 'require authentication for all action in structure  management', '2017-04-06', 'c010bd2d28e515746d42919463b94fb09cf77971', 1),
(37, 5, '49b161357bff9a3c5e1cd269c247cdd2442541dd', 'apdiop <apdiop>', '2017-04-06 18:10:29', 'add secret code', '2017-04-06', '49b161357bff9a3c5e1cd269c247cdd2442541dd', 1),
(38, 5, 'e6defe5577e530f82f7b391e1f92a224a2c26801', 'apdiop <apdiop>', '2017-04-06 18:11:00', 'Regenerate and update password', '2017-04-06', 'e6defe5577e530f82f7b391e1f92a224a2c26801', 1),
(39, 5, '4476b267501bb096a9ace886211762b9e24d8ad4', 'Cheikh Thioub <Cheikh Thioub>', '2017-04-07 11:14:37', 'Ajout secteur', '2017-04-07', '4476b267501bb096a9ace886211762b9e24d8ad4', NULL),
(40, 5, '667556cf3ca937fcbc307003c042306c573c22b0', 'apdiop <apdiop>', '2017-04-10 16:48:18', 'Check whether ''nom de la structure'' is null', '2017-04-10', '667556cf3ca937fcbc307003c042306c573c22b0', 1),
(41, 5, '52997cfb929774484956178cda76d07b1290dcce', 'apdiop <apdiop>', '2017-04-10 16:55:50', 'init crud fichier', '2017-04-10', '52997cfb929774484956178cda76d07b1290dcce', 1),
(42, 5, '76ad503ba95a25b7d3cdd502c1eb3c2f772cb537', 'apdiop <apdiop>', '2017-04-13 08:58:32', 'Update trim function', '2017-04-13', '76ad503ba95a25b7d3cdd502c1eb3c2f772cb537', 1),
(43, 5, 'e15d37b02dc48874c862c470e3f092a6913d3b67', 'apdiop <apdiop>', '2017-04-13 08:59:00', 'delete sm sa sr route fichier', '2017-04-13', 'e15d37b02dc48874c862c470e3f092a6913d3b67', 1),
(44, 5, '44491facc17d4d65870c47f499bbe88ed53b0ead', 'apdiop <apdiop>', '2017-04-14 06:33:49', 'fix bug authentification', '2017-04-14', '44491facc17d4d65870c47f499bbe88ed53b0ead', 1),
(45, 5, 'ba605fffbb000c6192571e3ee8492a13ff4d50bf', 'apdiop <apdiop>', '2017-04-14 06:42:00', 'init fichier CRUD', '2017-04-14', 'ba605fffbb000c6192571e3ee8492a13ff4d50bf', 1),
(46, 5, '5efb482dd84c93cd877a8e3d7f91218a2002ebd7', 'apdiop <apdiop>', '2017-04-14 06:44:38', 'init fichier CRUD', '2017-04-14', '5efb482dd84c93cd877a8e3d7f91218a2002ebd7', 1),
(47, 5, '444f60f771871d72a9ddb64f2dffbe317bfe003a', 'apdiop <apdiop>', '2017-04-14 06:53:56', 'add update et get', '2017-04-14', '444f60f771871d72a9ddb64f2dffbe317bfe003a', 1),
(48, 5, '1c672e015654f2799430d33cf2e0651de50a1fb6', 'apdiop <apdiop>', '2017-04-17 10:16:49', 'Add file', '2017-04-17', '1c672e015654f2799430d33cf2e0651de50a1fb6', 1),
(49, 5, 'fd09de0c8c5a514fca840e1e8a3f83c66b2e0074', 'apdiop <apdiop>', '2017-04-17 11:37:32', 'Add file', '2017-04-17', 'fd09de0c8c5a514fca840e1e8a3f83c66b2e0074', 1),
(50, 5, '77c21b9b601cd895ba391ef690a40e738d6966c7', 'apdiop <apdiop>', '2017-04-18 06:31:51', 'interface api to front', '2017-04-18', '77c21b9b601cd895ba391ef690a40e738d6966c7', 1),
(51, 5, '1ebcd9fac68fd583e85d8a7a0d78156467a953a6', 'apdiop <apdiop>', '2017-04-18 06:33:57', 'Lint', '2017-04-18', '1ebcd9fac68fd583e85d8a7a0d78156467a953a6', 1),
(52, 5, 'bd2a6902bdebc4b4be4ef11465a3f9be89b2b1dc', 'Cheikh Thioub <Cheikh Thioub>', '2017-04-18 15:25:32', 'update default date', '2017-04-18', 'bd2a6902bdebc4b4be4ef11465a3f9be89b2b1dc', NULL),
(53, 5, '90efcd05b25b2282471cf89d57daf711044206dd', 'Cheikh <thioubc@gmail.com>', '2017-04-18 15:43:24', 'resolve conflict', '2017-04-18', '90efcd05b25b2282471cf89d57daf711044206dd', 13),
(54, 4, '3fee7c2bdfee77212bdf43bc2680f25465d6f3ca', 'apdiop <apdiop88@gmail.com>', '2017-04-19 09:36:20', 'init user profile and authentication', '2017-04-19', '3fee7c2bdfee77212bdf43bc2680f25465d6f3ca', NULL),
(55, 4, '0e0ba8c5f475fe4c25c250d975f1d1db3a69183a', 'apdiop <apdiop88@gmail.com>', '2017-04-19 16:22:36', 'refs #113 - Lister les secteurs', '2017-04-19', '0e0ba8c5f475fe4c25c250d975f1d1db3a69183a', NULL),
(56, 4, 'a6e785dcdc2a5cc999438b1bedc48029676646ba', 'apdiop <apdiop88@gmail.com>', '2017-04-19 16:34:05', 'refs #34 Front - Ajouter un secteur', '2017-04-19', 'a6e785dcdc2a5cc999438b1bedc48029676646ba', NULL),
(57, 4, 'aee71cfdc7607df4185897df94e3265c8f575752', 'apdiop <apdiop88@gmail.com>', '2017-04-19 16:41:36', 'refs #36 - Front - Modifier un secteur', '2017-04-19', 'aee71cfdc7607df4185897df94e3265c8f575752', NULL),
(58, 5, '034b945738d0f33d70dd1046ccf9e5241be41a8f', 'Cheikh <thioubc@gmail.com>', '2017-04-20 09:50:34', 'Intégration du token dans les requetes', '2017-04-20', '034b945738d0f33d70dd1046ccf9e5241be41a8f', 13),
(59, 4, '6a55d563de64831756fc557c976cfc0a8c7d8038', 'apdiop <apdiop88@gmail.com>', '2017-04-20 14:37:10', 'Update api port', '2017-04-20', '6a55d563de64831756fc557c976cfc0a8c7d8038', NULL),
(60, 4, 'cc913d7914dd1b477169a1886d92ebb68bf2c194', 'apdiop <apdiop88@gmail.com>', '2017-04-20 14:38:00', 'Activer secteur', '2017-04-20', 'cc913d7914dd1b477169a1886d92ebb68bf2c194', NULL),
(61, 4, '0b92e8da1bd71972946c477c23fa0f63ebca49ec', 'apdiop <apdiop88@gmail.com>', '2017-04-20 14:38:14', 'Afficher profil', '2017-04-20', '0b92e8da1bd71972946c477c23fa0f63ebca49ec', NULL),
(62, 4, 'd9d3752e9fb85320be3aea828abaf0bff30bf277', 'apdiop <apdiop88@gmail.com>', '2017-04-20 14:48:16', 'refs #40 #42 Activer/Désactiver secteur', '2017-04-20', 'd9d3752e9fb85320be3aea828abaf0bff30bf277', NULL),
(63, 4, '97651a5f8d7db76050a9616efc354894da9cc48e', 'apdiop <apdiop88@gmail.com>', '2017-04-20 15:20:38', 'Set null if jwt expired', '2017-04-20', '97651a5f8d7db76050a9616efc354894da9cc48e', NULL),
(64, 4, '73330697aee766ac013339897fbcf97c9377c0de', 'apdiop <apdiop88@gmail.com>', '2017-04-20 15:31:17', 'refs #116 - Afficher profil utilisateur', '2017-04-20', '73330697aee766ac013339897fbcf97c9377c0de', NULL),
(65, 4, 'baf77cb79a76b4320d58308568e07db30fd78d73', 'apdiop <apdiop88@gmail.com>', '2017-04-20 16:27:25', 'refs #96 Lister fichier - Cartotheque', '2017-04-20', 'baf77cb79a76b4320d58308568e07db30fd78d73', NULL),
(66, 4, '3a045a08bf8822ba635ac00e9031300a6e3f1b51', 'apdiop <apdiop88@gmail.com>', '2017-04-20 16:27:43', 'refs #96 Lister fichier - Phototheque', '2017-04-20', '3a045a08bf8822ba635ac00e9031300a6e3f1b51', NULL),
(67, 4, 'a446821951f5c53bfffd94eb95f20e4779a8d25d', 'apdiop <apdiop88@gmail.com>', '2017-04-20 16:28:09', 'refs #96 Lister fichier', '2017-04-20', 'a446821951f5c53bfffd94eb95f20e4779a8d25d', NULL),
(68, 4, '2edd070500b86623c19ccd8b7643566cb4a364ef', 'apdiop <apdiop88@gmail.com>', '2017-04-25 10:11:29', 'refs #96 - Front - Ajouter un fichier', '2017-04-25', '2edd070500b86623c19ccd8b7643566cb4a364ef', NULL),
(69, 4, '5fa232c0ef52db5e4e7ebd4b4571d3e6be7aa177', 'apdiop <apdiop88@gmail.com>', '2017-04-25 18:07:08', 'liste images carte', '2017-04-25', '5fa232c0ef52db5e4e7ebd4b4571d3e6be7aa177', NULL),
(70, 4, 'ae3cf34249c4e22075c5f5e31365e6c705d6dd91', 'apdiop <apdiop88@gmail.com>', '2017-04-25 18:11:00', 'add actions', '2017-04-25', 'ae3cf34249c4e22075c5f5e31365e6c705d6dd91', NULL),
(71, 4, '249d5b0e770ef9958098ede049e40eefb0ef4f0e', 'apdiop <apdiop88@gmail.com>', '2017-04-26 09:06:05', 'refs #94 Front - Supprimer un fichier', '2017-04-26', '249d5b0e770ef9958098ede049e40eefb0ef4f0e', NULL),
(72, 4, 'd90d72febaa0d0d74aa5050db64b4072c440657e', 'apdiop <apdiop88@gmail.com>', '2017-04-27 07:56:28', 'refs #118 - Téléphone de la structure pris par défaut et non celle de l''utilisateur. Le numéro de téléphone saisie n''est pas pris en compte .', '2017-04-27', 'd90d72febaa0d0d74aa5050db64b4072c440657e', NULL),
(73, 4, '73d030151fc92e844793071c7a8856a4cdbdd204', 'apdiop <apdiop88@gmail.com>', '2017-04-27 07:57:48', 'refs #94 - Front supprimer un fichier', '2017-04-27', '73d030151fc92e844793071c7a8856a4cdbdd204', NULL),
(74, 4, '6bfefe43610181a43df5e368bcadb3a9ff2739f5', 'apdiop <apdiop88@gmail.com>', '2017-04-27 08:02:31', 'refs #120 - Champ ''description'' inexistant dans le formulaire d''ajout et de modification d''une structure.', '2017-04-27', '6bfefe43610181a43df5e368bcadb3a9ff2739f5', NULL),
(75, 4, '2656e43690d566ac12b8959a627c6a71757b4fb3', 'apdiop <apdiop88@gmail.com>', '2017-04-27 08:35:28', 'refs #123 - Secteur - L''utilisateur lambda a la possibilité de faire une action sur les secteurs (ex : Supprimer, modifier, ...)', '2017-04-27', '2656e43690d566ac12b8959a627c6a71757b4fb3', NULL),
(76, 4, '248b98bfd46a2dd9e548a216d7c67750e5b6e05d', 'apdiop <apdiop88@gmail.com>', '2017-04-27 09:11:35', 'refs #123 - Secteur - L''utilisateur lambda a la possibilité de faire une action sur les secteurs (ex : Supprimer, modifier, ...)', '2017-04-27', '248b98bfd46a2dd9e548a216d7c67750e5b6e05d', NULL),
(77, 4, '0d79d72a264b36e98b2f7500c39f61d6f701bc6e', 'apdiop <apdiop88@gmail.com>', '2017-04-27 11:43:02', 'refs #92 - Front - Modifier un fichier', '2017-04-27', '0d79d72a264b36e98b2f7500c39f61d6f701bc6e', NULL),
(78, 4, '76ee9b08c7384cf373c1c169f6f824c65bdf769a', 'apdiop <apdiop88@gmail.com>', '2017-05-02 08:37:51', 'fixes bug', '2017-05-02', '76ee9b08c7384cf373c1c169f6f824c65bdf769a', NULL),
(79, 4, '2fbde46bc7b98883807fa159674981c225776a7f', 'apdiop <apdiop88@gmail.com>', '2017-05-02 09:47:03', 'refs #135 - Télécharger un fichier', '2017-05-02', '2fbde46bc7b98883807fa159674981c225776a7f', NULL),
(80, 4, 'd9dd9f30c93dd51b29bf2e9430cf751135c13a8d', 'apdiop <apdiop88@gmail.com>', '2017-05-02 12:48:43', 'Gestion phototheque', '2017-05-02', 'd9dd9f30c93dd51b29bf2e9430cf751135c13a8d', NULL),
(81, 4, 'd9994750a876df24866ab589147ca91300d683b1', 'apdiop <apdiop88@gmail.com>', '2017-05-02 13:01:18', 'refs - #135 Télécharger un fichier', '2017-05-02', 'd9994750a876df24866ab589147ca91300d683b1', NULL),
(82, 4, 'c962b7a932a98aa6791cbe0865bd6771bc0cd0d5', 'apdiop <apdiop88@gmail.com>', '2017-05-02 18:29:03', 'init programme', '2017-05-02', 'c962b7a932a98aa6791cbe0865bd6771bc0cd0d5', NULL),
(83, 4, '5810fffaeb20d4b243f9837174b90cdea6ff5bce', 'apdiop <apdiop88@gmail.com>', '2017-05-05 09:43:24', 'Gestion des programmes', '2017-05-05', '5810fffaeb20d4b243f9837174b90cdea6ff5bce', NULL),
(84, 4, 'd9233065018cba02aa4ae87ae1582c0d675f6ea7', 'apdiop <apdiop88@gmail.com>', '2017-05-08 17:12:43', 'page présentation', '2017-05-08', 'd9233065018cba02aa4ae87ae1582c0d675f6ea7', NULL),
(85, 4, '4443abcca8898386ff0ae413f4e1f7b329fe2ac0', 'apdiop <apdiop88@gmail.com>', '2017-05-08 17:13:11', 'page présentation', '2017-05-08', '4443abcca8898386ff0ae413f4e1f7b329fe2ac0', NULL),
(86, 4, '2afb63ef23935a3a8f8ee8ef24298099fad538a6', 'apdiop <apdiop88@gmail.com>', '2017-05-10 08:49:43', 'Init indicateur detail', '2017-05-10', '2afb63ef23935a3a8f8ee8ef24298099fad538a6', NULL),
(87, 4, '6a66790906f028b0870a9f5acc0bb37f94f505ff', 'apdiop <apdiop88@gmail.com>', '2017-05-18 17:37:16', 'fix bug carte et photo', '2017-05-18', '6a66790906f028b0870a9f5acc0bb37f94f505ff', NULL),
(88, 4, 'fcfb43003c07f53de9aa5a753ade735f153c7ffa', 'apdiop <apdiop88@gmail.com>', '2017-05-18 18:13:06', 'Recadrer les box de la page d''accueil', '2017-05-18', 'fcfb43003c07f53de9aa5a753ade735f153c7ffa', NULL),
(89, 4, '0e6d4fd970a40d81e1cdf5907bc1fba176f88120', 'apdiop <apdiop88@gmail.com>', '2017-05-23 10:33:02', 'Detail programme', '2017-05-23', '0e6d4fd970a40d81e1cdf5907bc1fba176f88120', NULL),
(90, 4, 'b2afe5334cac1d679d2e2df3de2d3e47007684dd', 'apdiop <apdiop88@gmail.com>', '2017-06-06 10:08:02', 'update map', '2017-06-06', 'b2afe5334cac1d679d2e2df3de2d3e47007684dd', NULL),
(91, 4, 'b14f1cd1e550c59cf4074229ad981a777a9bdf53', 'djamila <djamilahachimou@gmail.com>', '2017-06-07 10:56:10', 'update ip address', '2017-06-07', 'b14f1cd1e550c59cf4074229ad981a777a9bdf53', 14),
(92, 4, 'f18a63fbee358e1212909d0759bfc3e7a31c5ca1', 'apdiop <apdiop88@gmail.com>', '2017-06-10 08:42:28', 'show graph dynamically', '2017-06-10', 'f18a63fbee358e1212909d0759bfc3e7a31c5ca1', NULL),
(93, 4, '2ea2d8775535e6ad13482f237b483da1e538ffaf', 'djamila <djamilahachimou@gmail.com>', '2017-06-12 15:15:03', 'contexte', '2017-06-12', '2ea2d8775535e6ad13482f237b483da1e538ffaf', 14),
(94, 4, 'ad3b7dfbc12ea5411373bd5865426b53ede711cf', 'djamila <djamilahachimou@gmail.com>', '2017-06-12 15:16:39', 'contacts', '2017-06-12', 'ad3b7dfbc12ea5411373bd5865426b53ede711cf', 14),
(95, 4, 'f5c2745cfdb5ffaff11ae00787a1d02b6cef3b37', 'djamila <djamilahachimou@gmail.com>', '2017-06-12 15:17:16', 'objectifs', '2017-06-12', 'f5c2745cfdb5ffaff11ae00787a1d02b6cef3b37', 14),
(96, 4, '849d7d4f12e99038be63fcd369283b286fc4cfe9', 'djamila <djamilahachimou@gmail.com>', '2017-06-12 15:18:03', 'resultats', '2017-06-12', '849d7d4f12e99038be63fcd369283b286fc4cfe9', 14),
(97, 4, '652a95059a85801c71dba95ea48e05f0ad1139b0', 'djamila <djamilahachimou@gmail.com>', '2017-06-12 15:18:44', 'vue presentation', '2017-06-12', '652a95059a85801c71dba95ea48e05f0ad1139b0', 14),
(98, 4, '6e6b150ecbbebdb04c88d71be21a3a29cc18285f', 'djamila <djamilahachimou@gmail.com>', '2017-06-12 15:19:45', 'ajouts des differents modules', '2017-06-12', '6e6b150ecbbebdb04c88d71be21a3a29cc18285f', 14),
(99, 4, '993f51f30062d77efe2827f3b34cfefe0d197132', 'djamila <djamilahachimou@gmail.com>', '2017-06-12 15:21:12', 'controller de la vue contexte', '2017-06-12', '993f51f30062d77efe2827f3b34cfefe0d197132', 14),
(100, 4, 'bf7439fbe2ea5af2735ea7cbbc5b2a21a3f91db5', 'djamila <djamilahachimou@gmail.com>', '2017-06-12 15:21:52', 'controller de la vue contacts', '2017-06-12', 'bf7439fbe2ea5af2735ea7cbbc5b2a21a3f91db5', 14),
(101, 4, '1a0658a4ae99a5672aeebb34cf8985d351f4cdcc', 'djamila <djamilahachimou@gmail.com>', '2017-06-12 15:22:18', 'controller de la vue objectifs', '2017-06-12', '1a0658a4ae99a5672aeebb34cf8985d351f4cdcc', 14),
(102, 4, 'd6fe1ad9e67a5cf833aef4cd3b78f232787c4c73', 'djamila <djamilahachimou@gmail.com>', '2017-06-12 15:22:52', 'controller de la vue resultats', '2017-06-12', 'd6fe1ad9e67a5cf833aef4cd3b78f232787c4c73', 14),
(103, 4, '646dbffbb8d6e6b3ea9ead404a5d5563442c3b8d', 'apdiop <apdiop88@gmail.com>', '2017-06-14 16:48:03', 'export in excel', '2017-06-14', '646dbffbb8d6e6b3ea9ead404a5d5563442c3b8d', NULL),
(104, 4, '27499c91bcdcfeb18903ae6a9b49804a47883a1e', 'apdiop <apdiop88@gmail.com>', '2017-06-14 16:48:29', 'export in excel', '2017-06-14', '27499c91bcdcfeb18903ae6a9b49804a47883a1e', NULL),
(105, 4, 'a44fa277aaa2bbc1c6027e3a0ca7a10fb082abe5', 'apdiop <apdiop88@gmail.com>', '2017-06-20 09:12:43', 'Export data', '2017-06-20', 'a44fa277aaa2bbc1c6027e3a0ca7a10fb082abe5', NULL),
(106, 4, '65e880684f8184f8792c24c968cb13f591d8253d', 'apdiop <apdiop88@gmail.com>', '2017-06-22 12:44:20', 'add presentation', '2017-06-22', '65e880684f8184f8792c24c968cb13f591d8253d', NULL),
(107, 4, '9804c333cdef1bd550843635a5d2c45c111a0ba5', 'djamila <djamilahachimou@gmail.com>', '2017-06-22 15:41:54', 'données nationales', '2017-06-22', '9804c333cdef1bd550843635a5d2c45c111a0ba5', 14),
(108, 4, 'f01a80dca23fa2e6168d20d8c6893120c8c3e4a7', 'djamila <djamilahachimou@gmail.com>', '2017-06-22 15:42:31', 'données regionales', '2017-06-22', 'f01a80dca23fa2e6168d20d8c6893120c8c3e4a7', 14),
(109, 4, 'cf0694b1c4ed34a86a96f93f061b5bdddbe72c1d', 'djamila <djamilahachimou@gmail.com>', '2017-06-22 15:43:01', 'données départementales', '2017-06-22', 'cf0694b1c4ed34a86a96f93f061b5bdddbe72c1d', 14),
(110, 4, '5f335b74b030d65e1897dc4483ef3dad864a1412', 'djamila <djamilahachimou@gmail.com>', '2017-06-22 15:43:32', 'données communales', '2017-06-22', '5f335b74b030d65e1897dc4483ef3dad864a1412', 14),
(111, 4, '29f86043c4b541d542f69a90363b62d1c9fd5938', 'djamila <djamilahachimou@gmail.com>', '2017-06-22 15:47:04', 'création du controleur des différentes données', '2017-06-22', '29f86043c4b541d542f69a90363b62d1c9fd5938', 14),
(112, 4, '8d0fddb1861d12d362af54bd38113725bee08d6c', 'djamila <djamilahachimou@gmail.com>', '2017-06-22 15:51:30', 'creation de la directive regroupant les différentes vues', '2017-06-22', '8d0fddb1861d12d362af54bd38113725bee08d6c', 14),
(113, 4, '0456482cb449b29836b88c8316cef98ebffeaecd', 'djamila <djamilahachimou@gmail.com>', '2017-06-22 15:53:04', 'affichage des données au niveau nationale', '2017-06-22', '0456482cb449b29836b88c8316cef98ebffeaecd', 14),
(114, 4, 'b554deff57857988854d97571df7871dba2e3af5', 'djamila <djamilahachimou@gmail.com>', '2017-06-22 15:54:39', 'appel des différentes directives', '2017-06-22', 'b554deff57857988854d97571df7871dba2e3af5', 14),
(115, 4, '3a7c25fe720f7360acb43af0ef3365e302a57d61', 'apdiop <apdiop88@gmail.com>', '2017-06-24 16:24:22', 'import indicator value', '2017-06-24', '3a7c25fe720f7360acb43af0ef3365e302a57d61', NULL),
(116, 4, 'baae894abfd543271659a3e11e343c6121e897f1', 'apdiop <apdiop88@gmail.com>', '2017-07-11 17:34:07', 'update front ...', '2017-07-11', 'baae894abfd543271659a3e11e343c6121e897f1', NULL),
(117, 4, '192768b02786b980a6aa599b9d6d080b4f3619eb', 'djamila <djamilahachimou@gmail.com>', '2017-07-12 11:10:34', 'controller des données', '2017-07-12', '192768b02786b980a6aa599b9d6d080b4f3619eb', 14),
(118, 4, 'ca2ee66567e36a1eb256575c6e8f611c409a8cc6', 'djamila <djamilahachimou@gmail.com>', '2017-07-12 11:11:09', 'vue des données', '2017-07-12', 'ca2ee66567e36a1eb256575c6e8f611c409a8cc6', 14),
(119, 4, 'acf08cab380168d92cf12f8c8da20d9099d8e43f', 'djamila <djamilahachimou@gmail.com>', '2017-07-12 11:11:26', 'directive des données', '2017-07-12', 'acf08cab380168d92cf12f8c8da20d9099d8e43f', 14);

-- --------------------------------------------------------

--
-- Structure de la table `changesets_issues`
--

CREATE TABLE `changesets_issues` (
  `changeset_id` int(11) NOT NULL,
  `issue_id` int(11) NOT NULL
) ENGINE=InnoDB DEFAULT CHARSET=latin1;

--
-- Contenu de la table `changesets_issues`
--

INSERT INTO `changesets_issues` (`changeset_id`, `issue_id`) VALUES
(72, 118),
(74, 120),
(75, 123),
(76, 123);

-- --------------------------------------------------------

--
-- Structure de la table `charts`
--

CREATE TABLE `charts` (
  `id` int(11) NOT NULL,
  `name` varchar(255) DEFAULT NULL,
  `project_id` int(11) DEFAULT NULL,
  `tracker_id` int(11) DEFAULT NULL,
  `chart_type` varchar(255) DEFAULT NULL,
  `group_by_field` varchar(255) DEFAULT NULL,
  `group_by_custom_field` int(11) DEFAULT NULL,
  `user_id` int(11) DEFAULT NULL,
  `is_public` tinyint(1) DEFAULT '0',
  `range_integer` int(11) DEFAULT '30',
  `range_type` varchar(255) DEFAULT 'days',
  `time` varchar(255) DEFAULT '',
  `issue_status` varchar(255) DEFAULT 'o'
) ENGINE=InnoDB DEFAULT CHARSET=latin1;

--
-- Contenu de la table `charts`
--

INSERT INTO `charts` (`id`, `name`, `project_id`, `tracker_id`, `chart_type`, `group_by_field`, `group_by_custom_field`, `user_id`, `is_public`, `range_integer`, `range_type`, `time`, `issue_status`) VALUES
(1, 'teste', 2, 0, 'Line', 'assigned_to', NULL, 1, 0, 30, 'days', '', 'o'),
(2, 'Assignation', 4, 5, 'Line', 'assigned_to', NULL, 1, 0, 30, 'days', 'spent_hours', 'o'),
(3, 'Temps passé', 4, 0, 'Column', 'assigned_to', NULL, 1, 0, 0, 'days', 'spent_hours', '*');

-- --------------------------------------------------------

--
-- Structure de la table `checklist_template_categories`
--

CREATE TABLE `checklist_template_categories` (
  `id` int(11) NOT NULL,
  `name` varchar(255) DEFAULT NULL,
  `position` int(11) DEFAULT '1'
) ENGINE=InnoDB DEFAULT CHARSET=latin1;

-- --------------------------------------------------------

--
-- Structure de la table `checklist_templates`
--

CREATE TABLE `checklist_templates` (
  `id` int(11) NOT NULL,
  `name` varchar(255) DEFAULT NULL,
  `project_id` int(11) DEFAULT NULL,
  `category_id` int(11) DEFAULT NULL,
  `user_id` int(11) DEFAULT NULL,
  `is_public` tinyint(1) DEFAULT NULL,
  `template_items` text
) ENGINE=InnoDB DEFAULT CHARSET=latin1;

-- --------------------------------------------------------

--
-- Structure de la table `checklists`
--

CREATE TABLE `checklists` (
  `id` int(11) NOT NULL,
  `is_done` tinyint(1) DEFAULT '0',
  `subject` varchar(255) DEFAULT NULL,
  `position` int(11) DEFAULT '1',
  `issue_id` int(11) NOT NULL,
  `created_at` datetime DEFAULT NULL,
  `updated_at` datetime DEFAULT NULL
) ENGINE=InnoDB DEFAULT CHARSET=latin1;

-- --------------------------------------------------------

--
-- Structure de la table `comments`
--

CREATE TABLE `comments` (
  `id` int(11) NOT NULL,
  `commented_type` varchar(30) NOT NULL DEFAULT '',
  `commented_id` int(11) NOT NULL DEFAULT '0',
  `author_id` int(11) NOT NULL DEFAULT '0',
  `comments` text,
  `created_on` datetime NOT NULL,
  `updated_on` datetime NOT NULL
) ENGINE=InnoDB DEFAULT CHARSET=latin1;

-- --------------------------------------------------------

--
-- Structure de la table `custom_field_enumerations`
--

CREATE TABLE `custom_field_enumerations` (
  `id` int(11) NOT NULL,
  `custom_field_id` int(11) NOT NULL,
  `name` varchar(255) NOT NULL,
  `active` tinyint(1) NOT NULL DEFAULT '1',
  `position` int(11) NOT NULL DEFAULT '1'
) ENGINE=InnoDB DEFAULT CHARSET=latin1;

-- --------------------------------------------------------

--
-- Structure de la table `custom_fields`
--

CREATE TABLE `custom_fields` (
  `id` int(11) NOT NULL,
  `type` varchar(30) NOT NULL DEFAULT '',
  `name` varchar(30) NOT NULL DEFAULT '',
  `field_format` varchar(30) NOT NULL DEFAULT '',
  `possible_values` text,
  `regexp` varchar(255) DEFAULT '',
  `min_length` int(11) DEFAULT NULL,
  `max_length` int(11) DEFAULT NULL,
  `is_required` tinyint(1) NOT NULL DEFAULT '0',
  `is_for_all` tinyint(1) NOT NULL DEFAULT '0',
  `is_filter` tinyint(1) NOT NULL DEFAULT '0',
  `position` int(11) DEFAULT NULL,
  `searchable` tinyint(1) DEFAULT '0',
  `default_value` text,
  `editable` tinyint(1) DEFAULT '1',
  `visible` tinyint(1) NOT NULL DEFAULT '1',
  `multiple` tinyint(1) DEFAULT '0',
  `format_store` text,
  `description` text
) ENGINE=InnoDB DEFAULT CHARSET=latin1;

--
-- Contenu de la table `custom_fields`
--

INSERT INTO `custom_fields` (`id`, `type`, `name`, `field_format`, `possible_values`, `regexp`, `min_length`, `max_length`, `is_required`, `is_for_all`, `is_filter`, `position`, `searchable`, `default_value`, `editable`, `visible`, `multiple`, `format_store`, `description`) VALUES
(2, 'IssueCustomField', 'Budget', 'float', NULL, '', NULL, NULL, 0, 0, 0, 1, 0, '0', 1, 1, 0, '--- !ruby/hash:ActiveSupport::HashWithIndifferentAccess\nurl_pattern: ''''\n', '');

-- --------------------------------------------------------

--
-- Structure de la table `custom_fields_projects`
--

CREATE TABLE `custom_fields_projects` (
  `custom_field_id` int(11) NOT NULL DEFAULT '0',
  `project_id` int(11) NOT NULL DEFAULT '0'
) ENGINE=InnoDB DEFAULT CHARSET=latin1;

--
-- Contenu de la table `custom_fields_projects`
--

INSERT INTO `custom_fields_projects` (`custom_field_id`, `project_id`) VALUES
(2, 2);

-- --------------------------------------------------------

--
-- Structure de la table `custom_fields_roles`
--

CREATE TABLE `custom_fields_roles` (
  `custom_field_id` int(11) NOT NULL,
  `role_id` int(11) NOT NULL
) ENGINE=InnoDB DEFAULT CHARSET=latin1;

-- --------------------------------------------------------

--
-- Structure de la table `custom_fields_trackers`
--

CREATE TABLE `custom_fields_trackers` (
  `custom_field_id` int(11) NOT NULL DEFAULT '0',
  `tracker_id` int(11) NOT NULL DEFAULT '0'
) ENGINE=InnoDB DEFAULT CHARSET=latin1;

--
-- Contenu de la table `custom_fields_trackers`
--

INSERT INTO `custom_fields_trackers` (`custom_field_id`, `tracker_id`) VALUES
(2, 4);

-- --------------------------------------------------------

--
-- Structure de la table `custom_values`
--

CREATE TABLE `custom_values` (
  `id` int(11) NOT NULL,
  `customized_type` varchar(30) NOT NULL DEFAULT '',
  `customized_id` int(11) NOT NULL DEFAULT '0',
  `custom_field_id` int(11) NOT NULL DEFAULT '0',
  `value` text
) ENGINE=InnoDB DEFAULT CHARSET=latin1;

--
-- Contenu de la table `custom_values`
--

INSERT INTO `custom_values` (`id`, `customized_type`, `customized_id`, `custom_field_id`, `value`) VALUES
(12, 'Issue', 4, 2, '0'),
(13, 'Issue', 3, 2, '0'),
(14, 'Issue', 2, 2, '0'),
(15, 'Issue', 5, 2, '0'),
(16, 'Issue', 6, 2, '0'),
(17, 'Issue', 7, 2, '0'),
(18, 'Issue', 8, 2, '0'),
(19, 'Issue', 9, 2, '0'),
(20, 'Issue', 10, 2, '0'),
(21, 'Issue', 11, 2, '0');

-- --------------------------------------------------------

--
-- Structure de la table `documents`
--

CREATE TABLE `documents` (
  `id` int(11) NOT NULL,
  `project_id` int(11) NOT NULL DEFAULT '0',
  `category_id` int(11) NOT NULL DEFAULT '0',
  `title` varchar(255) NOT NULL DEFAULT '',
  `description` text,
  `created_on` datetime DEFAULT NULL
) ENGINE=InnoDB DEFAULT CHARSET=latin1;

--
-- Contenu de la table `documents`
--

INSERT INTO `documents` (`id`, `project_id`, `category_id`, `title`, `description`, `created_on`) VALUES
(1, 2, 6, 'Rapports', '', '2016-10-18 12:03:44'),
(2, 2, 6, 'Documents de projet', '', '2016-10-18 12:03:58'),
(3, 4, 6, 'Modèles', '', '2017-04-19 10:15:55');

-- --------------------------------------------------------

--
-- Structure de la table `email_addresses`
--

CREATE TABLE `email_addresses` (
  `id` int(11) NOT NULL,
  `user_id` int(11) NOT NULL,
  `address` varchar(255) NOT NULL,
  `is_default` tinyint(1) NOT NULL DEFAULT '0',
  `notify` tinyint(1) NOT NULL DEFAULT '1',
  `created_on` datetime NOT NULL,
  `updated_on` datetime NOT NULL
) ENGINE=InnoDB DEFAULT CHARSET=latin1;

--
-- Contenu de la table `email_addresses`
--

INSERT INTO `email_addresses` (`id`, `user_id`, `address`, `is_default`, `notify`, `created_on`, `updated_on`) VALUES
(1, 1, 'abdoulaye.diop@cse.sn', 1, 1, '2016-09-06 08:22:22', '2016-09-06 10:57:38'),
(10, 13, 'thioubc@gmail.com', 1, 1, '2017-04-18 18:23:19', '2017-04-18 18:23:19'),
(11, 14, 'djamilahachimou@gmail.com', 1, 1, '2017-04-18 18:24:12', '2017-04-18 18:24:12'),
(12, 16, 'mbayealiounebadara89@gmail.com', 1, 1, '2017-04-20 12:54:05', '2017-04-20 12:54:05'),
(13, 17, 'cheibamba@gmail.com', 1, 1, '2017-08-16 12:58:32', '2017-08-16 12:58:32'),
(14, 18, 'boubacar.mbengue@hotmail.com', 1, 1, '2017-08-16 12:59:47', '2017-08-16 12:59:47'),
(15, 19, 'ndeyeyarame.fall@yahoo.fr', 1, 1, '2017-08-17 15:37:48', '2017-08-17 15:37:48'),
(16, 20, 'apdiop88@gmail.com', 1, 1, '2017-08-21 07:50:41', '2017-08-21 07:50:41'),
(17, 21, 'diangba83@yahoo.fr', 1, 1, '2017-08-22 13:24:33', '2017-08-22 13:24:33'),
(18, 22, 'maguette.sarr@ansd.sn', 1, 1, '2017-08-22 13:25:23', '2017-08-22 13:25:23'),
(19, 23, 'ethiam@clm.sn', 1, 1, '2017-08-22 13:26:20', '2017-08-22 13:26:20'),
(20, 24, 'dioufboucarsiga@gmail.com', 1, 1, '2017-08-22 13:27:16', '2017-08-22 13:27:16'),
(21, 25, 'amadoukh83@yahoo.fr', 1, 1, '2017-08-22 13:28:08', '2017-08-22 13:28:08'),
(22, 26, 'sarecfa@gmail.com', 1, 1, '2017-08-22 13:29:04', '2017-08-22 13:29:04'),
(23, 27, 'khbabacarfall@yahoo.fr', 1, 1, '2017-08-22 13:29:56', '2017-08-22 13:29:56'),
(24, 28, 'yonabou66@yahoo.fr', 1, 1, '2017-08-22 13:30:45', '2017-08-22 13:30:45'),
(25, 29, 'sengmarie@yahoo.fr', 1, 1, '2017-08-22 13:31:58', '2017-08-22 13:31:58');

-- --------------------------------------------------------

--
-- Structure de la table `enabled_modules`
--

CREATE TABLE `enabled_modules` (
  `id` int(11) NOT NULL,
  `project_id` int(11) DEFAULT NULL,
  `name` varchar(255) NOT NULL
) ENGINE=InnoDB DEFAULT CHARSET=latin1;

--
-- Contenu de la table `enabled_modules`
--

INSERT INTO `enabled_modules` (`id`, `project_id`, `name`) VALUES
(12, 2, 'issue_tracking'),
(13, 2, 'time_tracking'),
(14, 2, 'news'),
(15, 2, 'documents'),
(16, 2, 'wiki'),
(17, 2, 'boards'),
(18, 2, 'calendar'),
(19, 2, 'gantt'),
(21, 3, 'issue_tracking'),
(22, 3, 'time_tracking'),
(23, 3, 'news'),
(24, 3, 'documents'),
(25, 3, 'wiki'),
(26, 3, 'repository'),
(27, 3, 'boards'),
(28, 3, 'calendar'),
(29, 3, 'gantt'),
(30, 2, 'agile'),
(32, 2, 'charts'),
(33, 4, 'issue_tracking'),
(34, 4, 'time_tracking'),
(35, 4, 'news'),
(36, 4, 'documents'),
(37, 4, 'wiki'),
(38, 4, 'boards'),
(39, 4, 'calendar'),
(40, 4, 'gantt'),
(41, 4, 'repository'),
(43, 4, 'charts'),
(44, 4, 'agile'),
(45, 5, 'issue_tracking'),
(46, 5, 'time_tracking'),
(47, 5, 'news'),
(48, 5, 'documents'),
(49, 5, 'wiki'),
(50, 5, 'boards'),
(51, 5, 'calendar'),
(52, 5, 'gantt'),
(53, 5, 'agile'),
(54, 6, 'issue_tracking'),
(55, 6, 'time_tracking'),
(56, 6, 'news'),
(57, 6, 'documents'),
(58, 6, 'wiki'),
(59, 6, 'boards'),
(60, 6, 'calendar'),
(61, 6, 'gantt'),
(62, 6, 'agile'),
(63, 7, 'issue_tracking'),
(64, 7, 'news'),
(65, 7, 'boards'),
(66, 7, 'calendar'),
(67, 7, 'agile');

-- --------------------------------------------------------

--
-- Structure de la table `enumerations`
--

CREATE TABLE `enumerations` (
  `id` int(11) NOT NULL,
  `name` varchar(30) NOT NULL DEFAULT '',
  `position` int(11) DEFAULT NULL,
  `is_default` tinyint(1) NOT NULL DEFAULT '0',
  `type` varchar(255) DEFAULT NULL,
  `active` tinyint(1) NOT NULL DEFAULT '1',
  `project_id` int(11) DEFAULT NULL,
  `parent_id` int(11) DEFAULT NULL,
  `position_name` varchar(30) DEFAULT NULL
) ENGINE=InnoDB DEFAULT CHARSET=latin1;

--
-- Contenu de la table `enumerations`
--

INSERT INTO `enumerations` (`id`, `name`, `position`, `is_default`, `type`, `active`, `project_id`, `parent_id`, `position_name`) VALUES
(1, 'Bas', 1, 0, 'IssuePriority', 1, NULL, NULL, 'lowest'),
(2, 'Normal', 2, 1, 'IssuePriority', 1, NULL, NULL, 'default'),
(3, 'Haut', 3, 0, 'IssuePriority', 1, NULL, NULL, 'high3'),
(4, 'Urgent', 4, 0, 'IssuePriority', 1, NULL, NULL, 'high2'),
(5, 'Important', 5, 0, 'IssuePriority', 1, NULL, NULL, 'highest'),
(6, 'Documentation utilisateur', 1, 0, 'DocumentCategory', 1, NULL, NULL, NULL),
(7, 'Documentation technique', 2, 0, 'DocumentCategory', 1, NULL, NULL, NULL),
(8, 'Conception', 1, 0, 'TimeEntryActivity', 1, NULL, NULL, NULL),
(9, 'Développement', 2, 0, 'TimeEntryActivity', 1, NULL, NULL, NULL),
(10, 'Rédaction', 3, 0, 'TimeEntryActivity', 1, NULL, NULL, NULL),
(11, 'Conception', 1, 0, 'TimeEntryActivity', 1, 2, 8, NULL),
(12, 'Développement', 2, 0, 'TimeEntryActivity', 0, 2, 9, NULL),
(13, 'Rédaction', 3, 0, 'TimeEntryActivity', 0, 2, 10, NULL),
(14, 'Terrain', 4, 0, 'TimeEntryActivity', 1, NULL, NULL, NULL),
(15, 'Réunion', 5, 0, 'TimeEntryActivity', 1, NULL, NULL, NULL),
(16, 'Autres', 6, 0, 'TimeEntryActivity', 1, NULL, NULL, NULL);

-- --------------------------------------------------------

--
-- Structure de la table `groups_users`
--

CREATE TABLE `groups_users` (
  `group_id` int(11) NOT NULL,
  `user_id` int(11) NOT NULL
) ENGINE=InnoDB DEFAULT CHARSET=latin1;

--
-- Contenu de la table `groups_users`
--

INSERT INTO `groups_users` (`group_id`, `user_id`) VALUES
(15, 16);

-- --------------------------------------------------------

--
-- Structure de la table `import_items`
--

CREATE TABLE `import_items` (
  `id` int(11) NOT NULL,
  `import_id` int(11) NOT NULL,
  `position` int(11) NOT NULL,
  `obj_id` int(11) DEFAULT NULL,
  `message` text
) ENGINE=InnoDB DEFAULT CHARSET=latin1;

-- --------------------------------------------------------

--
-- Structure de la table `imports`
--

CREATE TABLE `imports` (
  `id` int(11) NOT NULL,
  `type` varchar(255) DEFAULT NULL,
  `user_id` int(11) NOT NULL,
  `filename` varchar(255) DEFAULT NULL,
  `settings` text,
  `total_items` int(11) DEFAULT NULL,
  `finished` tinyint(1) NOT NULL DEFAULT '0',
  `created_at` datetime NOT NULL,
  `updated_at` datetime NOT NULL
) ENGINE=InnoDB DEFAULT CHARSET=latin1;

-- --------------------------------------------------------

--
-- Structure de la table `issue_categories`
--

CREATE TABLE `issue_categories` (
  `id` int(11) NOT NULL,
  `project_id` int(11) NOT NULL DEFAULT '0',
  `name` varchar(60) NOT NULL DEFAULT '',
  `assigned_to_id` int(11) DEFAULT NULL
) ENGINE=InnoDB DEFAULT CHARSET=latin1;

-- --------------------------------------------------------

--
-- Structure de la table `issue_relations`
--

CREATE TABLE `issue_relations` (
  `id` int(11) NOT NULL,
  `issue_from_id` int(11) NOT NULL,
  `issue_to_id` int(11) NOT NULL,
  `relation_type` varchar(255) NOT NULL DEFAULT '',
  `delay` int(11) DEFAULT NULL
) ENGINE=InnoDB DEFAULT CHARSET=latin1;

-- --------------------------------------------------------

--
-- Structure de la table `issue_statuses`
--

CREATE TABLE `issue_statuses` (
  `id` int(11) NOT NULL,
  `name` varchar(30) NOT NULL DEFAULT '',
  `is_closed` tinyint(1) NOT NULL DEFAULT '0',
  `position` int(11) DEFAULT NULL,
  `default_done_ratio` int(11) DEFAULT NULL
) ENGINE=InnoDB DEFAULT CHARSET=latin1;

--
-- Contenu de la table `issue_statuses`
--

INSERT INTO `issue_statuses` (`id`, `name`, `is_closed`, `position`, `default_done_ratio`) VALUES
(1, 'Nouveau', 0, 1, NULL),
(2, 'En cours', 0, 2, NULL),
(3, 'Résolu', 0, 3, NULL),
(4, 'Commentaire', 0, 4, NULL),
(5, 'Fermé', 1, 5, NULL),
(6, 'Rejeté', 1, 6, NULL);

-- --------------------------------------------------------

--
-- Structure de la table `issues`
--

CREATE TABLE `issues` (
  `id` int(11) NOT NULL,
  `tracker_id` int(11) NOT NULL,
  `project_id` int(11) NOT NULL,
  `subject` varchar(255) NOT NULL DEFAULT '',
  `description` text,
  `due_date` date DEFAULT NULL,
  `category_id` int(11) DEFAULT NULL,
  `status_id` int(11) NOT NULL,
  `assigned_to_id` int(11) DEFAULT NULL,
  `priority_id` int(11) NOT NULL,
  `fixed_version_id` int(11) DEFAULT NULL,
  `author_id` int(11) NOT NULL,
  `lock_version` int(11) NOT NULL DEFAULT '0',
  `created_on` datetime DEFAULT NULL,
  `updated_on` datetime DEFAULT NULL,
  `start_date` date DEFAULT NULL,
  `done_ratio` int(11) NOT NULL DEFAULT '0',
  `estimated_hours` float DEFAULT NULL,
  `parent_id` int(11) DEFAULT NULL,
  `root_id` int(11) DEFAULT NULL,
  `lft` int(11) DEFAULT NULL,
  `rgt` int(11) DEFAULT NULL,
  `is_private` tinyint(1) NOT NULL DEFAULT '0',
  `closed_on` datetime DEFAULT NULL
) ENGINE=InnoDB DEFAULT CHARSET=latin1;

--
-- Contenu de la table `issues`
--

INSERT INTO `issues` (`id`, `tracker_id`, `project_id`, `subject`, `description`, `due_date`, `category_id`, `status_id`, `assigned_to_id`, `priority_id`, `fixed_version_id`, `author_id`, `lock_version`, `created_on`, `updated_on`, `start_date`, `done_ratio`, `estimated_hours`, `parent_id`, `root_id`, `lft`, `rgt`, `is_private`, `closed_on`) VALUES
(2, 4, 2, 'Cadrage et mise en place du projet', '', '2016-10-21', NULL, 1, NULL, 2, NULL, 1, 4, '2016-10-18 11:56:39', '2016-10-19 11:04:31', '2016-10-04', 0, NULL, NULL, 2, 1, 20, 0, NULL),
(3, 4, 2, 'Recrutement du personnel externe', '', '2016-10-21', NULL, 1, NULL, 2, NULL, 1, 4, '2016-10-18 11:57:39', '2016-10-19 11:04:30', '2016-10-04', 0, NULL, 2, 2, 2, 17, 0, NULL),
(4, 4, 2, 'Elaboration des TDRs', '', '2016-10-21', NULL, 1, NULL, 2, NULL, 1, 5, '2016-10-18 11:58:30', '2016-10-19 11:05:17', '2016-10-19', 0, NULL, 3, 2, 3, 4, 0, NULL),
(5, 4, 2, 'Validation des TDRs', '', '2016-10-06', NULL, 1, NULL, 2, NULL, 1, 1, '2016-10-18 11:59:10', '2016-10-18 16:03:43', '2016-10-04', 0, NULL, 3, 2, 5, 6, 0, NULL),
(6, 4, 2, 'Publication des offres', '', '2016-10-21', NULL, 3, NULL, 2, NULL, 1, 3, '2016-10-18 11:59:34', '2017-04-18 17:46:56', '2016-10-06', 0, NULL, 3, 2, 7, 8, 0, NULL),
(7, 4, 2, 'Réception des offres', '', '2016-10-21', NULL, 1, NULL, 2, NULL, 1, 2, '2016-10-18 12:00:04', '2016-10-19 12:31:04', '2016-10-06', 0, NULL, 3, 2, 9, 10, 0, NULL),
(8, 4, 2, 'Selection des candidats', '', '2016-10-14', NULL, 1, NULL, 2, NULL, 1, 2, '2016-10-18 12:00:42', '2016-10-19 11:08:56', '2016-10-11', 0, NULL, 3, 2, 11, 12, 0, NULL),
(9, 4, 2, 'Notification des recurtements', '', '2016-10-17', NULL, 2, NULL, 2, NULL, 1, 4, '2016-10-18 12:01:14', '2016-10-18 16:26:05', '2016-10-17', 0, NULL, 3, 2, 13, 14, 0, NULL),
(10, 4, 2, 'Elaboration et signature du contrat en précisant le voulme horaire consacré aux activités du projet', '', '2016-10-20', NULL, 1, NULL, 2, NULL, 1, 1, '2016-10-18 12:02:07', '2016-10-18 16:06:40', '2016-10-20', 0, NULL, 3, 2, 15, 16, 0, NULL),
(11, 4, 2, 'Mobilisation du personnel interne', '', '2016-10-21', NULL, 2, NULL, 2, NULL, 1, 2, '2016-10-18 12:02:38', '2016-10-18 16:26:50', '2016-10-06', 0, NULL, 2, 2, 18, 19, 0, NULL),
(12, 5, 4, 'Gestion des utilisateurs', '', '2017-04-19', NULL, 5, NULL, 2, NULL, 1, 17, '2017-04-18 18:28:45', '2017-07-11 17:51:08', '2017-04-18', 100, NULL, NULL, 12, 1, 38, 0, '2017-07-11 17:51:08'),
(18, 5, 4, 'Ajouter un utilisateur', '', '2017-04-19', NULL, 5, 1, 2, NULL, 1, 9, '2017-04-18 18:30:18', '2017-04-27 14:42:18', '2017-04-18', 100, NULL, 12, 12, 2, 7, 0, '2017-04-27 14:42:18'),
(19, 5, 4, 'Modifier un utilisateur', '', '2017-04-19', NULL, 5, 1, 2, NULL, 1, 6, '2017-04-18 18:30:34', '2017-04-27 15:02:56', '2017-04-18', 100, NULL, 12, 12, 8, 13, 0, '2017-04-27 15:02:56'),
(20, 5, 4, 'Supprimer un utilisateur', '', '2017-04-19', NULL, 3, NULL, 2, NULL, 1, 5, '2017-04-18 18:30:46', '2017-04-19 12:50:02', '2017-04-19', 100, NULL, 12, 12, 14, 19, 0, NULL),
(21, 5, 4, 'Lister les utilisateurs', '', '2017-04-19', NULL, 3, NULL, 2, NULL, 1, 5, '2017-04-18 18:31:03', '2017-04-19 12:45:09', '2017-04-19', 100, NULL, 12, 12, 20, 25, 0, NULL),
(22, 5, 4, 'Activer un utilisateur', '', '2017-04-19', NULL, 3, NULL, 2, NULL, 1, 5, '2017-04-18 18:31:18', '2017-04-19 12:49:46', '2017-04-19', 100, NULL, 12, 12, 26, 31, 0, NULL),
(23, 5, 4, 'Désactiver un utilisateur', '', '2017-04-19', NULL, 3, NULL, 2, NULL, 1, 5, '2017-04-18 18:31:33', '2017-04-19 12:53:44', '2017-04-19', 100, NULL, 12, 12, 32, 37, 0, NULL),
(24, 5, 4, 'API - Ajouter un utilisateur', '', NULL, NULL, 5, 1, 2, NULL, 1, 3, '2017-04-18 18:32:41', '2017-04-27 13:07:05', '2017-04-18', 100, 2, 18, 12, 3, 4, 0, '2017-04-27 13:07:05'),
(25, 5, 4, 'Front - Ajouter un utilisateur', '', '2017-04-19', NULL, 5, 1, 2, NULL, 1, 3, '2017-04-18 18:32:58', '2017-04-27 13:06:43', '2017-04-18', 100, 1, 18, 12, 5, 6, 0, '2017-04-27 13:06:43'),
(26, 5, 4, 'API - Modifier un utilisateur', '', '2017-04-19', NULL, 5, 1, 2, NULL, 1, 4, '2017-04-18 18:33:50', '2017-04-27 13:06:12', '2017-04-18', 100, 0.5, 19, 12, 9, 10, 0, '2017-04-27 13:06:12'),
(27, 5, 4, 'Front - Modifier un utilisateur', '', '2017-04-19', NULL, 5, 1, 2, NULL, 1, 3, '2017-04-18 18:34:01', '2017-04-27 13:05:47', '2017-04-18', 100, 0.5, 19, 12, 11, 12, 0, '2017-04-27 13:05:47'),
(77, 5, 4, 'API - Supprimer un utilisateur', '', '2017-04-19', NULL, 5, 1, 2, NULL, 1, 4, '2017-04-19 12:31:40', '2017-05-02 08:36:54', '2017-04-19', 100, 0.5, 20, 12, 15, 16, 0, '2017-05-02 08:36:54'),
(78, 5, 4, 'Front - Supprimer un utilisateur', '', '2017-04-19', NULL, 5, 1, 2, NULL, 1, 5, '2017-04-19 12:32:08', '2017-05-02 08:36:38', '2017-04-19', 100, 0.5, 20, 12, 17, 18, 0, '2017-05-02 08:34:56'),
(79, 5, 4, 'API - Lister les utilisateurs', '', '2017-04-19', NULL, 5, 1, 2, NULL, 1, 3, '2017-04-19 12:39:49', '2017-04-27 12:22:05', '2017-04-19', 100, 1, 21, 12, 21, 22, 0, '2017-04-27 12:22:05'),
(80, 5, 4, 'Front - Lister les utilisateurs', '', '2017-04-19', NULL, 5, 1, 2, NULL, 1, 3, '2017-04-19 12:40:32', '2017-04-27 12:20:50', '2017-04-19', 100, 0.5, 21, 12, 23, 24, 0, '2017-04-27 12:20:50'),
(81, 5, 4, 'API - Activer un utilisateur', '', '2017-04-19', NULL, 5, 1, 2, NULL, 1, 3, '2017-04-19 12:46:30', '2017-04-27 12:18:54', '2017-04-19', 100, 0.5, 22, 12, 27, 28, 0, '2017-04-27 12:18:54'),
(82, 5, 4, 'Front - Activer un utilisateur', '', '2017-04-19', NULL, 5, 1, 2, NULL, 1, 4, '2017-04-19 12:46:57', '2017-04-27 12:18:18', '2017-04-19', 100, 0.5, 22, 12, 29, 30, 0, '2017-04-27 12:18:18'),
(83, 5, 4, 'API - Désactiver un utilisateur', '', '2017-04-19', NULL, 5, 1, 2, NULL, 1, 4, '2017-04-19 12:50:40', '2017-04-27 12:17:35', '2017-04-19', 100, 0.5, 23, 12, 33, 34, 0, '2017-04-27 12:17:35'),
(84, 5, 4, 'Front - Désactiver un utilisateur', '', '2017-04-19', NULL, 5, 1, 2, NULL, 1, 3, '2017-04-19 12:51:07', '2017-04-27 12:17:05', '2017-04-19', 100, 0.5, 23, 12, 35, 36, 0, '2017-04-27 12:17:05'),
(114, 5, 4, 'Création du fichier structure de la base', '', '2017-04-20', NULL, 3, 14, 2, NULL, 1, 7, '2017-04-19 16:46:51', '2017-05-12 18:48:47', '2017-04-20', 100, 4, NULL, 114, 1, 2, 0, NULL),
(115, 5, 4, 'Création du fichier SQL de données ', '', '2017-04-20', NULL, 3, 14, 2, NULL, 1, 5, '2017-04-19 16:47:45', '2017-04-21 13:13:26', '2017-04-20', 100, 8, NULL, 115, 1, 2, 0, NULL),
(117, 5, 4, 'Automatisation de la création de la base de donnée', '', '2017-04-25', NULL, 3, 14, 2, NULL, 14, 3, '2017-04-25 09:46:22', '2017-04-25 15:46:48', '2017-04-24', 100, 8, NULL, 117, 1, 2, 0, NULL),
(118, 1, 4, 'table utilisateur', 'Téléphone de la structure pris par défaut et non celle de l''utilisateur. Le numéro de téléphone saisie n''est pas pris en compte .', NULL, NULL, 5, 1, 2, NULL, 14, 7, '2017-04-26 11:57:36', '2017-04-27 13:18:55', '2017-04-26', 100, NULL, NULL, 118, 1, 2, 0, '2017-04-27 13:18:55'),
(119, 1, 4, 'table secteur', '', NULL, NULL, 5, 1, 2, NULL, 14, 6, '2017-04-26 12:05:21', '2017-05-02 10:35:13', '2017-04-26', 100, NULL, NULL, 119, 1, 2, 0, '2017-05-02 10:35:13'),
(120, 1, 4, 'table structure', 'Champ ''description'' inexistant dans le formulaire d''ajout et de modification d''une structure.', NULL, NULL, 5, 1, 2, NULL, 14, 4, '2017-04-26 12:32:09', '2017-04-27 14:38:18', '2017-04-26', 100, NULL, NULL, 120, 1, 2, 0, '2017-04-27 14:38:18'),
(121, 1, 4, 'restriction des droits aux utilisateurs', 'Il faudrait enlever l’accès à la manipulation des données aux visiteurs du site qui n''ont pas des droits d''administrateur.', NULL, NULL, 6, 1, 2, NULL, 14, 2, '2017-04-26 15:23:30', '2017-04-27 08:36:17', '2017-04-26', 0, NULL, NULL, 121, 1, 2, 0, '2017-04-27 08:36:17'),
(123, 1, 4, 'Secteur - L''utilisateur lambda a la possibilité de faire une action sur les secteurs (ex : Supprimer, modifier, ...)', '', NULL, NULL, 5, 1, 2, NULL, 1, 3, '2017-04-27 08:34:13', '2017-04-27 15:05:07', '2017-04-27', 100, NULL, NULL, 123, 1, 2, 0, '2017-04-27 15:05:07'),
(128, 5, 6, 'Achat de template', '', '2017-05-05', NULL, 1, 1, 2, NULL, 1, 0, '2017-05-02 07:53:10', '2017-05-02 07:53:10', '2017-05-03', 0, 8, NULL, 128, 1, 2, 0, NULL),
(129, 5, 6, 'Adaptation du template et création du menu', '', '2017-05-10', NULL, 1, 1, 2, NULL, 1, 1, '2017-05-02 07:53:56', '2017-05-03 07:39:21', '2017-05-02', 0, 8, NULL, 129, 1, 2, 0, NULL),
(130, 5, 6, 'Intégration des shapes avec prise en compte des styles dans geoserver', '', '2017-05-16', NULL, 1, 1, 2, NULL, 1, 0, '2017-05-02 07:54:52', '2017-05-02 07:54:52', '2017-05-02', 0, 8, NULL, 130, 1, 2, 0, NULL),
(131, 5, 6, 'Création des onglets et création des interfaces correspondants', '', '2017-05-19', NULL, 1, 1, 2, NULL, 1, 1, '2017-05-02 07:55:48', '2017-05-03 07:39:30', '2017-05-02', 0, 24, NULL, 131, 1, 2, 0, NULL),
(132, 5, 6, 'Dynamisation des interfaces', '', '2017-05-30', NULL, 1, 1, 2, NULL, 1, 1, '2017-05-02 07:56:51', '2017-05-03 07:41:19', '2017-05-02', 0, 48, NULL, 132, 1, 2, 0, NULL),
(133, 5, 6, 'Fonctionnalité de recherche', '', '2017-06-06', NULL, 1, 1, 2, NULL, 1, 0, '2017-05-02 07:57:48', '2017-05-02 07:57:48', '2017-05-02', 0, 12, NULL, 133, 1, 2, 0, NULL),
(134, 5, 6, 'Fonctionnalité de téléchargement', '', '2017-06-09', NULL, 1, 1, 2, NULL, 1, 1, '2017-05-02 07:58:15', '2017-05-03 07:39:03', '2017-05-02', 0, 16, NULL, 134, 1, 2, 0, NULL),
(142, 5, 5, 'MISE EN PLACE DU PROJET', '', '2016-10-20', NULL, 3, NULL, 2, NULL, 4, 3, '2017-05-09 15:16:18', '2017-05-09 15:18:36', '2016-09-29', 0, NULL, NULL, 142, 1, 4, 0, NULL),
(143, 5, 5, 'A 1.1.1. Recrutement du personnel externe', '', '2016-10-20', NULL, 3, NULL, 2, NULL, 4, 2, '2017-05-09 15:17:49', '2017-05-09 15:19:08', '2016-09-29', 0, NULL, 142, 142, 2, 3, 0, NULL),
(144, 5, 4, 'Modifier libellé dans détail secteur', 'Mettre "Secteur" à la place de "Libelle" dans détail secteur', NULL, NULL, 3, 1, 2, NULL, 1, 2, '2017-07-11 18:10:59', '2017-07-20 15:35:38', '2017-07-11', 0, NULL, NULL, 144, 1, 2, 0, NULL),
(145, 5, 4, 'Revoir les droits des sectoriels par rapport à la création et au renseignement des leurs indicateurs', '', NULL, NULL, 3, 1, 2, NULL, 1, 2, '2017-07-11 18:11:29', '2017-07-21 08:42:49', '2017-07-11', 0, NULL, NULL, 145, 1, 2, 0, NULL),
(146, 5, 4, 'Manuel d''utilisation et voire même une animation sur la plateforme', '', NULL, NULL, 2, 14, 2, NULL, 1, 3, '2017-07-11 18:12:19', '2017-08-09 12:13:21', '2017-07-11', 0, NULL, NULL, 146, 1, 2, 0, NULL),
(147, 5, 4, 'Prévoir la création de graphes mixtes', '', NULL, NULL, 2, 1, 2, NULL, 1, 1, '2017-07-11 18:12:40', '2017-08-09 12:13:30', '2017-07-11', 0, NULL, NULL, 147, 1, 2, 0, NULL),
(148, 5, 4, 'Créer une palette de couleur pour faciliter la création de légende', '', NULL, NULL, 3, NULL, 2, NULL, 1, 2, '2017-07-11 18:13:11', '2017-08-09 12:12:27', '2017-07-11', 0, NULL, NULL, 148, 1, 2, 0, NULL),
(149, 5, 4, 'Fixer la durée de validation des données dans la plateforme afin d''éviter d''éventuelles retouches de celles-ci', '', '2017-07-27', NULL, 3, NULL, 2, NULL, 1, 3, '2017-07-11 18:19:53', '2017-08-14 16:56:53', '2017-07-11', 0, NULL, NULL, 149, 1, 2, 0, NULL),
(150, 5, 4, 'Mettre un historique sur les données afin de pouvoir tracer les modifications (auteur, date, heure…)', '', NULL, NULL, 1, NULL, 2, NULL, 1, 0, '2017-07-11 18:20:10', '2017-07-11 18:20:10', '2017-07-11', 0, NULL, NULL, 150, 1, 2, 0, NULL),
(151, 5, 4, 'Ajouter un formulaire (Nom, Prénom, Institution, adresse email...) pour les demandeurs de données', '', NULL, NULL, 3, 14, 2, NULL, 1, 4, '2017-07-11 18:20:28', '2017-07-28 12:10:18', '2017-07-11', 100, NULL, NULL, 151, 1, 2, 0, NULL),
(152, 5, 4, 'Ajouter les noms des régions dans la carte', '', NULL, NULL, 3, 1, 2, NULL, 1, 2, '2017-07-11 18:20:39', '2017-07-21 08:22:47', '2017-07-11', 0, NULL, NULL, 152, 1, 2, 0, NULL),
(154, 5, 4, 'Compteur de connexion', '', NULL, NULL, 3, NULL, 2, NULL, 1, 4, '2017-07-11 18:22:43', '2017-07-24 18:11:20', '2017-07-11', 0, NULL, NULL, 154, 1, 2, 0, NULL),
(155, 5, 4, 'Estimation des requêtes de la plateforme', '', NULL, NULL, 1, NULL, 2, NULL, 1, 0, '2017-07-11 18:23:06', '2017-07-11 18:23:06', '2017-07-11', 0, NULL, NULL, 155, 1, 2, 0, NULL),
(156, 5, 4, 'Déploiement automatique de la plateforme', '', NULL, NULL, 1, NULL, 2, NULL, 1, 0, '2017-07-11 18:24:11', '2017-07-11 18:24:11', '2017-07-11', 0, NULL, NULL, 156, 1, 2, 0, NULL),
(157, 5, 4, 'Permettre à l''utilisateur de modifier son mot de passe', '', NULL, NULL, 3, 1, 2, NULL, 1, 4, '2017-07-21 08:23:16', '2017-07-28 10:11:06', '2017-07-21', 0, NULL, NULL, 157, 1, 2, 0, NULL),
(158, 5, 4, 'Créer un super utilisateur qui va gérer les utilisateurs', '', NULL, NULL, 3, NULL, 2, NULL, 1, 5, '2017-07-21 09:02:58', '2017-07-24 08:00:07', '2017-07-21', 0, NULL, NULL, 158, 1, 2, 0, NULL),
(159, 5, 4, 'Supprimer un indicateur', '', NULL, NULL, 3, 1, 2, NULL, 1, 2, '2017-07-24 08:01:27', '2017-07-24 09:13:13', '2017-07-24', 0, NULL, NULL, 159, 1, 2, 0, NULL),
(160, 5, 4, 'Permettre à l''utilisateur d''importer les indicateurs via un fichier excel', '', '2017-07-26', NULL, 3, 1, 2, NULL, 1, 3, '2017-07-24 18:13:20', '2017-08-09 12:07:28', '2017-07-24', 0, NULL, NULL, 160, 1, 2, 0, NULL),
(161, 5, 4, 'Un partenaire ne peut modifier que les données de son secteur', '', NULL, NULL, 3, NULL, 2, NULL, 1, 2, '2017-07-26 07:44:19', '2017-08-09 12:12:39', '2017-07-26', 0, NULL, NULL, 161, 1, 2, 0, NULL),
(162, 1, 4, 'Partenaires', 'Ajouter les noms des personnes contacts au niveau des partenaires', NULL, NULL, 1, NULL, 2, NULL, 17, 0, '2017-08-17 17:28:22', '2017-08-17 17:28:22', '2017-08-17', 0, NULL, NULL, 162, 1, 2, 0, NULL),
(163, 1, 4, 'Logo partenaire', 'Ajouter si possible le logo des partenaires à coté du nom de la structure concernée', NULL, NULL, 1, NULL, 2, NULL, 17, 0, '2017-08-17 18:19:28', '2017-08-17 18:19:28', '2017-08-17', 0, NULL, NULL, 163, 1, 2, 0, NULL),
(164, 1, 4, 'Valeur', 'L''application ne prend pas en charge les chiffres décimales. Donc il y a certains indicateurs que je peux pas renseigner pour le moment.', NULL, NULL, 1, NULL, 2, NULL, 17, 0, '2017-08-18 13:02:29', '2017-08-18 13:02:29', '2017-08-18', 0, NULL, NULL, 164, 1, 2, 0, NULL),
(165, 1, 4, 'Niveau admin', 'Mettre Sénégal la ou on a mis niveau admin et faire en sorte que la plateforme prend en compte les chiffres décimales', NULL, NULL, 1, NULL, 2, NULL, 17, 0, '2017-08-18 13:19:43', '2017-08-18 13:19:43', '2017-08-18', 0, NULL, NULL, 165, 1, 2, 0, NULL);

-- --------------------------------------------------------

--
-- Structure de la table `journal_details`
--

CREATE TABLE `journal_details` (
  `id` int(11) NOT NULL,
  `journal_id` int(11) NOT NULL DEFAULT '0',
  `property` varchar(30) NOT NULL DEFAULT '',
  `prop_key` varchar(30) NOT NULL DEFAULT '',
  `old_value` text,
  `value` text
) ENGINE=InnoDB DEFAULT CHARSET=latin1;

--
-- Contenu de la table `journal_details`
--

INSERT INTO `journal_details` (`id`, `journal_id`, `property`, `prop_key`, `old_value`, `value`) VALUES
(2, 2, 'attr', 'status_id', '1', '2'),
(3, 3, 'attr', 'status_id', '2', '1'),
(4, 4, 'attr', 'assigned_to_id', NULL, '4'),
(5, 5, 'attr', 'assigned_to_id', NULL, '4'),
(6, 6, 'attr', 'assigned_to_id', NULL, '4'),
(7, 7, 'attr', 'assigned_to_id', NULL, '4'),
(8, 8, 'attr', 'assigned_to_id', NULL, '4'),
(9, 9, 'attr', 'assigned_to_id', NULL, '4'),
(10, 10, 'attr', 'assigned_to_id', NULL, '4'),
(11, 11, 'attr', 'assigned_to_id', NULL, '4'),
(12, 12, 'attr', 'status_id', '1', '2'),
(13, 13, 'attr', 'status_id', '2', '3'),
(14, 14, 'attr', 'status_id', '1', '2'),
(15, 15, 'attr', 'status_id', '3', '2'),
(16, 16, 'attr', 'status_id', '1', '2'),
(17, 17, 'attr', 'status_id', '2', '3'),
(91, 67, 'attr', 'status_id', '1', '2'),
(92, 67, 'attr', 'assigned_to_id', NULL, '1'),
(93, 67, 'attr', 'estimated_hours', NULL, '2.0'),
(95, 69, 'attr', 'status_id', '2', '3'),
(96, 69, 'attr', 'done_ratio', '0', '100'),
(98, 71, 'attr', 'due_date', NULL, '2017-04-19'),
(99, 71, 'attr', 'status_id', '1', '2'),
(100, 71, 'attr', 'assigned_to_id', NULL, '1'),
(101, 71, 'attr', 'estimated_hours', NULL, '1.0'),
(102, 72, 'attr', 'status_id', '2', '3'),
(103, 72, 'attr', 'done_ratio', '0', '100'),
(104, 73, 'attr', 'status_id', '1', '2'),
(105, 74, 'attr', 'status_id', '2', '3'),
(106, 75, 'attr', 'status_id', '1', '2'),
(107, 75, 'attr', 'assigned_to_id', NULL, '1'),
(108, 76, 'attr', 'due_date', NULL, '2017-04-19'),
(109, 76, 'attr', 'assigned_to_id', NULL, '1'),
(110, 76, 'attr', 'estimated_hours', NULL, '0.5'),
(111, 77, 'attr', 'status_id', '1', '2'),
(112, 78, 'attr', 'status_id', '2', '3'),
(113, 78, 'attr', 'done_ratio', '0', '100'),
(114, 79, 'attr', 'due_date', NULL, '2017-04-19'),
(115, 79, 'attr', 'status_id', '1', '2'),
(116, 79, 'attr', 'estimated_hours', NULL, '0.5'),
(117, 80, 'attr', 'status_id', '2', '3'),
(118, 80, 'attr', 'assigned_to_id', NULL, '1'),
(119, 80, 'attr', 'done_ratio', '0', '100'),
(120, 81, 'attr', 'status_id', '2', '3'),
(121, 82, 'attr', 'status_id', '1', '2'),
(122, 83, 'attr', 'status_id', '2', '3'),
(123, 83, 'attr', 'done_ratio', '0', '100'),
(124, 84, 'attr', 'status_id', '1', '2'),
(125, 85, 'attr', 'status_id', '1', '2'),
(126, 86, 'attr', 'status_id', '2', '3'),
(127, 86, 'attr', 'done_ratio', '0', '100'),
(128, 87, 'attr', 'status_id', '1', '2'),
(129, 88, 'attr', 'status_id', '2', '3'),
(130, 88, 'attr', 'done_ratio', '0', '100'),
(131, 89, 'attr', 'status_id', '1', '2'),
(132, 90, 'attr', 'status_id', '2', '3'),
(133, 90, 'attr', 'done_ratio', '0', '100'),
(134, 91, 'attr', 'status_id', '1', '2'),
(135, 92, 'attr', 'status_id', '2', '3'),
(136, 93, 'attr', 'status_id', '1', '2'),
(137, 94, 'attr', 'status_id', '2', '3'),
(138, 94, 'attr', 'done_ratio', '0', '100'),
(139, 95, 'attr', 'status_id', '1', '2'),
(140, 96, 'attr', 'status_id', '2', '3'),
(141, 97, 'attr', 'done_ratio', '0', '100'),
(142, 98, 'attr', 'status_id', '1', '2'),
(143, 99, 'attr', 'status_id', '2', '3'),
(144, 100, 'attr', 'status_id', '2', '3'),
(145, 101, 'attr', 'status_id', '1', '2'),
(146, 102, 'attr', 'done_ratio', '0', '100'),
(147, 103, 'attr', 'status_id', '2', '3'),
(148, 104, 'attr', 'status_id', '1', '2'),
(149, 105, 'attr', 'status_id', '2', '3'),
(150, 105, 'attr', 'done_ratio', '0', '100'),
(151, 106, 'attr', 'status_id', '1', '2'),
(152, 107, 'attr', 'status_id', '2', '3'),
(259, 175, 'attr', 'due_date', '2017-04-26', '2017-04-20'),
(260, 175, 'attr', 'status_id', '1', '2'),
(261, 175, 'attr', 'start_date', '2017-04-24', '2017-04-20'),
(262, 175, 'attr', 'done_ratio', '0', '100'),
(263, 176, 'attachment', '5', NULL, 'Model2__Utilisateur__Overview_8.png'),
(264, 176, 'attr', 'status_id', '3', '4'),
(266, 178, 'attr', 'assigned_to_id', NULL, '1'),
(278, 187, 'attr', 'status_id', '4', '3'),
(281, 190, 'attr', 'status_id', '2', '3'),
(282, 191, 'attr', 'status_id', '3', '2'),
(283, 192, 'attr', 'due_date', '2017-04-21', '2017-04-20'),
(284, 192, 'attr', 'status_id', '1', '2'),
(285, 192, 'attr', 'done_ratio', '0', '100'),
(286, 193, 'attr', 'status_id', '2', '3'),
(292, 198, 'attr', 'status_id', '3', '2'),
(293, 199, 'attr', 'status_id', '2', '3'),
(294, 200, 'attr', 'status_id', '2', '3'),
(302, 206, 'attr', 'status_id', '1', '2'),
(303, 207, 'attr', 'status_id', '2', '3'),
(304, 208, 'attr', 'done_ratio', '0', '100'),
(312, 214, 'attachment', '8', NULL, 'message d_erreur.png'),
(313, 214, 'attr', 'assigned_to_id', NULL, '1'),
(314, 215, 'attachment', '10', NULL, 'tel.png'),
(315, 216, 'attr', 'subject', 'profil utilisateur', 'table utilisateur'),
(318, 218, 'attr', 'status_id', '1', '2'),
(319, 219, 'attr', 'status_id', '2', '1'),
(328, 226, 'attr', 'status_id', '1', '2'),
(330, 228, 'attr', 'status_id', '1', '2'),
(331, 229, 'attr', 'status_id', '1', '2'),
(332, 230, 'attr', 'status_id', '1', '2'),
(333, 231, 'attr', 'status_id', '1', '2'),
(334, 232, 'attr', 'status_id', '2', '6'),
(335, 233, 'attr', 'status_id', '2', '3'),
(336, 233, 'attr', 'done_ratio', '0', '100'),
(337, 233, 'attr', 'estimated_hours', NULL, '0.2'),
(338, 234, 'attr', 'estimated_hours', '0.2', NULL),
(339, 235, 'attr', 'status_id', '2', '3'),
(340, 235, 'attr', 'done_ratio', '0', '100'),
(341, 236, 'attr', 'status_id', '2', '3'),
(342, 236, 'attr', 'done_ratio', '0', '100'),
(343, 237, 'attr', 'status_id', '2', '3'),
(344, 237, 'attr', 'done_ratio', '0', '100'),
(356, 246, 'attr', 'status_id', '3', '5'),
(357, 247, 'attr', 'status_id', '3', '5'),
(358, 248, 'attr', 'status_id', '3', '5'),
(359, 249, 'attr', 'status_id', '3', '5'),
(360, 250, 'attr', 'status_id', '3', '5'),
(361, 251, 'attr', 'status_id', '3', '5'),
(362, 252, 'attr', 'status_id', '3', '2'),
(363, 253, 'attr', 'status_id', '3', '2'),
(372, 262, 'attr', 'status_id', '3', '5'),
(373, 263, 'attr', 'status_id', '3', '5'),
(374, 264, 'attr', 'status_id', '3', '5'),
(375, 265, 'attr', 'status_id', '3', '5'),
(377, 267, 'attr', 'status_id', '3', '2'),
(378, 268, 'attr', 'status_id', '3', '5'),
(381, 271, 'attr', 'status_id', '3', '5'),
(382, 272, 'attr', 'status_id', '3', '5'),
(392, 282, 'attr', 'status_id', '3', '5'),
(393, 283, 'attr', 'status_id', '3', '5'),
(396, 286, 'relation', 'relates', NULL, '128'),
(397, 287, 'relation', 'relates', NULL, '129'),
(398, 288, 'relation', 'relates', '128', NULL),
(399, 289, 'relation', 'relates', '129', NULL),
(400, 290, 'attr', 'status_id', '2', '5'),
(401, 291, 'attr', 'status_id', '2', '5'),
(402, 292, 'attr', 'status_id', '2', '3'),
(410, 300, 'attr', 'status_id', '3', '5'),
(425, 311, 'attr', 'assigned_to_id', NULL, '1'),
(426, 312, 'attr', 'assigned_to_id', NULL, '1'),
(427, 313, 'attr', 'assigned_to_id', NULL, '1'),
(428, 314, 'attr', 'estimated_hours', '24.0', '48.0'),
(430, 316, 'attr', 'status_id', '1', '2'),
(431, 317, 'attr', 'status_id', '2', '3'),
(432, 318, 'attr', 'status_id', '1', '2'),
(433, 319, 'attr', 'status_id', '2', '3'),
(434, 320, 'attr', 'status_id', '3', '4'),
(435, 321, 'attr', 'status_id', '4', '3'),
(436, 322, 'attr', 'status_id', '1', '5'),
(437, 323, 'attr', 'status_id', '1', '2'),
(438, 324, 'attr', 'status_id', '1', '2'),
(439, 325, 'attr', 'status_id', '2', '3'),
(440, 326, 'attr', 'status_id', '1', '2'),
(441, 327, 'attr', 'status_id', '2', '3'),
(442, 328, 'attr', 'status_id', '1', '2'),
(443, 329, 'attr', 'status_id', '2', '3'),
(444, 330, 'attr', 'status_id', '1', '2'),
(445, 331, 'attr', 'status_id', '2', '1'),
(446, 332, 'attr', 'status_id', '1', '2'),
(447, 333, 'attr', 'assigned_to_id', NULL, '1'),
(448, 334, 'attr', 'status_id', '2', '3'),
(449, 335, 'attr', 'status_id', '1', '2'),
(450, 336, 'attr', 'status_id', '2', '3'),
(451, 337, 'attr', 'status_id', '1', '2'),
(452, 339, 'attr', 'status_id', '2', '3'),
(453, 340, 'attr', 'status_id', '3', '2'),
(454, 341, 'attr', 'status_id', '1', '2'),
(455, 342, 'attr', 'status_id', '2', '3'),
(456, 344, 'attr', 'status_id', '2', '3'),
(457, 345, 'attr', 'status_id', '1', '2'),
(458, 346, 'attr', 'due_date', NULL, '2017-07-26'),
(459, 347, 'attr', 'due_date', NULL, '2017-07-27'),
(460, 348, 'attr', 'status_id', '2', '3'),
(461, 349, 'attr', 'done_ratio', '0', '100'),
(462, 350, 'attr', 'status_id', '2', '3'),
(463, 351, 'attr', 'status_id', '1', '2'),
(464, 352, 'attr', 'status_id', '1', '2'),
(465, 353, 'attr', 'status_id', '1', '2'),
(466, 354, 'attr', 'status_id', '2', '3'),
(467, 355, 'attr', 'status_id', '2', '3'),
(468, 356, 'attr', 'assigned_to_id', '1', '14'),
(469, 357, 'attr', 'subject', 'Prévoir un manuel d''utilisation et voire même une animation sur la plateforme', 'Manuel d''utilisation et voire même une animation sur la plateforme'),
(470, 358, 'attr', 'status_id', '1', '2'),
(471, 359, 'attr', 'status_id', '1', '2'),
(472, 360, 'attr', 'status_id', '2', '3');

-- --------------------------------------------------------

--
-- Structure de la table `journals`
--

CREATE TABLE `journals` (
  `id` int(11) NOT NULL,
  `journalized_id` int(11) NOT NULL DEFAULT '0',
  `journalized_type` varchar(30) NOT NULL DEFAULT '',
  `user_id` int(11) NOT NULL DEFAULT '0',
  `notes` text,
  `created_on` datetime NOT NULL,
  `private_notes` tinyint(1) NOT NULL DEFAULT '0'
) ENGINE=InnoDB DEFAULT CHARSET=latin1;

--
-- Contenu de la table `journals`
--

INSERT INTO `journals` (`id`, `journalized_id`, `journalized_type`, `user_id`, `notes`, `created_on`, `private_notes`) VALUES
(2, 4, 'Issue', 1, '', '2016-10-18 15:07:32', 0),
(3, 4, 'Issue', 1, '', '2016-10-18 15:10:25', 0),
(4, 4, 'Issue', 1, '', '2016-10-18 16:03:08', 0),
(5, 5, 'Issue', 1, '', '2016-10-18 16:03:43', 0),
(6, 6, 'Issue', 1, '', '2016-10-18 16:04:34', 0),
(7, 7, 'Issue', 1, '', '2016-10-18 16:05:06', 0),
(8, 8, 'Issue', 1, '', '2016-10-18 16:05:45', 0),
(9, 9, 'Issue', 1, '', '2016-10-18 16:06:10', 0),
(10, 10, 'Issue', 1, '', '2016-10-18 16:06:40', 0),
(11, 11, 'Issue', 1, '', '2016-10-18 16:06:58', 0),
(12, 9, 'Issue', 1, '', '2016-10-18 16:24:47', 0),
(13, 9, 'Issue', 1, '', '2016-10-18 16:25:11', 0),
(14, 6, 'Issue', 1, '', '2016-10-18 16:25:31', 0),
(15, 9, 'Issue', 1, '', '2016-10-18 16:26:05', 0),
(16, 11, 'Issue', 1, '', '2016-10-18 16:26:50', 0),
(17, 6, 'Issue', 1, '', '2017-04-18 17:46:56', 0),
(67, 24, 'Issue', 1, '', '2017-04-19 11:24:13', 0),
(69, 24, 'Issue', 1, '', '2017-04-19 11:24:50', 0),
(71, 25, 'Issue', 1, '', '2017-04-19 11:26:33', 0),
(72, 25, 'Issue', 1, '', '2017-04-19 11:26:55', 0),
(73, 18, 'Issue', 1, '', '2017-04-19 11:27:27', 0),
(74, 18, 'Issue', 1, '', '2017-04-19 11:27:41', 0),
(75, 19, 'Issue', 1, '', '2017-04-19 11:28:09', 0),
(76, 26, 'Issue', 1, '', '2017-04-19 12:21:53', 0),
(77, 26, 'Issue', 1, '', '2017-04-19 12:28:03', 0),
(78, 26, 'Issue', 1, '', '2017-04-19 12:28:25', 0),
(79, 27, 'Issue', 1, '', '2017-04-19 12:28:57', 0),
(80, 27, 'Issue', 1, '', '2017-04-19 12:29:30', 0),
(81, 19, 'Issue', 1, '', '2017-04-19 12:30:15', 0),
(82, 78, 'Issue', 1, '', '2017-04-19 12:32:29', 0),
(83, 78, 'Issue', 1, '', '2017-04-19 12:32:45', 0),
(84, 77, 'Issue', 1, '', '2017-04-19 12:37:28', 0),
(85, 20, 'Issue', 1, '', '2017-04-19 12:37:44', 0),
(86, 77, 'Issue', 1, '', '2017-04-19 12:38:56', 0),
(87, 79, 'Issue', 1, '', '2017-04-19 12:41:46', 0),
(88, 79, 'Issue', 1, '', '2017-04-19 12:42:14', 0),
(89, 80, 'Issue', 1, '', '2017-04-19 12:43:41', 0),
(90, 80, 'Issue', 1, '', '2017-04-19 12:43:59', 0),
(91, 21, 'Issue', 1, '', '2017-04-19 12:44:55', 0),
(92, 21, 'Issue', 1, '', '2017-04-19 12:45:09', 0),
(93, 81, 'Issue', 1, '', '2017-04-19 12:47:18', 0),
(94, 81, 'Issue', 1, '', '2017-04-19 12:47:40', 0),
(95, 82, 'Issue', 1, '', '2017-04-19 12:48:01', 0),
(96, 82, 'Issue', 1, '', '2017-04-19 12:48:19', 0),
(97, 82, 'Issue', 1, '', '2017-04-19 12:49:13', 0),
(98, 22, 'Issue', 1, '', '2017-04-19 12:49:37', 0),
(99, 22, 'Issue', 1, '', '2017-04-19 12:49:46', 0),
(100, 20, 'Issue', 1, '', '2017-04-19 12:50:02', 0),
(101, 83, 'Issue', 1, '', '2017-04-19 12:51:28', 0),
(102, 83, 'Issue', 1, '', '2017-04-19 12:51:50', 0),
(103, 83, 'Issue', 1, '', '2017-04-19 12:52:14', 0),
(104, 84, 'Issue', 1, '', '2017-04-19 12:52:33', 0),
(105, 84, 'Issue', 1, '', '2017-04-19 12:53:06', 0),
(106, 23, 'Issue', 1, '', '2017-04-19 12:53:26', 0),
(107, 23, 'Issue', 1, '', '2017-04-19 12:53:44', 0),
(175, 115, 'Issue', 14, '', '2017-04-20 11:38:22', 0),
(176, 18, 'Issue', 16, 'Le champ test n''est pas renseigné', '2017-04-20 13:05:41', 0),
(178, 18, 'Issue', 16, '', '2017-04-20 13:06:04', 0),
(187, 18, 'Issue', 16, '', '2017-04-20 15:03:59', 0),
(190, 115, 'Issue', 14, '', '2017-04-20 15:10:07', 0),
(191, 115, 'Issue', 14, '', '2017-04-20 15:11:08', 0),
(192, 114, 'Issue', 14, '', '2017-04-20 15:14:08', 0),
(193, 114, 'Issue', 14, '', '2017-04-20 15:16:17', 0),
(198, 114, 'Issue', 1, '', '2017-04-21 11:30:11', 0),
(199, 115, 'Issue', 14, '', '2017-04-21 13:13:26', 0),
(200, 114, 'Issue', 14, '', '2017-04-21 13:14:19', 0),
(206, 117, 'Issue', 14, '', '2017-04-25 15:45:55', 0),
(207, 117, 'Issue', 14, '', '2017-04-25 15:46:26', 0),
(208, 117, 'Issue', 14, '', '2017-04-25 15:46:48', 0),
(214, 119, 'Issue', 14, 'Message de confirmation à corriger lors de l''activation d''un secteur.', '2017-04-26 12:15:26', 0),
(215, 118, 'Issue', 14, 'Djamila Hachimou a écrit :\r\n> Téléphone de la structure pris par défaut et non celle de l''utilisateur. Le numéro de téléphone saisi n''est pas pris en compte .\r\nun contrôle de saisie doit être fait au niveau du champ ''nom d''utilisateur''\r\n\r\n', '2017-04-26 12:40:01', 0),
(216, 118, 'Issue', 14, '*Modification non prise en compte\r\n*génération d''un nouveau mot de passe non valide, aucune action n''est menée suite à la confirmation  du message d''alerte.', '2017-04-26 14:27:14', 0),
(218, 118, 'Issue', 1, '', '2017-04-26 15:16:57', 0),
(219, 118, 'Issue', 1, '', '2017-04-26 15:17:01', 0),
(226, 118, 'Issue', 1, '', '2017-04-27 07:52:32', 0),
(228, 120, 'Issue', 1, '', '2017-04-27 07:59:22', 0),
(229, 119, 'Issue', 1, '', '2017-04-27 08:02:58', 0),
(230, 121, 'Issue', 1, '', '2017-04-27 08:35:49', 0),
(231, 123, 'Issue', 1, '', '2017-04-27 08:35:54', 0),
(232, 121, 'Issue', 1, '', '2017-04-27 08:36:17', 0),
(233, 120, 'Issue', 1, '', '2017-04-27 08:37:47', 0),
(234, 120, 'Issue', 1, '', '2017-04-27 08:38:05', 0),
(235, 123, 'Issue', 1, '', '2017-04-27 08:38:30', 0),
(236, 118, 'Issue', 1, '', '2017-04-27 08:38:57', 0),
(237, 119, 'Issue', 1, '', '2017-04-27 08:39:25', 0),
(246, 84, 'Issue', 14, '', '2017-04-27 12:17:05', 0),
(247, 83, 'Issue', 14, '', '2017-04-27 12:17:35', 0),
(248, 82, 'Issue', 14, '', '2017-04-27 12:18:18', 0),
(249, 81, 'Issue', 14, '', '2017-04-27 12:18:54', 0),
(250, 80, 'Issue', 14, '', '2017-04-27 12:20:50', 0),
(251, 79, 'Issue', 14, '', '2017-04-27 12:22:05', 0),
(252, 78, 'Issue', 14, '', '2017-04-27 12:23:50', 0),
(253, 77, 'Issue', 14, '', '2017-04-27 12:26:13', 0),
(262, 27, 'Issue', 14, '', '2017-04-27 13:05:47', 0),
(263, 26, 'Issue', 14, '', '2017-04-27 13:06:12', 0),
(264, 25, 'Issue', 14, '', '2017-04-27 13:06:43', 0),
(265, 24, 'Issue', 14, '', '2017-04-27 13:07:05', 0),
(267, 119, 'Issue', 14, '', '2017-04-27 13:08:42', 0),
(268, 118, 'Issue', 14, '', '2017-04-27 13:18:55', 0),
(271, 120, 'Issue', 14, '', '2017-04-27 14:38:18', 0),
(272, 18, 'Issue', 14, '', '2017-04-27 14:42:18', 0),
(282, 19, 'Issue', 14, '', '2017-04-27 15:02:56', 0),
(283, 123, 'Issue', 14, '', '2017-04-27 15:05:07', 0),
(286, 129, 'Issue', 1, '', '2017-05-02 07:59:09', 0),
(287, 128, 'Issue', 1, '', '2017-05-02 07:59:09', 0),
(288, 129, 'Issue', 1, '', '2017-05-02 07:59:53', 0),
(289, 128, 'Issue', 1, '', '2017-05-02 07:59:53', 0),
(290, 78, 'Issue', 1, '', '2017-05-02 08:34:57', 0),
(291, 77, 'Issue', 1, '', '2017-05-02 08:36:54', 0),
(292, 119, 'Issue', 1, '', '2017-05-02 08:44:14', 0),
(300, 119, 'Issue', 14, '', '2017-05-02 10:35:13', 0),
(311, 134, 'Issue', 1, '', '2017-05-03 07:39:03', 0),
(312, 129, 'Issue', 1, '', '2017-05-03 07:39:21', 0),
(313, 131, 'Issue', 1, '', '2017-05-03 07:39:30', 0),
(314, 132, 'Issue', 1, '', '2017-05-03 07:41:19', 0),
(316, 142, 'Issue', 4, '', '2017-05-09 15:18:27', 0),
(317, 142, 'Issue', 4, '', '2017-05-09 15:18:36', 0),
(318, 143, 'Issue', 4, '', '2017-05-09 15:18:50', 0),
(319, 143, 'Issue', 4, '', '2017-05-09 15:19:08', 0),
(320, 114, 'Issue', 1, '', '2017-05-12 18:48:41', 0),
(321, 114, 'Issue', 1, '', '2017-05-12 18:48:47', 0),
(322, 12, 'Issue', 1, '', '2017-07-11 17:51:08', 0),
(323, 144, 'Issue', 1, '', '2017-07-20 15:35:00', 0),
(324, 151, 'Issue', 14, '', '2017-07-20 15:35:29', 0),
(325, 144, 'Issue', 1, '', '2017-07-20 15:35:38', 0),
(326, 152, 'Issue', 1, '', '2017-07-20 15:36:13', 0),
(327, 152, 'Issue', 1, '', '2017-07-21 08:22:47', 0),
(328, 145, 'Issue', 1, '', '2017-07-21 08:23:38', 0),
(329, 145, 'Issue', 1, '', '2017-07-21 08:42:49', 0),
(330, 158, 'Issue', 1, '', '2017-07-21 09:03:36', 0),
(331, 158, 'Issue', 1, '', '2017-07-21 09:03:44', 0),
(332, 157, 'Issue', 1, '', '2017-07-21 09:03:53', 0),
(333, 157, 'Issue', 1, '', '2017-07-21 09:04:08', 0),
(334, 157, 'Issue', 1, '', '2017-07-21 12:14:29', 0),
(335, 154, 'Issue', 1, '', '2017-07-21 12:25:55', 0),
(336, 154, 'Issue', 1, '', '2017-07-21 12:26:03', 0),
(337, 158, 'Issue', 1, '', '2017-07-21 12:26:57', 0),
(338, 158, 'Issue', 1, 'Pour être super utilisateur, il faut directement intervenir sur la base de données', '2017-07-24 08:00:02', 0),
(339, 158, 'Issue', 1, '', '2017-07-24 08:00:07', 0),
(340, 154, 'Issue', 1, '', '2017-07-24 08:00:36', 0),
(341, 159, 'Issue', 1, '', '2017-07-24 09:13:06', 0),
(342, 159, 'Issue', 1, '', '2017-07-24 09:13:13', 0),
(343, 151, 'Issue', 14, 'Seule l''information de l''institution est requise pour éviter une réticence de l''utilisateur', '2017-07-24 12:31:54', 0),
(344, 154, 'Issue', 1, '', '2017-07-24 18:11:20', 0),
(345, 160, 'Issue', 1, '', '2017-07-24 18:13:33', 0),
(346, 160, 'Issue', 1, '', '2017-07-24 18:16:56', 0),
(347, 149, 'Issue', 1, '', '2017-07-24 18:17:49', 0),
(348, 151, 'Issue', 14, '', '2017-07-28 12:09:31', 0),
(349, 151, 'Issue', 14, '', '2017-07-28 12:10:18', 0),
(350, 160, 'Issue', 1, '', '2017-08-09 12:07:28', 0),
(351, 146, 'Issue', 1, '', '2017-08-09 12:08:42', 0),
(352, 148, 'Issue', 1, '', '2017-08-09 12:08:51', 0),
(353, 161, 'Issue', 1, '', '2017-08-09 12:09:09', 0),
(354, 148, 'Issue', 1, '', '2017-08-09 12:12:27', 0),
(355, 161, 'Issue', 1, '', '2017-08-09 12:12:39', 0),
(356, 146, 'Issue', 1, '', '2017-08-09 12:12:58', 0),
(357, 146, 'Issue', 1, '', '2017-08-09 12:13:21', 0),
(358, 147, 'Issue', 1, '', '2017-08-09 12:13:30', 0),
(359, 149, 'Issue', 1, '', '2017-08-14 16:56:29', 0),
(360, 149, 'Issue', 1, '', '2017-08-14 16:56:53', 0);

-- --------------------------------------------------------

--
-- Structure de la table `member_roles`
--

CREATE TABLE `member_roles` (
  `id` int(11) NOT NULL,
  `member_id` int(11) NOT NULL,
  `role_id` int(11) NOT NULL,
  `inherited_from` int(11) DEFAULT NULL
) ENGINE=InnoDB DEFAULT CHARSET=latin1;

--
-- Contenu de la table `member_roles`
--

INSERT INTO `member_roles` (`id`, `member_id`, `role_id`, `inherited_from`) VALUES
(3, 3, 6, NULL),
(12, 11, 4, NULL),
(13, 12, 4, NULL),
(14, 13, 3, NULL),
(18, 16, 8, NULL),
(20, 18, 6, NULL),
(21, 12, 8, NULL),
(22, 19, 3, NULL),
(23, 20, 8, NULL),
(24, 21, 8, NULL),
(25, 22, 3, NULL),
(26, 22, 7, NULL),
(27, 23, 5, NULL),
(28, 24, 5, NULL),
(29, 25, 5, NULL),
(30, 26, 5, NULL),
(32, 27, 5, NULL),
(34, 28, 5, NULL),
(36, 29, 5, NULL),
(38, 30, 5, NULL),
(40, 31, 5, NULL),
(42, 32, 5, NULL),
(44, 33, 5, NULL),
(46, 34, 5, NULL);

-- --------------------------------------------------------

--
-- Structure de la table `members`
--

CREATE TABLE `members` (
  `id` int(11) NOT NULL,
  `user_id` int(11) NOT NULL DEFAULT '0',
  `project_id` int(11) NOT NULL DEFAULT '0',
  `created_on` datetime DEFAULT NULL,
  `mail_notification` tinyint(1) NOT NULL DEFAULT '0'
) ENGINE=InnoDB DEFAULT CHARSET=latin1;

--
-- Contenu de la table `members`
--

INSERT INTO `members` (`id`, `user_id`, `project_id`, `created_on`, `mail_notification`) VALUES
(3, 1, 2, '2016-10-18 12:09:16', 0),
(11, 13, 4, '2017-04-18 18:24:39', 0),
(12, 14, 4, '2017-04-18 18:24:39', 0),
(13, 1, 4, '2017-04-18 18:24:45', 0),
(16, 16, 4, '2017-04-20 13:02:32', 0),
(18, 1, 5, '2017-04-20 15:39:32', 0),
(19, 1, 6, '2017-05-02 07:52:20', 0),
(20, 18, 4, '2017-08-16 13:00:38', 0),
(21, 17, 4, '2017-08-16 13:00:38', 0),
(22, 20, 7, '2017-08-21 20:24:28', 0),
(23, 18, 7, '2017-08-22 07:41:59', 0),
(24, 17, 7, '2017-08-22 07:41:59', 0),
(25, 19, 7, '2017-08-22 07:41:59', 0),
(26, 28, 7, '2017-08-22 13:34:41', 0),
(27, 25, 7, '2017-08-22 13:34:41', 0),
(28, 24, 7, '2017-08-22 13:34:41', 0),
(29, 27, 7, '2017-08-22 13:34:41', 0),
(30, 22, 7, '2017-08-22 13:34:41', 0),
(31, 26, 7, '2017-08-22 13:34:41', 0),
(32, 21, 7, '2017-08-22 13:34:41', 0),
(33, 29, 7, '2017-08-22 13:34:41', 0),
(34, 23, 7, '2017-08-22 13:34:41', 0);

-- --------------------------------------------------------

--
-- Structure de la table `messages`
--

CREATE TABLE `messages` (
  `id` int(11) NOT NULL,
  `board_id` int(11) NOT NULL,
  `parent_id` int(11) DEFAULT NULL,
  `subject` varchar(255) NOT NULL DEFAULT '',
  `content` text,
  `author_id` int(11) DEFAULT NULL,
  `replies_count` int(11) NOT NULL DEFAULT '0',
  `last_reply_id` int(11) DEFAULT NULL,
  `created_on` datetime NOT NULL,
  `updated_on` datetime NOT NULL,
  `locked` tinyint(1) DEFAULT '0',
  `sticky` int(11) DEFAULT '0'
) ENGINE=InnoDB DEFAULT CHARSET=latin1;

--
-- Contenu de la table `messages`
--

INSERT INTO `messages` (`id`, `board_id`, `parent_id`, `subject`, `content`, `author_id`, `replies_count`, `last_reply_id`, `created_on`, `updated_on`, `locked`, `sticky`) VALUES
(1, 2, NULL, 'Canevas de TDR pour les consultants ', 'Bonjour quelqu''un aurait-il un canevas de TDR pour les consultants?\r\nMerci de le partager s''il vous plait', 1, 0, NULL, '2016-10-18 12:06:14', '2016-10-18 12:06:14', 0, 0);

-- --------------------------------------------------------

--
-- Structure de la table `news`
--

CREATE TABLE `news` (
  `id` int(11) NOT NULL,
  `project_id` int(11) DEFAULT NULL,
  `title` varchar(60) NOT NULL DEFAULT '',
  `summary` varchar(255) DEFAULT '',
  `description` text,
  `author_id` int(11) NOT NULL DEFAULT '0',
  `created_on` datetime DEFAULT NULL,
  `comments_count` int(11) NOT NULL DEFAULT '0'
) ENGINE=InnoDB DEFAULT CHARSET=latin1;

--
-- Contenu de la table `news`
--

INSERT INTO `news` (`id`, `project_id`, `title`, `summary`, `description`, `author_id`, `created_on`, `comments_count`) VALUES
(1, 4, 'Changement de l''URL de l''api', '', 'Les gars, \r\nje vous annonce que l''API a changé d''URL. Au lieu de localhost:3000, il faut utiliser localhost:3300.\r\n', 1, '2017-04-24 08:54:08', 0),
(2, 4, 'Nouvelle version du Diagramme de classe', '', 'Les gars, \r\nla nouvelle version du diagramme de classe est postée dans "documents". ', 1, '2017-05-05 12:49:26', 0);

-- --------------------------------------------------------

--
-- Structure de la table `open_id_authentication_associations`
--

CREATE TABLE `open_id_authentication_associations` (
  `id` int(11) NOT NULL,
  `issued` int(11) DEFAULT NULL,
  `lifetime` int(11) DEFAULT NULL,
  `handle` varchar(255) DEFAULT NULL,
  `assoc_type` varchar(255) DEFAULT NULL,
  `server_url` blob,
  `secret` blob
) ENGINE=InnoDB DEFAULT CHARSET=latin1;

-- --------------------------------------------------------

--
-- Structure de la table `open_id_authentication_nonces`
--

CREATE TABLE `open_id_authentication_nonces` (
  `id` int(11) NOT NULL,
  `timestamp` int(11) NOT NULL,
  `server_url` varchar(255) DEFAULT NULL,
  `salt` varchar(255) NOT NULL
) ENGINE=InnoDB DEFAULT CHARSET=latin1;

-- --------------------------------------------------------

--
-- Structure de la table `projects`
--

CREATE TABLE `projects` (
  `id` int(11) NOT NULL,
  `name` varchar(255) NOT NULL DEFAULT '',
  `description` text,
  `homepage` varchar(255) DEFAULT '',
  `is_public` tinyint(1) NOT NULL DEFAULT '1',
  `parent_id` int(11) DEFAULT NULL,
  `created_on` datetime DEFAULT NULL,
  `updated_on` datetime DEFAULT NULL,
  `identifier` varchar(255) DEFAULT NULL,
  `status` int(11) NOT NULL DEFAULT '1',
  `lft` int(11) DEFAULT NULL,
  `rgt` int(11) DEFAULT NULL,
  `inherit_members` tinyint(1) NOT NULL DEFAULT '0',
  `default_version_id` int(11) DEFAULT NULL
) ENGINE=InnoDB DEFAULT CHARSET=latin1;

--
-- Contenu de la table `projects`
--

INSERT INTO `projects` (`id`, `name`, `description`, `homepage`, `is_public`, `parent_id`, `created_on`, `updated_on`, `identifier`, `status`, `lft`, `rgt`, `inherit_members`, `default_version_id`) VALUES
(2, 'Action UE', 'Cartographie des indicateurs de performance du CRS dans le domaine du développement agricole durable et de la sécurité alimentaire et nutritionnelle', '', 0, NULL, '2016-10-18 11:40:15', '2016-10-19 08:10:43', 'actionue', 5, 1, 2, 0, NULL),
(3, 'MESA', 'Gestion de l’Eau pour les Terres Agricoles et Pastorales  dans les quatorze pays de la CEDEAO plus la Mauritanie et le Tchad', '', 0, NULL, '2016-10-18 12:27:36', '2016-10-18 14:46:29', 'mesa', 5, 11, 12, 0, NULL),
(4, 'Agrisan', 'Cartographie des indicateurs de performance dans le domaine agricole durable et de la sécurité alimentaire et nutritionnelle\r\n', '', 0, NULL, '2017-04-18 18:19:51', '2017-04-18 18:19:51', 'agrisan', 1, 3, 4, 0, NULL),
(5, 'Gestion AGRISAN', '', '', 0, NULL, '2017-04-20 15:38:13', '2017-04-20 15:38:13', 'gestion-agrisan', 1, 9, 10, 0, NULL),
(6, 'Comfish-sig', 'Mise en place du SIG de Comfish', '', 0, NULL, '2017-05-02 07:51:59', '2017-05-02 07:51:59', 'comfish-sig', 1, 7, 8, 0, NULL),
(7, 'agrisan-bugtracker', 'Plateforme permettant de reporter les anomalies constatées sur la plateforme AgriSAN', '', 0, NULL, '2017-08-19 13:52:19', '2017-08-22 13:34:03', 'agrisan-bugtracker', 1, 5, 6, 0, NULL);

-- --------------------------------------------------------

--
-- Structure de la table `projects_trackers`
--

CREATE TABLE `projects_trackers` (
  `project_id` int(11) NOT NULL DEFAULT '0',
  `tracker_id` int(11) NOT NULL DEFAULT '0'
) ENGINE=InnoDB DEFAULT CHARSET=latin1;

--
-- Contenu de la table `projects_trackers`
--

INSERT INTO `projects_trackers` (`project_id`, `tracker_id`) VALUES
(2, 4),
(3, 1),
(3, 2),
(3, 3),
(3, 5),
(4, 1),
(4, 2),
(4, 3),
(4, 5),
(5, 4),
(5, 5),
(6, 1),
(6, 2),
(6, 3),
(6, 5),
(7, 1),
(7, 2);

-- --------------------------------------------------------

--
-- Structure de la table `queries`
--

CREATE TABLE `queries` (
  `id` int(11) NOT NULL,
  `project_id` int(11) DEFAULT NULL,
  `name` varchar(255) NOT NULL DEFAULT '',
  `filters` text,
  `user_id` int(11) NOT NULL DEFAULT '0',
  `column_names` text,
  `sort_criteria` text,
  `group_by` varchar(255) DEFAULT NULL,
  `type` varchar(255) DEFAULT NULL,
  `visibility` int(11) DEFAULT '0',
  `options` text
) ENGINE=InnoDB DEFAULT CHARSET=latin1;

--
-- Contenu de la table `queries`
--

INSERT INTO `queries` (`id`, `project_id`, `name`, `filters`, `user_id`, `column_names`, `sort_criteria`, `group_by`, `type`, `visibility`, `options`) VALUES
(1, 6, 'demandes comfish', '---\nstatus_id:\n  :operator: o\n  :values:\n  - ''''\nestimated_hours:\n  :operator: "*"\n  :values:\n  - ''''\n', 1, '---\n- :tracker\n- :status\n- :priority\n- :subject\n- :assigned_to\n- :estimated_hours\n- :start_date\n- :due_date\n', NULL, '', 'IssueQuery', 0, '---\n:totalable_names:\n- :estimated_hours\n- :spent_hours\n:draw_relations: \n:draw_progress_line: \n'),
(2, 4, 'demandes agrisan', '---\nstatus_id:\n  :operator: "*"\n  :values:\n  - ''''\n', 1, '---\n- :tracker\n- :status\n- :priority\n- :subject\n- :assigned_to\n- :start_date\n- :due_date\n- :estimated_hours\n', NULL, '', 'IssueQuery', 1, '---\n:totalable_names:\n- :estimated_hours\n- :spent_hours\n:draw_relations: \n:draw_progress_line: \n'),
(4, 4, 'demandes ouvertes agrisan', '---\nstatus_id:\n  :operator: o\n  :values:\n  - ''''\n', 1, '---\n- :tracker\n- :status\n- :priority\n- :subject\n- :assigned_to\n- :start_date\n- :due_date\n- :estimated_hours\n', NULL, '', 'IssueQuery', 1, '---\n:totalable_names:\n- :estimated_hours\n- :spent_hours\n:draw_relations: \n:draw_progress_line: \n');

-- --------------------------------------------------------

--
-- Structure de la table `queries_roles`
--

CREATE TABLE `queries_roles` (
  `query_id` int(11) NOT NULL,
  `role_id` int(11) NOT NULL
) ENGINE=InnoDB DEFAULT CHARSET=latin1;

--
-- Contenu de la table `queries_roles`
--

INSERT INTO `queries_roles` (`query_id`, `role_id`) VALUES
(2, 3),
(4, 3);

-- --------------------------------------------------------

--
-- Structure de la table `repositories`
--

CREATE TABLE `repositories` (
  `id` int(11) NOT NULL,
  `project_id` int(11) NOT NULL DEFAULT '0',
  `url` varchar(255) NOT NULL DEFAULT '',
  `login` varchar(60) DEFAULT '',
  `password` varchar(255) DEFAULT '',
  `root_url` varchar(255) DEFAULT '',
  `type` varchar(255) DEFAULT NULL,
  `path_encoding` varchar(64) DEFAULT NULL,
  `log_encoding` varchar(64) DEFAULT NULL,
  `extra_info` text,
  `identifier` varchar(255) DEFAULT NULL,
  `is_default` tinyint(1) DEFAULT '0',
  `created_on` datetime DEFAULT NULL
) ENGINE=InnoDB DEFAULT CHARSET=latin1;

--
-- Contenu de la table `repositories`
--

INSERT INTO `repositories` (`id`, `project_id`, `url`, `login`, `password`, `root_url`, `type`, `path_encoding`, `log_encoding`, `extra_info`, `identifier`, `is_default`, `created_on`) VALUES
(4, 4, '/home/apdiop/.gitbucket/repositories/apdiop/agrisan-front.git', '', '', '/home/apdiop/.gitbucket/repositories/apdiop/agrisan-front.git', 'Repository::Git', '', NULL, '---\nextra_report_last_commit: ''1''\nheads:\n- baae894abfd543271659a3e11e343c6121e897f1\n- baae894abfd543271659a3e11e343c6121e897f1\n- b2afe5334cac1d679d2e2df3de2d3e47007684dd\n- acf08cab380168d92cf12f8c8da20d9099d8e43f\ndb_consistent:\n  ordering: 1\n', 'agrisan-front', 1, '2017-04-19 15:32:46'),
(5, 4, '/home/apdiop/.gitbucket/repositories/apdiop/agrisan-api.git', '', '', '/home/apdiop/.gitbucket/repositories/apdiop/agrisan-api.git', 'Repository::Git', '', NULL, '---\nextra_report_last_commit: ''1''\nheads:\n- 034b945738d0f33d70dd1046ccf9e5241be41a8f\n- 667556cf3ca937fcbc307003c042306c573c22b0\ndb_consistent:\n  ordering: 1\n', 'agrisan-api', 0, '2017-04-19 15:37:21');

-- --------------------------------------------------------

--
-- Structure de la table `roles`
--

CREATE TABLE `roles` (
  `id` int(11) NOT NULL,
  `name` varchar(30) NOT NULL DEFAULT '',
  `position` int(11) DEFAULT NULL,
  `assignable` tinyint(1) DEFAULT '1',
  `builtin` int(11) NOT NULL DEFAULT '0',
  `permissions` text,
  `issues_visibility` varchar(30) NOT NULL DEFAULT 'default',
  `users_visibility` varchar(30) NOT NULL DEFAULT 'all',
  `time_entries_visibility` varchar(30) NOT NULL DEFAULT 'all',
  `all_roles_managed` tinyint(1) NOT NULL DEFAULT '1',
  `settings` text
) ENGINE=InnoDB DEFAULT CHARSET=latin1;

--
-- Contenu de la table `roles`
--

INSERT INTO `roles` (`id`, `name`, `position`, `assignable`, `builtin`, `permissions`, `issues_visibility`, `users_visibility`, `time_entries_visibility`, `all_roles_managed`, `settings`) VALUES
(1, 'Non member', 0, 1, 1, '---\n- :view_issues\n- :add_issues\n- :add_issue_notes\n- :save_queries\n- :view_gantt\n- :view_calendar\n- :view_time_entries\n- :comment_news\n- :view_documents\n- :view_wiki_pages\n- :view_wiki_edits\n- :add_messages\n- :view_files\n- :browse_repository\n- :view_changesets\n', 'default', 'all', 'all', 1, NULL),
(2, 'Anonymous', 0, 1, 2, '---\n- :view_issues\n- :view_gantt\n- :view_calendar\n- :view_time_entries\n- :view_documents\n- :view_wiki_pages\n- :view_wiki_edits\n- :view_files\n- :browse_repository\n- :view_changesets\n', 'default', 'all', 'all', 1, NULL),
(3, 'Manager', 1, 1, 0, '---\n- :add_project\n- :edit_project\n- :close_project\n- :select_project_modules\n- :manage_members\n- :manage_versions\n- :add_subprojects\n- :view_issues\n- :add_issues\n- :edit_issues\n- :copy_issues\n- :manage_issue_relations\n- :manage_subtasks\n- :set_issues_private\n- :set_own_issues_private\n- :add_issue_notes\n- :edit_issue_notes\n- :edit_own_issue_notes\n- :view_private_notes\n- :set_notes_private\n- :delete_issues\n- :manage_public_queries\n- :save_queries\n- :view_issue_watchers\n- :add_issue_watchers\n- :delete_issue_watchers\n- :import_issues\n- :manage_categories\n- :view_time_entries\n- :log_time\n- :edit_time_entries\n- :edit_own_time_entries\n- :manage_project_activities\n- :manage_news\n- :comment_news\n- :view_documents\n- :add_documents\n- :edit_documents\n- :delete_documents\n- :view_files\n- :manage_files\n- :view_wiki_pages\n- :view_wiki_edits\n- :export_wiki_pages\n- :edit_wiki_pages\n- :rename_wiki_pages\n- :delete_wiki_pages\n- :delete_wiki_pages_attachments\n- :protect_wiki_pages\n- :manage_wiki\n- :view_changesets\n- :browse_repository\n- :commit_access\n- :manage_related_issues\n- :manage_repository\n- :add_messages\n- :edit_messages\n- :edit_own_messages\n- :delete_messages\n- :delete_own_messages\n- :manage_boards\n- :view_calendar\n- :view_gantt\n', 'all', 'all', 'all', 1, NULL),
(4, 'Développeur', 2, 1, 0, '---\n- :manage_versions\n- :manage_categories\n- :view_issues\n- :add_issues\n- :edit_issues\n- :view_private_notes\n- :set_notes_private\n- :manage_issue_relations\n- :manage_subtasks\n- :add_issue_notes\n- :save_queries\n- :view_gantt\n- :view_calendar\n- :log_time\n- :view_time_entries\n- :comment_news\n- :view_documents\n- :view_wiki_pages\n- :view_wiki_edits\n- :edit_wiki_pages\n- :delete_wiki_pages\n- :add_messages\n- :edit_own_messages\n- :view_files\n- :manage_files\n- :browse_repository\n- :view_changesets\n- :commit_access\n- :manage_related_issues\n', 'default', 'all', 'all', 1, NULL),
(5, 'Rapporteur', 3, 1, 0, '---\n- :view_issues\n- :add_issues\n- :add_issue_notes\n- :save_queries\n- :view_gantt\n- :view_calendar\n- :log_time\n- :view_time_entries\n- :comment_news\n- :view_documents\n- :view_wiki_pages\n- :view_wiki_edits\n- :add_messages\n- :edit_own_messages\n- :view_files\n- :browse_repository\n- :view_changesets\n', 'default', 'all', 'all', 1, NULL),
(6, 'Agent', 4, 1, 0, '---\n- :manage_public_agile_queries\n- :view_agile_charts\n- :add_messages\n- :edit_own_messages\n- :delete_own_messages\n- :view_calendar\n- :view_charts\n- :view_documents\n- :add_documents\n- :edit_documents\n- :view_files\n- :manage_files\n- :view_gantt\n- :view_issues\n- :add_issues\n- :add_issue_notes\n- :edit_own_issue_notes\n- :save_queries\n- :view_issue_watchers\n- :view_checklists\n- :done_checklists\n- :edit_checklists\n- :manage_news\n- :comment_news\n- :view_time_entries\n- :log_time\n- :edit_own_time_entries\n- :view_wiki_pages\n- :view_wiki_edits\n- :export_wiki_pages\n- :edit_wiki_pages\n- :rename_wiki_pages\n- :manage_wiki\n', 'default', 'all', 'all', 1, '--- !ruby/hash:ActiveSupport::HashWithIndifferentAccess\npermissions_all_trackers: !ruby/hash:ActiveSupport::HashWithIndifferentAccess\n  view_issues: ''1''\n  add_issues: ''1''\n  edit_issues: ''1''\n  add_issue_notes: ''1''\n  delete_issues: ''1''\npermissions_tracker_ids: !ruby/hash:ActiveSupport::HashWithIndifferentAccess\n  view_issues: []\n  add_issues: []\n  edit_issues: []\n  add_issue_notes: []\n  delete_issues: []\n'),
(7, 'admin-projet', 5, 1, 0, '---\n- :add_project\n- :edit_project\n- :close_project\n- :select_project_modules\n- :manage_members\n- :manage_versions\n- :add_subprojects\n- :manage_public_agile_queries\n- :manage_agile_verions\n- :add_agile_queries\n- :view_agile_queries\n- :view_agile_charts\n- :add_messages\n- :edit_messages\n- :edit_own_messages\n- :delete_messages\n- :delete_own_messages\n- :manage_boards\n- :view_calendar\n- :view_documents\n- :add_documents\n- :edit_documents\n- :delete_documents\n- :view_files\n- :manage_files\n- :view_gantt\n- :view_issues\n- :add_issues\n- :edit_issues\n- :copy_issues\n- :manage_issue_relations\n- :manage_subtasks\n- :set_issues_private\n- :set_own_issues_private\n- :add_issue_notes\n- :edit_issue_notes\n- :edit_own_issue_notes\n- :view_private_notes\n- :set_notes_private\n- :delete_issues\n- :manage_public_queries\n- :save_queries\n- :view_issue_watchers\n- :add_issue_watchers\n- :delete_issue_watchers\n- :import_issues\n- :manage_categories\n- :manage_news\n- :comment_news\n- :view_changesets\n- :browse_repository\n- :commit_access\n- :manage_related_issues\n- :manage_repository\n- :view_time_entries\n- :log_time\n- :edit_time_entries\n- :edit_own_time_entries\n- :manage_project_activities\n- :view_wiki_pages\n- :view_wiki_edits\n- :export_wiki_pages\n- :edit_wiki_pages\n- :rename_wiki_pages\n- :delete_wiki_pages\n- :delete_wiki_pages_attachments\n- :protect_wiki_pages\n- :manage_wiki\n', 'all', 'all', 'all', 0, '--- !ruby/hash:ActiveSupport::HashWithIndifferentAccess\npermissions_all_trackers: !ruby/hash:ActiveSupport::HashWithIndifferentAccess\n  view_issues: ''1''\n  add_issues: ''1''\n  edit_issues: ''1''\n  add_issue_notes: ''1''\n  delete_issues: ''1''\npermissions_tracker_ids: !ruby/hash:ActiveSupport::HashWithIndifferentAccess\n  view_issues: []\n  add_issues: []\n  edit_issues: []\n  add_issue_notes: []\n  delete_issues: []\n'),
(8, 'Testeur', 6, 1, 0, '---\n- :manage_public_agile_queries\n- :manage_agile_verions\n- :add_agile_queries\n- :view_agile_queries\n- :view_agile_charts\n- :add_messages\n- :view_calendar\n- :view_documents\n- :view_files\n- :view_gantt\n- :view_issues\n- :add_issues\n- :edit_issues\n- :manage_subtasks\n- :add_issue_notes\n- :save_queries\n- :comment_news\n- :view_changesets\n- :browse_repository\n- :view_time_entries\n- :view_wiki_pages\n- :view_wiki_edits\n', 'default', 'all', 'all', 1, '--- !ruby/hash:ActiveSupport::HashWithIndifferentAccess\npermissions_all_trackers: !ruby/hash:ActiveSupport::HashWithIndifferentAccess\n  view_issues: ''1''\n  add_issues: ''1''\n  edit_issues: ''1''\n  add_issue_notes: ''1''\n  delete_issues: ''1''\npermissions_tracker_ids: !ruby/hash:ActiveSupport::HashWithIndifferentAccess\n  view_issues: []\n  add_issues: []\n  edit_issues: []\n  add_issue_notes: []\n  delete_issues: []\n');

-- --------------------------------------------------------

--
-- Structure de la table `roles_managed_roles`
--

CREATE TABLE `roles_managed_roles` (
  `role_id` int(11) NOT NULL,
  `managed_role_id` int(11) NOT NULL
) ENGINE=InnoDB DEFAULT CHARSET=latin1;

--
-- Contenu de la table `roles_managed_roles`
--

INSERT INTO `roles_managed_roles` (`role_id`, `managed_role_id`) VALUES
(7, 6);

-- --------------------------------------------------------

--
-- Structure de la table `schema_migrations`
--

CREATE TABLE `schema_migrations` (
  `version` varchar(255) NOT NULL
) ENGINE=InnoDB DEFAULT CHARSET=latin1;

--
-- Contenu de la table `schema_migrations`
--

INSERT INTO `schema_migrations` (`version`) VALUES
('1'),
('1-issue_charts'),
('1-redmine_agile'),
('1-redmine_checklists'),
('10'),
('100'),
('101'),
('102'),
('103'),
('104'),
('105'),
('106'),
('107'),
('108'),
('11'),
('12'),
('13'),
('14'),
('15'),
('16'),
('17'),
('18'),
('19'),
('2'),
('2-issue_charts'),
('2-redmine_agile'),
('2-redmine_checklists'),
('20'),
('20090214190337'),
('20090312172426'),
('20090312194159'),
('20090318181151'),
('20090323224724'),
('20090401221305'),
('20090401231134'),
('20090403001910'),
('20090406161854'),
('20090425161243'),
('20090503121501'),
('20090503121505'),
('20090503121510'),
('20090614091200'),
('20090704172350'),
('20090704172355'),
('20090704172358'),
('20091010093521'),
('20091017212227'),
('20091017212457'),
('20091017212644'),
('20091017212938'),
('20091017213027'),
('20091017213113'),
('20091017213151'),
('20091017213228'),
('20091017213257'),
('20091017213332'),
('20091017213444'),
('20091017213536'),
('20091017213642'),
('20091017213716'),
('20091017213757'),
('20091017213835'),
('20091017213910'),
('20091017214015'),
('20091017214107'),
('20091017214136'),
('20091017214236'),
('20091017214308'),
('20091017214336'),
('20091017214406'),
('20091017214440'),
('20091017214519'),
('20091017214611'),
('20091017214644'),
('20091017214720'),
('20091017214750'),
('20091025163651'),
('20091108092559'),
('20091114105931'),
('20091123212029'),
('20091205124427'),
('20091220183509'),
('20091220183727'),
('20091220184736'),
('20091225164732'),
('20091227112908'),
('20100129193402'),
('20100129193813'),
('20100221100219'),
('20100313132032'),
('20100313171051'),
('20100705164950'),
('20100819172912'),
('20101104182107'),
('20101107130441'),
('20101114115114'),
('20101114115359'),
('20110220160626'),
('20110223180944'),
('20110223180953'),
('20110224000000'),
('20110226120112'),
('20110226120132'),
('20110227125750'),
('20110228000000'),
('20110228000100'),
('20110401192910'),
('20110408103312'),
('20110412065600'),
('20110511000000'),
('20110902000000'),
('20111201201315'),
('20120115143024'),
('20120115143100'),
('20120115143126'),
('20120127174243'),
('20120205111326'),
('20120223110929'),
('20120301153455'),
('20120422150750'),
('20120705074331'),
('20120707064544'),
('20120714122000'),
('20120714122100'),
('20120714122200'),
('20120731164049'),
('20120930112914'),
('20121026002032'),
('20121026003537'),
('20121209123234'),
('20121209123358'),
('20121213084931'),
('20130110122628'),
('20130201184705'),
('20130202090625'),
('20130207175206'),
('20130207181455'),
('20130215073721'),
('20130215111127'),
('20130215111141'),
('20130217094251'),
('20130602092539'),
('20130710182539'),
('20130713104233'),
('20130713111657'),
('20130729070143'),
('20130911193200'),
('20131004113137'),
('20131005100610'),
('20131124175346'),
('20131210180802'),
('20131214094309'),
('20131215104612'),
('20131218183023'),
('20140228130325'),
('20140903143914'),
('20140920094058'),
('20141029181752'),
('20141029181824'),
('20141109112308'),
('20141122124142'),
('20150113194759'),
('20150113211532'),
('20150113213922'),
('20150113213955'),
('20150208105930'),
('20150510083747'),
('20150525103953'),
('20150526183158'),
('20150528084820'),
('20150528092912'),
('20150528093249'),
('20150725112753'),
('20150730122707'),
('20150730122735'),
('20150921204850'),
('20150921210243'),
('20151020182334'),
('20151020182731'),
('20151021184614'),
('20151021185456'),
('20151021190616'),
('20151024082034'),
('20151025072118'),
('20151031095005'),
('20160404080304'),
('20160416072926'),
('20160529063352'),
('21'),
('22'),
('23'),
('24'),
('25'),
('26'),
('27'),
('28'),
('29'),
('3'),
('3-issue_charts'),
('3-redmine_agile'),
('3-redmine_checklists'),
('30'),
('31'),
('32'),
('33'),
('34'),
('35'),
('36'),
('37'),
('38'),
('39'),
('4'),
('4-issue_charts'),
('4-redmine_agile'),
('4-redmine_checklists'),
('40'),
('41'),
('42'),
('43'),
('44'),
('45'),
('46'),
('47'),
('48'),
('49'),
('5'),
('5-issue_charts'),
('5-redmine_agile'),
('50'),
('51'),
('52'),
('53'),
('54'),
('55'),
('56'),
('57'),
('58'),
('59'),
('6'),
('6-issue_charts'),
('60'),
('61'),
('62'),
('63'),
('64'),
('65'),
('66'),
('67'),
('68'),
('69'),
('7'),
('7-issue_charts'),
('70'),
('71'),
('72'),
('73'),
('74'),
('75'),
('76'),
('77'),
('78'),
('79'),
('8'),
('80'),
('81'),
('82'),
('83'),
('84'),
('85'),
('86'),
('87'),
('88'),
('89'),
('9'),
('90'),
('91'),
('92'),
('93'),
('94'),
('95'),
('96'),
('97'),
('98'),
('99');

-- --------------------------------------------------------

--
-- Structure de la table `settings`
--

CREATE TABLE `settings` (
  `id` int(11) NOT NULL,
  `name` varchar(255) NOT NULL DEFAULT '',
  `value` text,
  `updated_on` datetime DEFAULT NULL
) ENGINE=InnoDB DEFAULT CHARSET=latin1;

--
-- Contenu de la table `settings`
--

INSERT INTO `settings` (`id`, `name`, `value`, `updated_on`) VALUES
(1, 'app_title', 'Gestion des projets du CSE', '2016-09-06 11:00:31'),
(2, 'welcome_text', '', '2016-09-06 11:00:31'),
(3, 'per_page_options', '25,50,100', '2016-09-06 11:00:31'),
(4, 'search_results_per_page', '10', '2016-09-06 11:00:32'),
(5, 'activity_days_default', '30', '2016-09-06 11:00:32'),
(6, 'host_name', '192.168.2.100:3000', '2017-04-18 18:27:45'),
(7, 'protocol', 'http', '2016-09-06 11:00:32'),
(8, 'text_formatting', 'textile', '2016-09-06 11:00:32'),
(9, 'cache_formatted_text', '0', '2016-09-06 11:00:32'),
(10, 'wiki_compression', '', '2016-09-06 11:00:32'),
(11, 'feeds_limit', '15', '2016-09-06 11:00:32'),
(12, 'enabled_scm', '---\n- Subversion\n- Darcs\n- Mercurial\n- Cvs\n- Bazaar\n- Git\n', '2016-09-06 11:02:38'),
(13, 'autofetch_changesets', '1', '2016-09-06 11:02:38'),
(14, 'sys_api_enabled', '0', '2016-09-06 11:02:38'),
(15, 'repository_log_display_limit', '100', '2016-09-06 11:02:38'),
(16, 'commit_ref_keywords', 'refs,references,IssueID', '2016-09-06 11:02:38'),
(17, 'commit_cross_project_ref', '0', '2016-09-06 11:02:38'),
(18, 'commit_logtime_enabled', '0', '2016-09-06 11:02:38'),
(19, 'commit_update_keywords', '--- []\n', '2016-09-06 11:02:38'),
(20, 'mail_from', 'transfertcse@gmail.com', '2016-09-06 11:53:08'),
(21, 'bcc_recipients', '1', '2016-09-06 11:06:32'),
(22, 'plain_text_mail', '0', '2016-09-06 11:06:32'),
(23, 'default_notification_option', 'all', '2016-09-06 11:06:32'),
(24, 'notified_events', '---\n- issue_added\n- issue_updated\n- news_added\n- news_comment_added\n- document_added\n- file_added\n- message_posted\n- wiki_content_added\n- wiki_content_updated\n', '2016-09-06 11:06:32'),
(25, 'emails_header', '', '2016-09-06 11:06:32'),
(26, 'emails_footer', 'You have received this notification because you have either subscribed to it, or are involved in it.\r\nTo change your notification preferences, please click here: http://hostname/my/account', '2016-09-06 11:06:32'),
(27, 'login_required', '1', '2016-10-19 15:20:39'),
(28, 'autologin', '0', '2016-10-18 12:13:17'),
(29, 'self_registration', '0', '2016-10-18 12:13:17'),
(30, 'unsubscribe', '0', '2016-10-18 12:13:17'),
(31, 'password_min_length', '8', '2016-10-18 12:13:17'),
(32, 'password_max_age', '0', '2016-10-18 12:13:17'),
(33, 'lost_password', '0', '2016-10-18 12:21:28'),
(34, 'max_additional_emails', '5', '2016-10-18 12:13:17'),
(35, 'openid', '0', '2016-10-18 12:13:17'),
(36, 'session_lifetime', '0', '2016-10-18 12:13:17'),
(37, 'session_timeout', '0', '2016-10-18 12:13:17'),
(38, 'default_users_hide_mail', '1', '2016-10-18 12:13:17'),
(39, 'ui_theme', 'circle', '2016-10-18 15:20:47'),
(40, 'default_language', 'fr', '2016-10-18 14:32:15'),
(41, 'force_default_language_for_anonymous', '0', '2016-10-18 14:32:15'),
(42, 'force_default_language_for_loggedin', '0', '2016-10-18 14:32:15'),
(43, 'start_of_week', '', '2016-10-18 14:32:15'),
(44, 'date_format', '', '2016-10-18 14:32:15'),
(45, 'time_format', '', '2016-10-18 14:32:15'),
(46, 'user_format', 'firstname_lastname', '2016-10-18 14:32:15'),
(47, 'gravatar_enabled', '0', '2016-10-18 14:32:15'),
(48, 'gravatar_default', '', '2016-10-18 14:32:15'),
(49, 'thumbnails_enabled', '0', '2016-10-18 14:32:15'),
(50, 'thumbnails_size', '100', '2016-10-18 14:32:15'),
(51, 'new_item_menu_tab', '1', '2016-10-19 15:20:12'),
(52, 'default_projects_public', '0', '2016-10-18 14:47:08'),
(53, 'default_projects_modules', '---\n- issue_tracking\n- time_tracking\n- news\n- documents\n- wiki\n- boards\n- calendar\n- gantt\n- agile\n', '2017-04-18 18:27:57'),
(54, 'default_projects_tracker_ids', '--- []\n', '2016-10-18 14:33:13'),
(55, 'sequential_project_identifiers', '0', '2016-10-18 14:33:13'),
(56, 'new_project_user_role_id', '7', '2016-10-18 14:33:13');

-- --------------------------------------------------------

--
-- Structure de la table `time_entries`
--

CREATE TABLE `time_entries` (
  `id` int(11) NOT NULL,
  `project_id` int(11) NOT NULL,
  `user_id` int(11) NOT NULL,
  `issue_id` int(11) DEFAULT NULL,
  `hours` float NOT NULL,
  `comments` varchar(1024) DEFAULT NULL,
  `activity_id` int(11) NOT NULL,
  `spent_on` date NOT NULL,
  `tyear` int(11) NOT NULL,
  `tmonth` int(11) NOT NULL,
  `tweek` int(11) NOT NULL,
  `created_on` datetime NOT NULL,
  `updated_on` datetime NOT NULL
) ENGINE=InnoDB DEFAULT CHARSET=latin1;

--
-- Contenu de la table `time_entries`
--

INSERT INTO `time_entries` (`id`, `project_id`, `user_id`, `issue_id`, `hours`, `comments`, `activity_id`, `spent_on`, `tyear`, `tmonth`, `tweek`, `created_on`, `updated_on`) VALUES
(13, 4, 1, 24, 2, '', 9, '2017-04-19', 2017, 4, 16, '2017-04-19 11:24:49', '2017-04-19 11:24:49'),
(14, 4, 1, 25, 1, '', 9, '2017-04-19', 2017, 4, 16, '2017-04-19 11:26:55', '2017-04-19 11:26:55'),
(15, 4, 1, 26, 0.5, '', 9, '2017-04-19', 2017, 4, 16, '2017-04-19 12:28:25', '2017-04-19 12:28:25'),
(16, 4, 1, 27, 0.5, '', 9, '2017-04-19', 2017, 4, 16, '2017-04-19 12:29:30', '2017-04-19 12:29:30'),
(17, 4, 1, 78, 0.5, '', 9, '2017-04-19', 2017, 4, 16, '2017-04-19 12:32:45', '2017-04-19 12:32:45'),
(18, 4, 1, 77, 0.5, '', 9, '2017-04-19', 2017, 4, 16, '2017-04-19 12:38:56', '2017-04-19 12:38:56'),
(19, 4, 1, 79, 1, '', 9, '2017-04-19', 2017, 4, 16, '2017-04-19 12:42:14', '2017-04-19 12:42:14'),
(20, 4, 1, 80, 0.5, '', 9, '2017-04-19', 2017, 4, 16, '2017-04-19 12:43:59', '2017-04-19 12:43:59'),
(21, 4, 1, 81, 0.5, '', 9, '2017-04-19', 2017, 4, 16, '2017-04-19 12:47:40', '2017-04-19 12:47:40'),
(22, 4, 1, 82, 0.5, '', 9, '2017-04-19', 2017, 4, 16, '2017-04-19 12:48:19', '2017-04-19 12:48:19'),
(23, 4, 1, 83, 0.5, '', 9, '2017-04-19', 2017, 4, 16, '2017-04-19 12:51:50', '2017-04-19 12:51:50'),
(24, 4, 1, 84, 0.5, '', 9, '2017-04-19', 2017, 4, 16, '2017-04-19 12:53:06', '2017-04-19 12:53:06'),
(29, 4, 1, NULL, 0.5, '', 9, '2017-04-19', 2017, 4, 16, '2017-04-19 13:05:28', '2017-04-19 13:05:28'),
(30, 4, 1, NULL, 0.5, '', 9, '2017-04-19', 2017, 4, 16, '2017-04-19 13:06:51', '2017-04-19 13:06:51'),
(46, 4, 14, 115, 1, '', 10, '2017-04-20', 2017, 4, 16, '2017-04-20 11:38:22', '2017-04-20 11:38:22'),
(50, 4, 14, 114, 1, '', 10, '2017-04-20', 2017, 4, 16, '2017-04-20 15:14:08', '2017-04-20 15:14:08'),
(55, 4, 14, 114, 5, 'installation de l''environement de travail', 16, '2017-04-20', 2017, 4, 16, '2017-04-20 16:59:48', '2017-04-20 16:59:48'),
(56, 4, 14, 115, 3.5, '', 16, '2017-04-21', 2017, 4, 16, '2017-04-21 13:13:26', '2017-04-21 13:13:26'),
(57, 4, 14, 114, 0.5, '', 16, '2017-04-21', 2017, 4, 16, '2017-04-21 13:14:19', '2017-04-21 13:14:19'),
(64, 4, 14, 117, 6, '', 9, '2017-04-25', 2017, 4, 17, '2017-04-25 15:45:55', '2017-04-25 15:45:55'),
(65, 4, 14, 117, 4, '', 9, '2017-04-24', 2017, 4, 17, '2017-04-25 15:46:26', '2017-04-26 08:51:19'),
(75, 4, 1, 120, 0.2, '', 9, '2017-04-27', 2017, 4, 17, '2017-04-27 08:38:05', '2017-04-27 08:38:05'),
(76, 4, 1, 123, 0.2, '', 9, '2017-04-27', 2017, 4, 17, '2017-04-27 08:38:30', '2017-04-27 08:38:30'),
(77, 4, 1, 118, 0.2, '', 9, '2017-04-27', 2017, 4, 17, '2017-04-27 08:38:57', '2017-04-27 08:38:57'),
(78, 4, 1, 119, 0.2, '', 9, '2017-04-27', 2017, 4, 17, '2017-04-27 08:39:25', '2017-04-27 08:39:25'),
(112, 4, 14, 151, 8, '', 9, '2017-07-12', 2017, 7, 28, '2017-07-18 17:09:12', '2017-07-18 17:09:12'),
(113, 4, 14, 151, 3.5, '', 9, '2017-07-13', 2017, 7, 28, '2017-07-18 17:09:47', '2017-07-18 17:09:47'),
(114, 4, 14, 151, 4.5, '', 9, '2017-07-14', 2017, 7, 28, '2017-07-18 17:11:13', '2017-07-18 17:11:13'),
(115, 4, 14, 151, 8, '', 9, '2017-07-17', 2017, 7, 29, '2017-07-18 17:14:15', '2017-07-18 17:14:15'),
(116, 4, 14, 151, 8, '', 9, '2017-07-18', 2017, 7, 29, '2017-07-18 17:14:36', '2017-07-18 17:14:36'),
(117, 4, 14, 151, 8, '', 9, '2017-07-19', 2017, 7, 29, '2017-07-20 11:55:09', '2017-07-20 11:55:09');

-- --------------------------------------------------------

--
-- Structure de la table `tokens`
--

CREATE TABLE `tokens` (
  `id` int(11) NOT NULL,
  `user_id` int(11) NOT NULL DEFAULT '0',
  `action` varchar(30) NOT NULL DEFAULT '',
  `value` varchar(40) NOT NULL DEFAULT '',
  `created_on` datetime NOT NULL,
  `updated_on` datetime DEFAULT NULL
) ENGINE=InnoDB DEFAULT CHARSET=latin1;

--
-- Contenu de la table `tokens`
--

INSERT INTO `tokens` (`id`, `user_id`, `action`, `value`, `created_on`, `updated_on`) VALUES
(3, 1, 'feeds', '014928c51b68c5b75f39a935596b2ce9f4b30b5a', '2016-09-06 11:09:20', '2016-09-06 11:09:20'),
(32, 14, 'feeds', '45c67be5971a65a350a33fa8eaaf563d7ff695ad', '2017-04-18 18:26:18', '2017-04-18 18:26:18'),
(35, 13, 'feeds', 'd631ed460bc5b067abeca849d31b75488d2d078c', '2017-04-19 09:50:51', '2017-04-19 09:50:51'),
(36, 13, 'session', '243695e1839d227750ee59abc007f2ff53bcb0a4', '2017-04-19 09:52:06', '2017-04-19 11:25:54'),
(38, 13, 'session', '8fd874cf7b24ac36b0874d8bcd570d8e976ab4c7', '2017-04-19 16:07:17', '2017-04-19 16:09:21'),
(39, 13, 'session', '83273f2774140b5af1f15ab45794f7a09c922491', '2017-04-20 09:39:01', '2017-04-20 13:07:41'),
(43, 16, 'feeds', '06199bd79fb93b4013d0cc49c91c4bb84f393edb', '2017-04-20 12:55:14', '2017-04-20 12:55:14'),
(45, 13, 'session', 'e8159a08b47f036e0afaef66ab66acfa6baf5a4b', '2017-04-20 14:59:16', '2017-04-20 15:16:52'),
(46, 16, 'session', 'e7317c63b188aa937482cae9db728a764ad5db51', '2017-04-20 15:35:56', '2017-04-20 16:09:41'),
(56, 13, 'session', '161deb527bae11036f95b10be867716a99cdb412', '2017-05-02 10:47:51', '2017-05-02 11:11:43'),
(57, 16, 'session', '160f803b8955aeae8a8e88c3d86f35e0a5890995', '2017-05-02 12:00:21', '2017-05-02 13:15:41'),
(65, 16, 'session', '1a57dc1ba4098dec4ef158de6f1f10fd925342c2', '2017-05-03 10:41:54', '2017-05-03 11:13:02'),
(67, 16, 'session', '39c6aa75bc8c2ebfe5eed68bca3ac1cd9ac157e8', '2017-05-04 08:40:12', '2017-05-04 08:41:42'),
(70, 13, 'session', '891afdf0f466c31a08f7c56d63b34c0db5e1661d', '2017-05-05 09:32:50', '2017-05-05 09:34:12'),
(98, 14, 'session', 'b7ee928d17566bc927089d829a948259022c802d', '2017-07-31 10:12:58', '2017-07-31 10:13:50'),
(99, 14, 'session', '33da8f11ec16d62ab42fb314001fde1a2eff70f4', '2017-08-01 12:51:12', '2017-08-01 12:51:17'),
(100, 14, 'session', 'fea30f381dac6f67d9a55aed6f82dd5a1e8e0785', '2017-08-02 15:35:44', '2017-08-02 15:36:54'),
(101, 14, 'session', '4d4a980bc1b1f818e08b0bcaad2057751d04a612', '2017-08-03 15:42:27', '2017-08-03 15:42:27'),
(102, 14, 'session', '69f7aeebd1e5f880da3b2b34a8f72a51f6764d30', '2017-08-04 10:19:46', '2017-08-04 10:19:50'),
(103, 14, 'session', '49f11f0ed1184558103bb4d8d7d18220238ad36a', '2017-08-07 09:03:34', '2017-08-07 09:03:37'),
(104, 14, 'session', '0e6b66d059423a7fe968abe68e989fcd2a54a6ef', '2017-08-09 11:48:37', '2017-08-09 14:46:51'),
(105, 14, 'session', '6797f90b0d6d2b515d34d497ac3d57807a20f61d', '2017-08-16 10:29:05', '2017-08-16 10:29:22'),
(108, 17, 'feeds', '7c50d60c0f7eaad35314d94309ffeab5ce8f0772', '2017-08-17 17:09:20', '2017-08-17 17:09:20'),
(110, 1, 'session', 'a1aa2efb2d32fa7a42d60f63f79a8d439a969d41', '2017-08-19 13:54:50', '2017-08-21 08:01:31'),
(111, 14, 'session', '7e480a2f50a5818bdcb919400ff77bdac39370d1', '2017-08-21 10:05:21', '2017-08-21 10:05:37'),
(112, 17, 'session', 'ad9f94c1b1964114589c35710b2b32459d21ae0f', '2017-08-21 10:05:29', '2017-08-21 10:05:36'),
(114, 17, 'session', 'f595b8e52f7ed2a9294e4b50a9127f834eff8c80', '2017-08-21 18:30:53', '2017-08-22 09:55:45'),
(116, 20, 'session', 'ba527962464016d7fe9bf730a28074e3bf425c6b', '2017-08-21 20:25:35', '2017-09-05 12:32:19'),
(117, 20, 'feeds', '08df01dfe44479ddbfac9ec46a54f4b77d9de3e3', '2017-08-21 20:25:35', '2017-08-21 20:25:35'),
(118, 1, 'session', '66914e7bdaea76a28ac0d6d67ee20a87db7027a8', '2017-08-21 22:56:53', '2017-08-22 06:41:08'),
(120, 1, 'session', '23906bf735dc9d8f2f847e9afdbd6f68d64667c1', '2017-08-22 13:23:16', '2017-08-22 13:36:21');

-- --------------------------------------------------------

--
-- Structure de la table `trackers`
--

CREATE TABLE `trackers` (
  `id` int(11) NOT NULL,
  `name` varchar(30) NOT NULL DEFAULT '',
  `is_in_chlog` tinyint(1) NOT NULL DEFAULT '0',
  `position` int(11) DEFAULT NULL,
  `is_in_roadmap` tinyint(1) NOT NULL DEFAULT '1',
  `fields_bits` int(11) DEFAULT '0',
  `default_status_id` int(11) DEFAULT NULL
) ENGINE=InnoDB DEFAULT CHARSET=latin1;

--
-- Contenu de la table `trackers`
--

INSERT INTO `trackers` (`id`, `name`, `is_in_chlog`, `position`, `is_in_roadmap`, `fields_bits`, `default_status_id`) VALUES
(1, 'Anomalie', 1, 2, 0, 0, 1),
(2, 'Evolution', 1, 3, 1, 0, 1),
(3, 'Assistance', 0, 4, 0, 0, 1),
(4, 'Activité', 0, 5, 1, 6, 1),
(5, 'Fonctionnalité', 0, 1, 1, 0, 1);

-- --------------------------------------------------------

--
-- Structure de la table `user_preferences`
--

CREATE TABLE `user_preferences` (
  `id` int(11) NOT NULL,
  `user_id` int(11) NOT NULL DEFAULT '0',
  `others` text,
  `hide_mail` tinyint(1) DEFAULT '1',
  `time_zone` varchar(255) DEFAULT NULL
) ENGINE=InnoDB DEFAULT CHARSET=latin1;

--
-- Contenu de la table `user_preferences`
--

INSERT INTO `user_preferences` (`id`, `user_id`, `others`, `hide_mail`, `time_zone`) VALUES
(1, 1, '---\n:no_self_notified: ''1''\n:comments_sorting: asc\n:warn_on_leaving_unsaved: ''1''\n:gantt_zoom: 4\n:gantt_months: 2\n:activity_scope:\n- time_entries\n:diff_type: inline\n:my_page_layout:\n  top:\n  - news\n  - timelog\n  - issuesassignedtome\n  left: []\n  right: []\n', 0, ''),
(10, 13, '---\n:no_self_notified: ''1''\n:comments_sorting: asc\n:warn_on_leaving_unsaved: ''1''\n:gantt_zoom: 2\n:gantt_months: 6\n:diff_type: inline\n', 1, ''),
(11, 14, '---\n:no_self_notified: ''1''\n:comments_sorting: asc\n:warn_on_leaving_unsaved: ''1''\n:gantt_zoom: 2\n:gantt_months: 6\n', 1, ''),
(12, 16, '---\n:no_self_notified: ''1''\n:comments_sorting: asc\n:warn_on_leaving_unsaved: ''1''\n:gantt_zoom: 2\n:gantt_months: 6\n', 1, ''),
(13, 17, '---\n:no_self_notified: ''1''\n:comments_sorting: asc\n:warn_on_leaving_unsaved: ''1''\n:gantt_zoom: 2\n:gantt_months: 6\n', 1, ''),
(14, 18, '---\n:no_self_notified: ''1''\n:comments_sorting: asc\n:warn_on_leaving_unsaved: ''1''\n', 1, ''),
(15, 19, '---\n:no_self_notified: ''1''\n:comments_sorting: asc\n:warn_on_leaving_unsaved: ''1''\n', 1, ''),
(16, 20, '---\n:no_self_notified: ''1''\n:comments_sorting: asc\n:warn_on_leaving_unsaved: ''1''\n', 1, ''),
(17, 21, '---\n:no_self_notified: ''1''\n:comments_sorting: asc\n:warn_on_leaving_unsaved: ''1''\n', 1, ''),
(18, 22, '---\n:no_self_notified: ''1''\n:comments_sorting: asc\n:warn_on_leaving_unsaved: ''1''\n', 1, ''),
(19, 23, '---\n:no_self_notified: ''1''\n:comments_sorting: asc\n:warn_on_leaving_unsaved: ''1''\n', 1, ''),
(20, 24, '---\n:no_self_notified: ''1''\n:comments_sorting: asc\n:warn_on_leaving_unsaved: ''1''\n', 1, ''),
(21, 25, '---\n:no_self_notified: ''1''\n:comments_sorting: asc\n:warn_on_leaving_unsaved: ''1''\n', 1, ''),
(22, 26, '---\n:no_self_notified: ''1''\n:comments_sorting: asc\n:warn_on_leaving_unsaved: ''1''\n', 1, ''),
(23, 27, '---\n:no_self_notified: ''1''\n:comments_sorting: asc\n:warn_on_leaving_unsaved: ''1''\n', 1, ''),
(24, 28, '---\n:no_self_notified: ''1''\n:comments_sorting: asc\n:warn_on_leaving_unsaved: ''1''\n', 1, ''),
(25, 29, '---\n:no_self_notified: ''1''\n:comments_sorting: asc\n:warn_on_leaving_unsaved: ''1''\n', 1, '');

-- --------------------------------------------------------

--
-- Structure de la table `users`
--

CREATE TABLE `users` (
  `id` int(11) NOT NULL,
  `login` varchar(255) NOT NULL DEFAULT '',
  `hashed_password` varchar(40) NOT NULL DEFAULT '',
  `firstname` varchar(30) NOT NULL DEFAULT '',
  `lastname` varchar(255) NOT NULL DEFAULT '',
  `admin` tinyint(1) NOT NULL DEFAULT '0',
  `status` int(11) NOT NULL DEFAULT '1',
  `last_login_on` datetime DEFAULT NULL,
  `language` varchar(5) DEFAULT '',
  `auth_source_id` int(11) DEFAULT NULL,
  `created_on` datetime DEFAULT NULL,
  `updated_on` datetime DEFAULT NULL,
  `type` varchar(255) DEFAULT NULL,
  `identity_url` varchar(255) DEFAULT NULL,
  `mail_notification` varchar(255) NOT NULL DEFAULT '',
  `salt` varchar(64) DEFAULT NULL,
  `must_change_passwd` tinyint(1) NOT NULL DEFAULT '0',
  `passwd_changed_on` datetime DEFAULT NULL
) ENGINE=InnoDB DEFAULT CHARSET=latin1;

--
-- Contenu de la table `users`
--

INSERT INTO `users` (`id`, `login`, `hashed_password`, `firstname`, `lastname`, `admin`, `status`, `last_login_on`, `language`, `auth_source_id`, `created_on`, `updated_on`, `type`, `identity_url`, `mail_notification`, `salt`, `must_change_passwd`, `passwd_changed_on`) VALUES
(1, 'admin', 'f7fe68e74c50d8a2dd7f221e88146a52a3597166', 'Abdoulaye', 'DIOP', 1, 1, '2017-08-22 13:23:16', '', NULL, '2016-09-06 08:20:28', '2017-08-19 13:54:50', 'User', NULL, 'all', 'bc3da3a8a4672d0f47a2ce33bf375b50', 0, '2017-08-19 13:54:50'),
(2, '', '', '', 'Anonymous users', 0, 1, NULL, '', NULL, '2016-09-06 08:22:19', '2016-09-06 08:22:19', 'GroupAnonymous', NULL, '', NULL, 0, NULL),
(3, '', '', '', 'Non member users', 0, 1, NULL, '', NULL, '2016-09-06 08:22:19', '2016-09-06 08:22:19', 'GroupNonMember', NULL, '', NULL, 0, NULL),
(4, '', '', '', 'Anonymous', 0, 0, NULL, '', NULL, '2016-09-06 10:56:04', '2016-09-06 10:56:04', 'AnonymousUser', NULL, 'only_my_events', NULL, 0, NULL),
(13, 'thioubc', '9a913e562043703a440060c4dd03c694e7e48939', 'Cheikh', 'Thioub', 0, 1, '2017-05-05 09:32:50', 'fr', NULL, '2017-04-18 18:23:19', '2017-04-19 09:52:06', 'User', NULL, 'all', '45702b90aaa5fa7f97322fc4a6eac74c', 0, '2017-04-19 09:52:06'),
(14, 'djamila', 'f7c4579a2d01c662188bbd3f071c3acd5cd9876c', 'Djamila', 'Hachimou', 0, 1, '2017-08-28 09:34:44', 'fr', NULL, '2017-04-18 18:24:12', '2017-04-18 18:24:12', 'User', NULL, 'all', '0c9f0c5482f6e3a53d015166d5bf79db', 0, '2017-04-18 18:24:12'),
(15, '', '', '', 'Testeur', 0, 1, NULL, '', NULL, '2017-04-20 07:45:28', '2017-04-20 07:45:28', 'Group', NULL, '', NULL, 0, NULL),
(16, 'badara', 'c45963b125dfd695e2336ae2501e36f6a6204009', 'Alioune Badara', 'Mbaye', 0, 1, '2017-05-04 08:40:12', 'fr', NULL, '2017-04-20 12:54:05', '2017-04-20 15:35:56', 'User', NULL, 'all', '4803a3344587f5ca4447ff6a8658b04a', 0, '2017-04-20 15:35:56'),
(17, 'cheikh.bamba', '52920deefa01c4aa3b652a460b40ab1308a74330', 'Cheikh Bamba', 'Mbaye', 0, 1, '2017-08-21 18:30:53', 'fr', NULL, '2017-08-16 12:58:32', '2017-08-17 17:08:39', 'User', NULL, 'all', '6c851edcca7cea4d2b3d490608a80519', 0, '2017-08-17 17:08:39'),
(18, 'boubacar.mbengue', '03ee3ef36a39d3889833dcff6f9a0e55853849eb', 'Boubacar', 'Mbengue', 0, 1, NULL, 'fr', NULL, '2017-08-16 12:59:47', '2017-08-16 12:59:47', 'User', NULL, 'all', '8d2514eebd2b677da3150515f24a4208', 1, '2017-08-16 12:59:47'),
(19, 'yarame.fall', '98cd81a5cef011869e935e2297a02fde8faa4b27', 'Ndeye Yarame', 'Fall', 0, 1, NULL, 'fr', NULL, '2017-08-17 15:37:48', '2017-08-17 15:37:48', 'User', NULL, 'all', 'f8e78881664a3eba640b408144e11473', 1, '2017-08-17 15:37:48'),
(20, 'apdiop', '305544d94439ac3ec355d20ce2c41e936a21130a', 'Abdoulaye Pouye', 'DIOP', 0, 1, '2017-08-22 07:41:06', 'fr', NULL, '2017-08-21 07:50:41', '2017-08-22 07:40:23', 'User', NULL, 'all', '89370fa64b08f834ce9b04453473fdce', 0, '2017-08-21 07:50:41'),
(21, 'diang', 'da0dff348962bd954cd1c639dcd6aeb4cbe06a8e', 'Mamadou Diang', 'Ba', 0, 1, NULL, 'fr', NULL, '2017-08-22 13:24:33', '2017-08-22 13:24:33', 'User', NULL, 'only_my_events', '600848e2bd6c81b821b33400b39b3b5f', 0, '2017-08-22 13:24:33'),
(22, 'maguette.sarr', '8d96ba6390e89624e937e08c5ab19d8481fc74f5', 'Maguette', 'Sarr', 0, 1, NULL, 'fr', NULL, '2017-08-22 13:25:23', '2017-08-22 13:25:23', 'User', NULL, 'only_my_events', '136e312389f508db39934adae1da55df', 0, '2017-08-22 13:25:23'),
(23, 'momar.thiam', '8d721830f66efc1a880452e81e8893e918afdf8b', 'Momar', 'Thiam', 0, 1, NULL, 'fr', NULL, '2017-08-22 13:26:20', '2017-08-22 13:26:20', 'User', NULL, 'only_my_events', '98b6437e1a519e39253dd4be27778356', 0, '2017-08-22 13:26:20'),
(24, 'boucar.diouf', '640a904ee3ee1ba31cd25772c028006ce5046a80', 'Boucar Siga', 'Diouf', 0, 1, NULL, 'fr', NULL, '2017-08-22 13:27:16', '2017-08-22 13:27:16', 'User', NULL, 'only_my_events', '08187080eb9e86320c0551e183dc8804', 0, '2017-08-22 13:27:16'),
(25, 'amadou.balde', 'd7501fe8de5a205f9117a8a22bf2228e5df07cfd', 'Amadou', 'Balde', 0, 1, NULL, 'fr', NULL, '2017-08-22 13:28:08', '2017-08-22 13:28:08', 'User', NULL, 'only_my_events', '10a79e66d43322c113455776106ee57c', 0, '2017-08-22 13:28:08'),
(26, 'limou', '6b22c10a6b853bc9ebad86e61efdbd478e4ef9b2', 'Mamadou Alimou', 'DIALLO', 0, 1, NULL, 'fr', NULL, '2017-08-22 13:29:04', '2017-08-22 13:29:04', 'User', NULL, 'only_my_events', 'bab67fee3a3d02926e44912dbfabcb4b', 0, '2017-08-22 13:29:04'),
(27, 'babacar.fall', '9c001dccdb8ef757279196e0947eacf3ae0675a5', 'Khalifa Ababacar', 'FALL', 0, 1, NULL, 'fr', NULL, '2017-08-22 13:29:56', '2017-08-22 13:29:56', 'User', NULL, 'only_my_events', '2e42ea7692494bf924d268ccebefc787', 0, '2017-08-22 13:29:56'),
(28, 'yonan.ndiaye', '5173d5788df9fa4c00f75f740855cd7be9e20eb0', 'Aboubacar Yonan', 'NDIAYE', 0, 1, NULL, 'fr', NULL, '2017-08-22 13:30:45', '2017-08-22 13:30:45', 'User', NULL, 'only_my_events', '0c96e2ad474af5ae7c786b831e82d60e', 0, '2017-08-22 13:30:45'),
(29, 'senghor', '61747d1db7e3e99cb206f4c006e7e29fd62459ca', 'Marie Simone', 'SENGHOR', 0, 1, NULL, 'fr', NULL, '2017-08-22 13:31:58', '2017-08-22 13:31:58', 'User', NULL, 'only_my_events', '30324510501e3fb2c22b527f053233b2', 0, '2017-08-22 13:31:58');

-- --------------------------------------------------------

--
-- Structure de la table `versions`
--

CREATE TABLE `versions` (
  `id` int(11) NOT NULL,
  `project_id` int(11) NOT NULL DEFAULT '0',
  `name` varchar(255) NOT NULL DEFAULT '',
  `description` varchar(255) DEFAULT '',
  `effective_date` date DEFAULT NULL,
  `created_on` datetime DEFAULT NULL,
  `updated_on` datetime DEFAULT NULL,
  `wiki_page_title` varchar(255) DEFAULT NULL,
  `status` varchar(255) DEFAULT 'open',
  `sharing` varchar(255) NOT NULL DEFAULT 'none'
) ENGINE=InnoDB DEFAULT CHARSET=latin1;

-- --------------------------------------------------------

--
-- Structure de la table `watchers`
--

CREATE TABLE `watchers` (
  `id` int(11) NOT NULL,
  `watchable_type` varchar(255) NOT NULL DEFAULT '',
  `watchable_id` int(11) NOT NULL DEFAULT '0',
  `user_id` int(11) DEFAULT NULL
) ENGINE=InnoDB DEFAULT CHARSET=latin1;

--
-- Contenu de la table `watchers`
--

INSERT INTO `watchers` (`id`, `watchable_type`, `watchable_id`, `user_id`) VALUES
(1, 'Message', 1, 1),
(2, 'Issue', 24, 1),
(3, 'Issue', 26, 1),
(10, 'News', 1, 1),
(11, 'News', 2, 1),
(13, 'Issue', 146, 14);

-- --------------------------------------------------------

--
-- Structure de la table `wiki_content_versions`
--

CREATE TABLE `wiki_content_versions` (
  `id` int(11) NOT NULL,
  `wiki_content_id` int(11) NOT NULL,
  `page_id` int(11) NOT NULL,
  `author_id` int(11) DEFAULT NULL,
  `data` longblob,
  `compression` varchar(6) DEFAULT '',
  `comments` varchar(1024) DEFAULT '',
  `updated_on` datetime NOT NULL,
  `version` int(11) NOT NULL
) ENGINE=InnoDB DEFAULT CHARSET=latin1;

--
-- Contenu de la table `wiki_content_versions`
--

INSERT INTO `wiki_content_versions` (`id`, `wiki_content_id`, `page_id`, `author_id`, `data`, `compression`, `comments`, `updated_on`, `version`) VALUES
(1, 1, 1, 1, 0x68312e20417069646f630d0a0d0a506f75722067c3a96ec3a9726572206c6120646f63756d656e746174696f6e3a20666169746573200d0a203c636f64653e617069646f63202d65206e6f64655f6d6f64756c65733c2f636f64653e0d0a0d0a20, '', '', '2017-04-19 10:38:49', 1);

-- --------------------------------------------------------

--
-- Structure de la table `wiki_contents`
--

CREATE TABLE `wiki_contents` (
  `id` int(11) NOT NULL,
  `page_id` int(11) NOT NULL,
  `author_id` int(11) DEFAULT NULL,
  `text` longtext,
  `comments` varchar(1024) DEFAULT '',
  `updated_on` datetime NOT NULL,
  `version` int(11) NOT NULL
) ENGINE=InnoDB DEFAULT CHARSET=latin1;

--
-- Contenu de la table `wiki_contents`
--

INSERT INTO `wiki_contents` (`id`, `page_id`, `author_id`, `text`, `comments`, `updated_on`, `version`) VALUES
(1, 1, 1, 'h1. Apidoc\r\n\r\nPour générer la documentation: faites \r\n <code>apidoc -e node_modules</code>\r\n\r\n ', '', '2017-04-19 10:38:49', 1);

-- --------------------------------------------------------

--
-- Structure de la table `wiki_pages`
--

CREATE TABLE `wiki_pages` (
  `id` int(11) NOT NULL,
  `wiki_id` int(11) NOT NULL,
  `title` varchar(255) NOT NULL,
  `created_on` datetime NOT NULL,
  `protected` tinyint(1) NOT NULL DEFAULT '0',
  `parent_id` int(11) DEFAULT NULL
) ENGINE=InnoDB DEFAULT CHARSET=latin1;

--
-- Contenu de la table `wiki_pages`
--

INSERT INTO `wiki_pages` (`id`, `wiki_id`, `title`, `created_on`, `protected`, `parent_id`) VALUES
(1, 4, 'Apidoc', '2017-04-19 10:38:49', 0, NULL);

-- --------------------------------------------------------

--
-- Structure de la table `wiki_redirects`
--

CREATE TABLE `wiki_redirects` (
  `id` int(11) NOT NULL,
  `wiki_id` int(11) NOT NULL,
  `title` varchar(255) DEFAULT NULL,
  `redirects_to` varchar(255) DEFAULT NULL,
  `created_on` datetime NOT NULL,
  `redirects_to_wiki_id` int(11) NOT NULL
) ENGINE=InnoDB DEFAULT CHARSET=latin1;

-- --------------------------------------------------------

--
-- Structure de la table `wikis`
--

CREATE TABLE `wikis` (
  `id` int(11) NOT NULL,
  `project_id` int(11) NOT NULL,
  `start_page` varchar(255) NOT NULL,
  `status` int(11) NOT NULL DEFAULT '1'
) ENGINE=InnoDB DEFAULT CHARSET=latin1;

--
-- Contenu de la table `wikis`
--

INSERT INTO `wikis` (`id`, `project_id`, `start_page`, `status`) VALUES
(2, 2, 'Wiki', 1),
(3, 3, 'Wiki', 1),
(4, 4, 'Wiki', 1),
(5, 5, 'Wiki', 1),
(6, 6, 'Wiki', 1);

-- --------------------------------------------------------

--
-- Structure de la table `workflows`
--

CREATE TABLE `workflows` (
  `id` int(11) NOT NULL,
  `tracker_id` int(11) NOT NULL DEFAULT '0',
  `old_status_id` int(11) NOT NULL DEFAULT '0',
  `new_status_id` int(11) NOT NULL DEFAULT '0',
  `role_id` int(11) NOT NULL DEFAULT '0',
  `assignee` tinyint(1) NOT NULL DEFAULT '0',
  `author` tinyint(1) NOT NULL DEFAULT '0',
  `type` varchar(30) DEFAULT NULL,
  `field_name` varchar(30) DEFAULT NULL,
  `rule` varchar(30) DEFAULT NULL
) ENGINE=InnoDB DEFAULT CHARSET=latin1;

--
-- Contenu de la table `workflows`
--

INSERT INTO `workflows` (`id`, `tracker_id`, `old_status_id`, `new_status_id`, `role_id`, `assignee`, `author`, `type`, `field_name`, `rule`) VALUES
(1, 1, 1, 2, 3, 0, 0, 'WorkflowTransition', NULL, NULL),
(2, 1, 1, 3, 3, 0, 0, 'WorkflowTransition', NULL, NULL),
(3, 1, 1, 4, 3, 0, 0, 'WorkflowTransition', NULL, NULL),
(4, 1, 1, 5, 3, 0, 0, 'WorkflowTransition', NULL, NULL),
(5, 1, 1, 6, 3, 0, 0, 'WorkflowTransition', NULL, NULL),
(6, 1, 2, 1, 3, 0, 0, 'WorkflowTransition', NULL, NULL),
(7, 1, 2, 3, 3, 0, 0, 'WorkflowTransition', NULL, NULL),
(8, 1, 2, 4, 3, 0, 0, 'WorkflowTransition', NULL, NULL),
(9, 1, 2, 5, 3, 0, 0, 'WorkflowTransition', NULL, NULL),
(10, 1, 2, 6, 3, 0, 0, 'WorkflowTransition', NULL, NULL),
(11, 1, 3, 1, 3, 0, 0, 'WorkflowTransition', NULL, NULL),
(12, 1, 3, 2, 3, 0, 0, 'WorkflowTransition', NULL, NULL),
(13, 1, 3, 4, 3, 0, 0, 'WorkflowTransition', NULL, NULL),
(14, 1, 3, 5, 3, 0, 0, 'WorkflowTransition', NULL, NULL),
(15, 1, 3, 6, 3, 0, 0, 'WorkflowTransition', NULL, NULL),
(16, 1, 4, 1, 3, 0, 0, 'WorkflowTransition', NULL, NULL),
(17, 1, 4, 2, 3, 0, 0, 'WorkflowTransition', NULL, NULL),
(18, 1, 4, 3, 3, 0, 0, 'WorkflowTransition', NULL, NULL),
(19, 1, 4, 5, 3, 0, 0, 'WorkflowTransition', NULL, NULL),
(20, 1, 4, 6, 3, 0, 0, 'WorkflowTransition', NULL, NULL),
(21, 1, 5, 1, 3, 0, 0, 'WorkflowTransition', NULL, NULL),
(22, 1, 5, 2, 3, 0, 0, 'WorkflowTransition', NULL, NULL),
(23, 1, 5, 3, 3, 0, 0, 'WorkflowTransition', NULL, NULL),
(24, 1, 5, 4, 3, 0, 0, 'WorkflowTransition', NULL, NULL),
(25, 1, 5, 6, 3, 0, 0, 'WorkflowTransition', NULL, NULL),
(26, 1, 6, 1, 3, 0, 0, 'WorkflowTransition', NULL, NULL),
(27, 1, 6, 2, 3, 0, 0, 'WorkflowTransition', NULL, NULL),
(28, 1, 6, 3, 3, 0, 0, 'WorkflowTransition', NULL, NULL),
(29, 1, 6, 4, 3, 0, 0, 'WorkflowTransition', NULL, NULL),
(30, 1, 6, 5, 3, 0, 0, 'WorkflowTransition', NULL, NULL),
(31, 2, 1, 2, 3, 0, 0, 'WorkflowTransition', NULL, NULL),
(32, 2, 1, 3, 3, 0, 0, 'WorkflowTransition', NULL, NULL),
(33, 2, 1, 4, 3, 0, 0, 'WorkflowTransition', NULL, NULL),
(34, 2, 1, 5, 3, 0, 0, 'WorkflowTransition', NULL, NULL),
(35, 2, 1, 6, 3, 0, 0, 'WorkflowTransition', NULL, NULL),
(36, 2, 2, 1, 3, 0, 0, 'WorkflowTransition', NULL, NULL),
(37, 2, 2, 3, 3, 0, 0, 'WorkflowTransition', NULL, NULL),
(38, 2, 2, 4, 3, 0, 0, 'WorkflowTransition', NULL, NULL),
(39, 2, 2, 5, 3, 0, 0, 'WorkflowTransition', NULL, NULL),
(40, 2, 2, 6, 3, 0, 0, 'WorkflowTransition', NULL, NULL),
(41, 2, 3, 1, 3, 0, 0, 'WorkflowTransition', NULL, NULL),
(42, 2, 3, 2, 3, 0, 0, 'WorkflowTransition', NULL, NULL),
(43, 2, 3, 4, 3, 0, 0, 'WorkflowTransition', NULL, NULL),
(44, 2, 3, 5, 3, 0, 0, 'WorkflowTransition', NULL, NULL),
(45, 2, 3, 6, 3, 0, 0, 'WorkflowTransition', NULL, NULL),
(46, 2, 4, 1, 3, 0, 0, 'WorkflowTransition', NULL, NULL),
(47, 2, 4, 2, 3, 0, 0, 'WorkflowTransition', NULL, NULL),
(48, 2, 4, 3, 3, 0, 0, 'WorkflowTransition', NULL, NULL),
(49, 2, 4, 5, 3, 0, 0, 'WorkflowTransition', NULL, NULL),
(50, 2, 4, 6, 3, 0, 0, 'WorkflowTransition', NULL, NULL),
(51, 2, 5, 1, 3, 0, 0, 'WorkflowTransition', NULL, NULL),
(52, 2, 5, 2, 3, 0, 0, 'WorkflowTransition', NULL, NULL),
(53, 2, 5, 3, 3, 0, 0, 'WorkflowTransition', NULL, NULL),
(54, 2, 5, 4, 3, 0, 0, 'WorkflowTransition', NULL, NULL),
(55, 2, 5, 6, 3, 0, 0, 'WorkflowTransition', NULL, NULL),
(56, 2, 6, 1, 3, 0, 0, 'WorkflowTransition', NULL, NULL),
(57, 2, 6, 2, 3, 0, 0, 'WorkflowTransition', NULL, NULL),
(58, 2, 6, 3, 3, 0, 0, 'WorkflowTransition', NULL, NULL),
(59, 2, 6, 4, 3, 0, 0, 'WorkflowTransition', NULL, NULL),
(60, 2, 6, 5, 3, 0, 0, 'WorkflowTransition', NULL, NULL),
(61, 3, 1, 2, 3, 0, 0, 'WorkflowTransition', NULL, NULL),
(62, 3, 1, 3, 3, 0, 0, 'WorkflowTransition', NULL, NULL),
(63, 3, 1, 4, 3, 0, 0, 'WorkflowTransition', NULL, NULL),
(64, 3, 1, 5, 3, 0, 0, 'WorkflowTransition', NULL, NULL),
(65, 3, 1, 6, 3, 0, 0, 'WorkflowTransition', NULL, NULL),
(66, 3, 2, 1, 3, 0, 0, 'WorkflowTransition', NULL, NULL),
(67, 3, 2, 3, 3, 0, 0, 'WorkflowTransition', NULL, NULL),
(68, 3, 2, 4, 3, 0, 0, 'WorkflowTransition', NULL, NULL),
(69, 3, 2, 5, 3, 0, 0, 'WorkflowTransition', NULL, NULL),
(70, 3, 2, 6, 3, 0, 0, 'WorkflowTransition', NULL, NULL),
(71, 3, 3, 1, 3, 0, 0, 'WorkflowTransition', NULL, NULL),
(72, 3, 3, 2, 3, 0, 0, 'WorkflowTransition', NULL, NULL),
(73, 3, 3, 4, 3, 0, 0, 'WorkflowTransition', NULL, NULL),
(74, 3, 3, 5, 3, 0, 0, 'WorkflowTransition', NULL, NULL),
(75, 3, 3, 6, 3, 0, 0, 'WorkflowTransition', NULL, NULL),
(76, 3, 4, 1, 3, 0, 0, 'WorkflowTransition', NULL, NULL),
(77, 3, 4, 2, 3, 0, 0, 'WorkflowTransition', NULL, NULL),
(78, 3, 4, 3, 3, 0, 0, 'WorkflowTransition', NULL, NULL),
(79, 3, 4, 5, 3, 0, 0, 'WorkflowTransition', NULL, NULL),
(80, 3, 4, 6, 3, 0, 0, 'WorkflowTransition', NULL, NULL),
(81, 3, 5, 1, 3, 0, 0, 'WorkflowTransition', NULL, NULL),
(82, 3, 5, 2, 3, 0, 0, 'WorkflowTransition', NULL, NULL),
(83, 3, 5, 3, 3, 0, 0, 'WorkflowTransition', NULL, NULL),
(84, 3, 5, 4, 3, 0, 0, 'WorkflowTransition', NULL, NULL),
(85, 3, 5, 6, 3, 0, 0, 'WorkflowTransition', NULL, NULL),
(86, 3, 6, 1, 3, 0, 0, 'WorkflowTransition', NULL, NULL),
(87, 3, 6, 2, 3, 0, 0, 'WorkflowTransition', NULL, NULL),
(88, 3, 6, 3, 3, 0, 0, 'WorkflowTransition', NULL, NULL),
(89, 3, 6, 4, 3, 0, 0, 'WorkflowTransition', NULL, NULL),
(90, 3, 6, 5, 3, 0, 0, 'WorkflowTransition', NULL, NULL),
(91, 1, 1, 2, 4, 0, 0, 'WorkflowTransition', NULL, NULL),
(92, 1, 1, 3, 4, 0, 0, 'WorkflowTransition', NULL, NULL),
(93, 1, 1, 4, 4, 0, 0, 'WorkflowTransition', NULL, NULL),
(94, 1, 1, 5, 4, 0, 0, 'WorkflowTransition', NULL, NULL),
(95, 1, 2, 3, 4, 0, 0, 'WorkflowTransition', NULL, NULL),
(96, 1, 2, 4, 4, 0, 0, 'WorkflowTransition', NULL, NULL),
(97, 1, 2, 5, 4, 0, 0, 'WorkflowTransition', NULL, NULL),
(98, 1, 3, 2, 4, 0, 0, 'WorkflowTransition', NULL, NULL),
(99, 1, 3, 4, 4, 0, 0, 'WorkflowTransition', NULL, NULL),
(100, 1, 3, 5, 4, 0, 0, 'WorkflowTransition', NULL, NULL),
(101, 1, 4, 2, 4, 0, 0, 'WorkflowTransition', NULL, NULL),
(102, 1, 4, 3, 4, 0, 0, 'WorkflowTransition', NULL, NULL),
(103, 1, 4, 5, 4, 0, 0, 'WorkflowTransition', NULL, NULL),
(104, 2, 1, 2, 4, 0, 0, 'WorkflowTransition', NULL, NULL),
(105, 2, 1, 3, 4, 0, 0, 'WorkflowTransition', NULL, NULL),
(106, 2, 1, 4, 4, 0, 0, 'WorkflowTransition', NULL, NULL),
(107, 2, 1, 5, 4, 0, 0, 'WorkflowTransition', NULL, NULL),
(108, 2, 2, 3, 4, 0, 0, 'WorkflowTransition', NULL, NULL),
(109, 2, 2, 4, 4, 0, 0, 'WorkflowTransition', NULL, NULL),
(110, 2, 2, 5, 4, 0, 0, 'WorkflowTransition', NULL, NULL),
(111, 2, 3, 2, 4, 0, 0, 'WorkflowTransition', NULL, NULL),
(112, 2, 3, 4, 4, 0, 0, 'WorkflowTransition', NULL, NULL),
(113, 2, 3, 5, 4, 0, 0, 'WorkflowTransition', NULL, NULL),
(114, 2, 4, 2, 4, 0, 0, 'WorkflowTransition', NULL, NULL),
(115, 2, 4, 3, 4, 0, 0, 'WorkflowTransition', NULL, NULL),
(116, 2, 4, 5, 4, 0, 0, 'WorkflowTransition', NULL, NULL),
(117, 3, 1, 2, 4, 0, 0, 'WorkflowTransition', NULL, NULL),
(118, 3, 1, 3, 4, 0, 0, 'WorkflowTransition', NULL, NULL),
(119, 3, 1, 4, 4, 0, 0, 'WorkflowTransition', NULL, NULL),
(120, 3, 1, 5, 4, 0, 0, 'WorkflowTransition', NULL, NULL),
(121, 3, 2, 3, 4, 0, 0, 'WorkflowTransition', NULL, NULL),
(122, 3, 2, 4, 4, 0, 0, 'WorkflowTransition', NULL, NULL),
(123, 3, 2, 5, 4, 0, 0, 'WorkflowTransition', NULL, NULL),
(124, 3, 3, 2, 4, 0, 0, 'WorkflowTransition', NULL, NULL),
(125, 3, 3, 4, 4, 0, 0, 'WorkflowTransition', NULL, NULL),
(126, 3, 3, 5, 4, 0, 0, 'WorkflowTransition', NULL, NULL),
(127, 3, 4, 2, 4, 0, 0, 'WorkflowTransition', NULL, NULL),
(128, 3, 4, 3, 4, 0, 0, 'WorkflowTransition', NULL, NULL),
(129, 3, 4, 5, 4, 0, 0, 'WorkflowTransition', NULL, NULL),
(130, 1, 1, 5, 5, 0, 0, 'WorkflowTransition', NULL, NULL),
(131, 1, 2, 5, 5, 0, 0, 'WorkflowTransition', NULL, NULL),
(132, 1, 3, 5, 5, 0, 0, 'WorkflowTransition', NULL, NULL),
(133, 1, 4, 5, 5, 0, 0, 'WorkflowTransition', NULL, NULL),
(134, 1, 3, 4, 5, 0, 0, 'WorkflowTransition', NULL, NULL),
(135, 2, 1, 5, 5, 0, 0, 'WorkflowTransition', NULL, NULL),
(136, 2, 2, 5, 5, 0, 0, 'WorkflowTransition', NULL, NULL),
(137, 2, 3, 5, 5, 0, 0, 'WorkflowTransition', NULL, NULL),
(138, 2, 4, 5, 5, 0, 0, 'WorkflowTransition', NULL, NULL),
(139, 2, 3, 4, 5, 0, 0, 'WorkflowTransition', NULL, NULL),
(140, 3, 1, 5, 5, 0, 0, 'WorkflowTransition', NULL, NULL),
(141, 3, 2, 5, 5, 0, 0, 'WorkflowTransition', NULL, NULL),
(142, 3, 3, 5, 5, 0, 0, 'WorkflowTransition', NULL, NULL),
(143, 3, 4, 5, 5, 0, 0, 'WorkflowTransition', NULL, NULL),
(144, 3, 3, 4, 5, 0, 0, 'WorkflowTransition', NULL, NULL),
(145, 1, 1, 2, 7, 0, 0, 'WorkflowTransition', NULL, NULL),
(146, 1, 1, 3, 7, 0, 0, 'WorkflowTransition', NULL, NULL),
(147, 1, 1, 4, 7, 0, 0, 'WorkflowTransition', NULL, NULL),
(148, 1, 1, 5, 7, 0, 0, 'WorkflowTransition', NULL, NULL),
(149, 1, 1, 6, 7, 0, 0, 'WorkflowTransition', NULL, NULL),
(150, 1, 2, 1, 7, 0, 0, 'WorkflowTransition', NULL, NULL),
(151, 1, 2, 3, 7, 0, 0, 'WorkflowTransition', NULL, NULL),
(152, 1, 2, 4, 7, 0, 0, 'WorkflowTransition', NULL, NULL),
(153, 1, 2, 5, 7, 0, 0, 'WorkflowTransition', NULL, NULL),
(154, 1, 2, 6, 7, 0, 0, 'WorkflowTransition', NULL, NULL),
(155, 1, 3, 1, 7, 0, 0, 'WorkflowTransition', NULL, NULL),
(156, 1, 3, 2, 7, 0, 0, 'WorkflowTransition', NULL, NULL),
(157, 1, 3, 4, 7, 0, 0, 'WorkflowTransition', NULL, NULL),
(158, 1, 3, 5, 7, 0, 0, 'WorkflowTransition', NULL, NULL),
(159, 1, 3, 6, 7, 0, 0, 'WorkflowTransition', NULL, NULL),
(160, 1, 4, 1, 7, 0, 0, 'WorkflowTransition', NULL, NULL),
(161, 1, 4, 2, 7, 0, 0, 'WorkflowTransition', NULL, NULL),
(162, 1, 4, 3, 7, 0, 0, 'WorkflowTransition', NULL, NULL),
(163, 1, 4, 5, 7, 0, 0, 'WorkflowTransition', NULL, NULL),
(164, 1, 4, 6, 7, 0, 0, 'WorkflowTransition', NULL, NULL),
(165, 1, 5, 1, 7, 0, 0, 'WorkflowTransition', NULL, NULL),
(166, 1, 5, 2, 7, 0, 0, 'WorkflowTransition', NULL, NULL),
(167, 1, 5, 3, 7, 0, 0, 'WorkflowTransition', NULL, NULL),
(168, 1, 5, 4, 7, 0, 0, 'WorkflowTransition', NULL, NULL),
(169, 1, 5, 6, 7, 0, 0, 'WorkflowTransition', NULL, NULL),
(170, 1, 6, 1, 7, 0, 0, 'WorkflowTransition', NULL, NULL),
(171, 1, 6, 2, 7, 0, 0, 'WorkflowTransition', NULL, NULL),
(172, 1, 6, 3, 7, 0, 0, 'WorkflowTransition', NULL, NULL),
(173, 1, 6, 4, 7, 0, 0, 'WorkflowTransition', NULL, NULL),
(174, 1, 6, 5, 7, 0, 0, 'WorkflowTransition', NULL, NULL),
(176, 2, 1, 2, 7, 0, 0, 'WorkflowTransition', NULL, NULL),
(177, 2, 1, 3, 7, 0, 0, 'WorkflowTransition', NULL, NULL),
(178, 2, 1, 4, 7, 0, 0, 'WorkflowTransition', NULL, NULL),
(179, 2, 1, 5, 7, 0, 0, 'WorkflowTransition', NULL, NULL),
(180, 2, 1, 6, 7, 0, 0, 'WorkflowTransition', NULL, NULL),
(181, 2, 2, 1, 7, 0, 0, 'WorkflowTransition', NULL, NULL),
(182, 2, 2, 3, 7, 0, 0, 'WorkflowTransition', NULL, NULL),
(183, 2, 2, 4, 7, 0, 0, 'WorkflowTransition', NULL, NULL),
(184, 2, 2, 5, 7, 0, 0, 'WorkflowTransition', NULL, NULL),
(185, 2, 2, 6, 7, 0, 0, 'WorkflowTransition', NULL, NULL),
(186, 2, 3, 1, 7, 0, 0, 'WorkflowTransition', NULL, NULL),
(187, 2, 3, 2, 7, 0, 0, 'WorkflowTransition', NULL, NULL),
(188, 2, 3, 4, 7, 0, 0, 'WorkflowTransition', NULL, NULL),
(189, 2, 3, 5, 7, 0, 0, 'WorkflowTransition', NULL, NULL),
(190, 2, 3, 6, 7, 0, 0, 'WorkflowTransition', NULL, NULL),
(191, 2, 4, 1, 7, 0, 0, 'WorkflowTransition', NULL, NULL),
(192, 2, 4, 2, 7, 0, 0, 'WorkflowTransition', NULL, NULL),
(193, 2, 4, 3, 7, 0, 0, 'WorkflowTransition', NULL, NULL),
(194, 2, 4, 5, 7, 0, 0, 'WorkflowTransition', NULL, NULL),
(195, 2, 4, 6, 7, 0, 0, 'WorkflowTransition', NULL, NULL),
(196, 2, 5, 1, 7, 0, 0, 'WorkflowTransition', NULL, NULL),
(197, 2, 5, 2, 7, 0, 0, 'WorkflowTransition', NULL, NULL),
(198, 2, 5, 3, 7, 0, 0, 'WorkflowTransition', NULL, NULL),
(199, 2, 5, 4, 7, 0, 0, 'WorkflowTransition', NULL, NULL),
(200, 2, 5, 6, 7, 0, 0, 'WorkflowTransition', NULL, NULL),
(201, 2, 6, 1, 7, 0, 0, 'WorkflowTransition', NULL, NULL),
(202, 2, 6, 2, 7, 0, 0, 'WorkflowTransition', NULL, NULL),
(203, 2, 6, 3, 7, 0, 0, 'WorkflowTransition', NULL, NULL),
(204, 2, 6, 4, 7, 0, 0, 'WorkflowTransition', NULL, NULL),
(205, 2, 6, 5, 7, 0, 0, 'WorkflowTransition', NULL, NULL),
(207, 3, 1, 2, 7, 0, 0, 'WorkflowTransition', NULL, NULL),
(208, 3, 1, 3, 7, 0, 0, 'WorkflowTransition', NULL, NULL),
(209, 3, 1, 4, 7, 0, 0, 'WorkflowTransition', NULL, NULL),
(210, 3, 1, 5, 7, 0, 0, 'WorkflowTransition', NULL, NULL),
(211, 3, 1, 6, 7, 0, 0, 'WorkflowTransition', NULL, NULL),
(212, 3, 2, 1, 7, 0, 0, 'WorkflowTransition', NULL, NULL),
(213, 3, 2, 3, 7, 0, 0, 'WorkflowTransition', NULL, NULL),
(214, 3, 2, 4, 7, 0, 0, 'WorkflowTransition', NULL, NULL),
(215, 3, 2, 5, 7, 0, 0, 'WorkflowTransition', NULL, NULL),
(216, 3, 2, 6, 7, 0, 0, 'WorkflowTransition', NULL, NULL),
(217, 3, 3, 1, 7, 0, 0, 'WorkflowTransition', NULL, NULL),
(218, 3, 3, 2, 7, 0, 0, 'WorkflowTransition', NULL, NULL),
(219, 3, 3, 4, 7, 0, 0, 'WorkflowTransition', NULL, NULL),
(220, 3, 3, 5, 7, 0, 0, 'WorkflowTransition', NULL, NULL),
(221, 3, 3, 6, 7, 0, 0, 'WorkflowTransition', NULL, NULL),
(222, 3, 4, 1, 7, 0, 0, 'WorkflowTransition', NULL, NULL),
(223, 3, 4, 2, 7, 0, 0, 'WorkflowTransition', NULL, NULL),
(224, 3, 4, 3, 7, 0, 0, 'WorkflowTransition', NULL, NULL),
(225, 3, 4, 5, 7, 0, 0, 'WorkflowTransition', NULL, NULL),
(226, 3, 4, 6, 7, 0, 0, 'WorkflowTransition', NULL, NULL),
(227, 3, 5, 1, 7, 0, 0, 'WorkflowTransition', NULL, NULL),
(228, 3, 5, 2, 7, 0, 0, 'WorkflowTransition', NULL, NULL),
(229, 3, 5, 3, 7, 0, 0, 'WorkflowTransition', NULL, NULL),
(230, 3, 5, 4, 7, 0, 0, 'WorkflowTransition', NULL, NULL),
(231, 3, 5, 6, 7, 0, 0, 'WorkflowTransition', NULL, NULL),
(232, 3, 6, 1, 7, 0, 0, 'WorkflowTransition', NULL, NULL),
(233, 3, 6, 2, 7, 0, 0, 'WorkflowTransition', NULL, NULL),
(234, 3, 6, 3, 7, 0, 0, 'WorkflowTransition', NULL, NULL),
(235, 3, 6, 4, 7, 0, 0, 'WorkflowTransition', NULL, NULL),
(236, 3, 6, 5, 7, 0, 0, 'WorkflowTransition', NULL, NULL),
(238, 4, 2, 1, 6, 0, 0, 'WorkflowTransition', NULL, NULL),
(239, 4, 2, 3, 6, 0, 0, 'WorkflowTransition', NULL, NULL),
(240, 4, 2, 4, 6, 0, 0, 'WorkflowTransition', NULL, NULL),
(241, 4, 2, 5, 6, 0, 0, 'WorkflowTransition', NULL, NULL),
(242, 4, 3, 2, 6, 0, 0, 'WorkflowTransition', NULL, NULL),
(243, 4, 3, 4, 6, 0, 0, 'WorkflowTransition', NULL, NULL),
(244, 4, 4, 2, 6, 0, 0, 'WorkflowTransition', NULL, NULL),
(245, 4, 5, 3, 6, 0, 0, 'WorkflowTransition', NULL, NULL),
(246, 4, 5, 4, 6, 0, 0, 'WorkflowTransition', NULL, NULL),
(247, 4, 1, 2, 7, 0, 0, 'WorkflowTransition', NULL, NULL),
(248, 4, 2, 3, 7, 0, 0, 'WorkflowTransition', NULL, NULL),
(249, 4, 2, 4, 7, 0, 0, 'WorkflowTransition', NULL, NULL),
(250, 4, 2, 5, 7, 0, 0, 'WorkflowTransition', NULL, NULL),
(251, 4, 3, 2, 7, 0, 0, 'WorkflowTransition', NULL, NULL),
(252, 4, 3, 4, 7, 0, 0, 'WorkflowTransition', NULL, NULL),
(253, 4, 4, 2, 7, 0, 0, 'WorkflowTransition', NULL, NULL),
(254, 4, 4, 3, 7, 0, 0, 'WorkflowTransition', NULL, NULL),
(255, 4, 4, 5, 7, 0, 0, 'WorkflowTransition', NULL, NULL),
(256, 4, 5, 3, 7, 0, 0, 'WorkflowTransition', NULL, NULL),
(257, 4, 5, 4, 7, 0, 0, 'WorkflowTransition', NULL, NULL),
(258, 5, 2, 1, 6, 0, 0, 'WorkflowTransition', NULL, NULL),
(259, 5, 2, 3, 6, 0, 0, 'WorkflowTransition', NULL, NULL),
(260, 5, 2, 4, 6, 0, 0, 'WorkflowTransition', NULL, NULL),
(261, 5, 2, 5, 6, 0, 0, 'WorkflowTransition', NULL, NULL),
(262, 5, 3, 2, 6, 0, 0, 'WorkflowTransition', NULL, NULL),
(263, 5, 3, 4, 6, 0, 0, 'WorkflowTransition', NULL, NULL),
(264, 5, 4, 2, 6, 0, 0, 'WorkflowTransition', NULL, NULL),
(265, 5, 5, 3, 6, 0, 0, 'WorkflowTransition', NULL, NULL),
(266, 5, 5, 4, 6, 0, 0, 'WorkflowTransition', NULL, NULL),
(273, 5, 1, 2, 7, 0, 0, 'WorkflowTransition', NULL, NULL),
(274, 5, 2, 3, 7, 0, 0, 'WorkflowTransition', NULL, NULL),
(275, 5, 2, 4, 7, 0, 0, 'WorkflowTransition', NULL, NULL),
(276, 5, 2, 5, 7, 0, 0, 'WorkflowTransition', NULL, NULL),
(277, 5, 3, 2, 7, 0, 0, 'WorkflowTransition', NULL, NULL),
(278, 5, 3, 4, 7, 0, 0, 'WorkflowTransition', NULL, NULL),
(279, 5, 4, 2, 7, 0, 0, 'WorkflowTransition', NULL, NULL),
(280, 5, 4, 3, 7, 0, 0, 'WorkflowTransition', NULL, NULL),
(281, 5, 4, 5, 7, 0, 0, 'WorkflowTransition', NULL, NULL),
(282, 5, 5, 3, 7, 0, 0, 'WorkflowTransition', NULL, NULL),
(283, 5, 5, 4, 7, 0, 0, 'WorkflowTransition', NULL, NULL),
(284, 5, 0, 1, 3, 0, 0, 'WorkflowTransition', NULL, NULL),
(285, 5, 1, 2, 3, 0, 0, 'WorkflowTransition', NULL, NULL),
(286, 5, 1, 4, 3, 0, 0, 'WorkflowTransition', NULL, NULL),
(287, 5, 1, 5, 3, 0, 0, 'WorkflowTransition', NULL, NULL),
(288, 5, 2, 1, 3, 0, 0, 'WorkflowTransition', NULL, NULL),
(289, 5, 2, 3, 3, 0, 0, 'WorkflowTransition', NULL, NULL),
(290, 5, 2, 4, 3, 0, 0, 'WorkflowTransition', NULL, NULL),
(291, 5, 3, 2, 3, 0, 0, 'WorkflowTransition', NULL, NULL),
(292, 5, 3, 4, 3, 0, 0, 'WorkflowTransition', NULL, NULL),
(293, 5, 3, 5, 3, 0, 0, 'WorkflowTransition', NULL, NULL),
(294, 5, 4, 2, 3, 0, 0, 'WorkflowTransition', NULL, NULL),
(295, 5, 4, 3, 3, 0, 0, 'WorkflowTransition', NULL, NULL),
(296, 5, 4, 5, 3, 0, 0, 'WorkflowTransition', NULL, NULL),
(297, 5, 5, 4, 3, 0, 0, 'WorkflowTransition', NULL, NULL),
(298, 5, 0, 1, 4, 0, 0, 'WorkflowTransition', NULL, NULL),
(299, 5, 1, 2, 4, 0, 0, 'WorkflowTransition', NULL, NULL),
(300, 5, 2, 1, 4, 0, 0, 'WorkflowTransition', NULL, NULL),
(301, 5, 2, 3, 4, 0, 0, 'WorkflowTransition', NULL, NULL),
(302, 5, 3, 2, 4, 0, 0, 'WorkflowTransition', NULL, NULL),
(303, 5, 3, 4, 4, 0, 0, 'WorkflowTransition', NULL, NULL),
(304, 5, 4, 2, 4, 0, 0, 'WorkflowTransition', NULL, NULL),
(305, 5, 4, 3, 4, 0, 0, 'WorkflowTransition', NULL, NULL),
(306, 5, 0, 1, 8, 0, 0, 'WorkflowTransition', NULL, NULL),
(307, 5, 1, 2, 8, 0, 0, 'WorkflowTransition', NULL, NULL),
(308, 5, 2, 1, 8, 0, 0, 'WorkflowTransition', NULL, NULL),
(309, 5, 2, 3, 8, 0, 0, 'WorkflowTransition', NULL, NULL),
(310, 5, 3, 2, 8, 0, 0, 'WorkflowTransition', NULL, NULL),
(311, 5, 3, 4, 8, 0, 0, 'WorkflowTransition', NULL, NULL),
(312, 5, 4, 2, 8, 0, 0, 'WorkflowTransition', NULL, NULL),
(313, 5, 4, 3, 8, 0, 0, 'WorkflowTransition', NULL, NULL),
(321, 1, 1, 2, 8, 0, 0, 'WorkflowTransition', NULL, NULL),
(322, 1, 1, 3, 8, 0, 0, 'WorkflowTransition', NULL, NULL),
(323, 1, 1, 4, 8, 0, 0, 'WorkflowTransition', NULL, NULL),
(324, 1, 1, 5, 8, 0, 0, 'WorkflowTransition', NULL, NULL),
(325, 1, 2, 3, 8, 0, 0, 'WorkflowTransition', NULL, NULL),
(326, 1, 2, 4, 8, 0, 0, 'WorkflowTransition', NULL, NULL),
(327, 1, 2, 5, 8, 0, 0, 'WorkflowTransition', NULL, NULL),
(328, 1, 3, 2, 8, 0, 0, 'WorkflowTransition', NULL, NULL),
(329, 1, 3, 4, 8, 0, 0, 'WorkflowTransition', NULL, NULL),
(330, 1, 3, 5, 8, 0, 0, 'WorkflowTransition', NULL, NULL),
(331, 1, 4, 2, 8, 0, 0, 'WorkflowTransition', NULL, NULL),
(332, 1, 4, 3, 8, 0, 0, 'WorkflowTransition', NULL, NULL),
(333, 1, 4, 5, 8, 0, 0, 'WorkflowTransition', NULL, NULL),
(336, 2, 1, 2, 8, 0, 0, 'WorkflowTransition', NULL, NULL),
(337, 2, 1, 3, 8, 0, 0, 'WorkflowTransition', NULL, NULL),
(338, 2, 1, 4, 8, 0, 0, 'WorkflowTransition', NULL, NULL),
(339, 2, 1, 5, 8, 0, 0, 'WorkflowTransition', NULL, NULL),
(340, 2, 2, 3, 8, 0, 0, 'WorkflowTransition', NULL, NULL),
(341, 2, 2, 4, 8, 0, 0, 'WorkflowTransition', NULL, NULL),
(342, 2, 2, 5, 8, 0, 0, 'WorkflowTransition', NULL, NULL),
(343, 2, 3, 2, 8, 0, 0, 'WorkflowTransition', NULL, NULL),
(344, 2, 3, 4, 8, 0, 0, 'WorkflowTransition', NULL, NULL),
(345, 2, 3, 5, 8, 0, 0, 'WorkflowTransition', NULL, NULL),
(346, 2, 4, 2, 8, 0, 0, 'WorkflowTransition', NULL, NULL),
(347, 2, 4, 3, 8, 0, 0, 'WorkflowTransition', NULL, NULL),
(348, 2, 4, 5, 8, 0, 0, 'WorkflowTransition', NULL, NULL),
(351, 3, 1, 2, 8, 0, 0, 'WorkflowTransition', NULL, NULL),
(352, 3, 1, 3, 8, 0, 0, 'WorkflowTransition', NULL, NULL),
(353, 3, 1, 4, 8, 0, 0, 'WorkflowTransition', NULL, NULL),
(354, 3, 1, 5, 8, 0, 0, 'WorkflowTransition', NULL, NULL),
(355, 3, 2, 3, 8, 0, 0, 'WorkflowTransition', NULL, NULL),
(356, 3, 2, 4, 8, 0, 0, 'WorkflowTransition', NULL, NULL),
(357, 3, 2, 5, 8, 0, 0, 'WorkflowTransition', NULL, NULL),
(358, 3, 3, 2, 8, 0, 0, 'WorkflowTransition', NULL, NULL),
(359, 3, 3, 4, 8, 0, 0, 'WorkflowTransition', NULL, NULL),
(360, 3, 3, 5, 8, 0, 0, 'WorkflowTransition', NULL, NULL),
(361, 3, 4, 2, 8, 0, 0, 'WorkflowTransition', NULL, NULL),
(362, 3, 4, 3, 8, 0, 0, 'WorkflowTransition', NULL, NULL),
(363, 3, 4, 5, 8, 0, 0, 'WorkflowTransition', NULL, NULL),
(366, 5, 5, 4, 8, 0, 0, 'WorkflowTransition', NULL, NULL),
(367, 5, 5, 5, 8, 0, 0, 'WorkflowTransition', NULL, NULL),
(368, 5, 3, 1, 4, 0, 0, 'WorkflowTransition', NULL, NULL),
(369, 5, 3, 5, 8, 0, 0, 'WorkflowTransition', NULL, NULL);

--
-- Index pour les tables exportées
--

--
-- Index pour la table `agile_colors`
--
ALTER TABLE `agile_colors`
  ADD PRIMARY KEY (`id`),
  ADD KEY `index_agile_colors_on_container_id` (`container_id`),
  ADD KEY `index_agile_colors_on_container_type` (`container_type`);

--
-- Index pour la table `agile_data`
--
ALTER TABLE `agile_data`
  ADD PRIMARY KEY (`id`),
  ADD KEY `index_agile_data_on_issue_id` (`issue_id`),
  ADD KEY `index_agile_data_on_position` (`position`);

--
-- Index pour la table `attachments`
--
ALTER TABLE `attachments`
  ADD PRIMARY KEY (`id`),
  ADD KEY `index_attachments_on_author_id` (`author_id`),
  ADD KEY `index_attachments_on_created_on` (`created_on`),
  ADD KEY `index_attachments_on_container_id_and_container_type` (`container_id`,`container_type`);

--
-- Index pour la table `auth_sources`
--
ALTER TABLE `auth_sources`
  ADD PRIMARY KEY (`id`),
  ADD KEY `index_auth_sources_on_id_and_type` (`id`,`type`);

--
-- Index pour la table `boards`
--
ALTER TABLE `boards`
  ADD PRIMARY KEY (`id`),
  ADD KEY `boards_project_id` (`project_id`),
  ADD KEY `index_boards_on_last_message_id` (`last_message_id`);

--
-- Index pour la table `changes`
--
ALTER TABLE `changes`
  ADD PRIMARY KEY (`id`),
  ADD KEY `changesets_changeset_id` (`changeset_id`);

--
-- Index pour la table `changeset_parents`
--
ALTER TABLE `changeset_parents`
  ADD KEY `changeset_parents_changeset_ids` (`changeset_id`),
  ADD KEY `changeset_parents_parent_ids` (`parent_id`);

--
-- Index pour la table `changesets`
--
ALTER TABLE `changesets`
  ADD PRIMARY KEY (`id`),
  ADD UNIQUE KEY `changesets_repos_rev` (`repository_id`,`revision`),
  ADD KEY `index_changesets_on_user_id` (`user_id`),
  ADD KEY `index_changesets_on_repository_id` (`repository_id`),
  ADD KEY `index_changesets_on_committed_on` (`committed_on`),
  ADD KEY `changesets_repos_scmid` (`repository_id`,`scmid`);

--
-- Index pour la table `changesets_issues`
--
ALTER TABLE `changesets_issues`
  ADD UNIQUE KEY `changesets_issues_ids` (`changeset_id`,`issue_id`);

--
-- Index pour la table `charts`
--
ALTER TABLE `charts`
  ADD PRIMARY KEY (`id`);

--
-- Index pour la table `checklist_template_categories`
--
ALTER TABLE `checklist_template_categories`
  ADD PRIMARY KEY (`id`);

--
-- Index pour la table `checklist_templates`
--
ALTER TABLE `checklist_templates`
  ADD PRIMARY KEY (`id`);

--
-- Index pour la table `checklists`
--
ALTER TABLE `checklists`
  ADD PRIMARY KEY (`id`);

--
-- Index pour la table `comments`
--
ALTER TABLE `comments`
  ADD PRIMARY KEY (`id`),
  ADD KEY `index_comments_on_commented_id_and_commented_type` (`commented_id`,`commented_type`),
  ADD KEY `index_comments_on_author_id` (`author_id`);

--
-- Index pour la table `custom_field_enumerations`
--
ALTER TABLE `custom_field_enumerations`
  ADD PRIMARY KEY (`id`);

--
-- Index pour la table `custom_fields`
--
ALTER TABLE `custom_fields`
  ADD PRIMARY KEY (`id`),
  ADD KEY `index_custom_fields_on_id_and_type` (`id`,`type`);

--
-- Index pour la table `custom_fields_projects`
--
ALTER TABLE `custom_fields_projects`
  ADD UNIQUE KEY `index_custom_fields_projects_on_custom_field_id_and_project_id` (`custom_field_id`,`project_id`);

--
-- Index pour la table `custom_fields_roles`
--
ALTER TABLE `custom_fields_roles`
  ADD UNIQUE KEY `custom_fields_roles_ids` (`custom_field_id`,`role_id`);

--
-- Index pour la table `custom_fields_trackers`
--
ALTER TABLE `custom_fields_trackers`
  ADD UNIQUE KEY `index_custom_fields_trackers_on_custom_field_id_and_tracker_id` (`custom_field_id`,`tracker_id`);

--
-- Index pour la table `custom_values`
--
ALTER TABLE `custom_values`
  ADD PRIMARY KEY (`id`),
  ADD KEY `custom_values_customized` (`customized_type`,`customized_id`),
  ADD KEY `index_custom_values_on_custom_field_id` (`custom_field_id`);

--
-- Index pour la table `documents`
--
ALTER TABLE `documents`
  ADD PRIMARY KEY (`id`),
  ADD KEY `documents_project_id` (`project_id`),
  ADD KEY `index_documents_on_category_id` (`category_id`),
  ADD KEY `index_documents_on_created_on` (`created_on`);

--
-- Index pour la table `email_addresses`
--
ALTER TABLE `email_addresses`
  ADD PRIMARY KEY (`id`),
  ADD KEY `index_email_addresses_on_user_id` (`user_id`);

--
-- Index pour la table `enabled_modules`
--
ALTER TABLE `enabled_modules`
  ADD PRIMARY KEY (`id`),
  ADD KEY `enabled_modules_project_id` (`project_id`);

--
-- Index pour la table `enumerations`
--
ALTER TABLE `enumerations`
  ADD PRIMARY KEY (`id`),
  ADD KEY `index_enumerations_on_project_id` (`project_id`),
  ADD KEY `index_enumerations_on_id_and_type` (`id`,`type`);

--
-- Index pour la table `groups_users`
--
ALTER TABLE `groups_users`
  ADD UNIQUE KEY `groups_users_ids` (`group_id`,`user_id`);

--
-- Index pour la table `import_items`
--
ALTER TABLE `import_items`
  ADD PRIMARY KEY (`id`);

--
-- Index pour la table `imports`
--
ALTER TABLE `imports`
  ADD PRIMARY KEY (`id`);

--
-- Index pour la table `issue_categories`
--
ALTER TABLE `issue_categories`
  ADD PRIMARY KEY (`id`),
  ADD KEY `issue_categories_project_id` (`project_id`),
  ADD KEY `index_issue_categories_on_assigned_to_id` (`assigned_to_id`);

--
-- Index pour la table `issue_relations`
--
ALTER TABLE `issue_relations`
  ADD PRIMARY KEY (`id`),
  ADD UNIQUE KEY `index_issue_relations_on_issue_from_id_and_issue_to_id` (`issue_from_id`,`issue_to_id`),
  ADD KEY `index_issue_relations_on_issue_from_id` (`issue_from_id`),
  ADD KEY `index_issue_relations_on_issue_to_id` (`issue_to_id`);

--
-- Index pour la table `issue_statuses`
--
ALTER TABLE `issue_statuses`
  ADD PRIMARY KEY (`id`),
  ADD KEY `index_issue_statuses_on_position` (`position`),
  ADD KEY `index_issue_statuses_on_is_closed` (`is_closed`);

--
-- Index pour la table `issues`
--
ALTER TABLE `issues`
  ADD PRIMARY KEY (`id`),
  ADD KEY `issues_project_id` (`project_id`),
  ADD KEY `index_issues_on_status_id` (`status_id`),
  ADD KEY `index_issues_on_category_id` (`category_id`),
  ADD KEY `index_issues_on_assigned_to_id` (`assigned_to_id`),
  ADD KEY `index_issues_on_fixed_version_id` (`fixed_version_id`),
  ADD KEY `index_issues_on_tracker_id` (`tracker_id`),
  ADD KEY `index_issues_on_priority_id` (`priority_id`),
  ADD KEY `index_issues_on_author_id` (`author_id`),
  ADD KEY `index_issues_on_created_on` (`created_on`),
  ADD KEY `index_issues_on_root_id_and_lft_and_rgt` (`root_id`,`lft`,`rgt`);

--
-- Index pour la table `journal_details`
--
ALTER TABLE `journal_details`
  ADD PRIMARY KEY (`id`),
  ADD KEY `journal_details_journal_id` (`journal_id`);

--
-- Index pour la table `journals`
--
ALTER TABLE `journals`
  ADD PRIMARY KEY (`id`),
  ADD KEY `journals_journalized_id` (`journalized_id`,`journalized_type`),
  ADD KEY `index_journals_on_user_id` (`user_id`),
  ADD KEY `index_journals_on_journalized_id` (`journalized_id`),
  ADD KEY `index_journals_on_created_on` (`created_on`);

--
-- Index pour la table `member_roles`
--
ALTER TABLE `member_roles`
  ADD PRIMARY KEY (`id`),
  ADD KEY `index_member_roles_on_member_id` (`member_id`),
  ADD KEY `index_member_roles_on_role_id` (`role_id`);

--
-- Index pour la table `members`
--
ALTER TABLE `members`
  ADD PRIMARY KEY (`id`),
  ADD UNIQUE KEY `index_members_on_user_id_and_project_id` (`user_id`,`project_id`),
  ADD KEY `index_members_on_user_id` (`user_id`),
  ADD KEY `index_members_on_project_id` (`project_id`);

--
-- Index pour la table `messages`
--
ALTER TABLE `messages`
  ADD PRIMARY KEY (`id`),
  ADD KEY `messages_board_id` (`board_id`),
  ADD KEY `messages_parent_id` (`parent_id`),
  ADD KEY `index_messages_on_last_reply_id` (`last_reply_id`),
  ADD KEY `index_messages_on_author_id` (`author_id`),
  ADD KEY `index_messages_on_created_on` (`created_on`);

--
-- Index pour la table `news`
--
ALTER TABLE `news`
  ADD PRIMARY KEY (`id`),
  ADD KEY `news_project_id` (`project_id`),
  ADD KEY `index_news_on_author_id` (`author_id`),
  ADD KEY `index_news_on_created_on` (`created_on`);

--
-- Index pour la table `open_id_authentication_associations`
--
ALTER TABLE `open_id_authentication_associations`
  ADD PRIMARY KEY (`id`);

--
-- Index pour la table `open_id_authentication_nonces`
--
ALTER TABLE `open_id_authentication_nonces`
  ADD PRIMARY KEY (`id`);

--
-- Index pour la table `projects`
--
ALTER TABLE `projects`
  ADD PRIMARY KEY (`id`),
  ADD KEY `index_projects_on_lft` (`lft`),
  ADD KEY `index_projects_on_rgt` (`rgt`);

--
-- Index pour la table `projects_trackers`
--
ALTER TABLE `projects_trackers`
  ADD UNIQUE KEY `projects_trackers_unique` (`project_id`,`tracker_id`),
  ADD KEY `projects_trackers_project_id` (`project_id`);

--
-- Index pour la table `queries`
--
ALTER TABLE `queries`
  ADD PRIMARY KEY (`id`),
  ADD KEY `index_queries_on_project_id` (`project_id`),
  ADD KEY `index_queries_on_user_id` (`user_id`);

--
-- Index pour la table `queries_roles`
--
ALTER TABLE `queries_roles`
  ADD UNIQUE KEY `queries_roles_ids` (`query_id`,`role_id`);

--
-- Index pour la table `repositories`
--
ALTER TABLE `repositories`
  ADD PRIMARY KEY (`id`),
  ADD KEY `index_repositories_on_project_id` (`project_id`);

--
-- Index pour la table `roles`
--
ALTER TABLE `roles`
  ADD PRIMARY KEY (`id`);

--
-- Index pour la table `roles_managed_roles`
--
ALTER TABLE `roles_managed_roles`
  ADD UNIQUE KEY `index_roles_managed_roles_on_role_id_and_managed_role_id` (`role_id`,`managed_role_id`);

--
-- Index pour la table `schema_migrations`
--
ALTER TABLE `schema_migrations`
  ADD UNIQUE KEY `unique_schema_migrations` (`version`);

--
-- Index pour la table `settings`
--
ALTER TABLE `settings`
  ADD PRIMARY KEY (`id`),
  ADD KEY `index_settings_on_name` (`name`);

--
-- Index pour la table `time_entries`
--
ALTER TABLE `time_entries`
  ADD PRIMARY KEY (`id`),
  ADD KEY `time_entries_project_id` (`project_id`),
  ADD KEY `time_entries_issue_id` (`issue_id`),
  ADD KEY `index_time_entries_on_activity_id` (`activity_id`),
  ADD KEY `index_time_entries_on_user_id` (`user_id`),
  ADD KEY `index_time_entries_on_created_on` (`created_on`);

--
-- Index pour la table `tokens`
--
ALTER TABLE `tokens`
  ADD PRIMARY KEY (`id`),
  ADD UNIQUE KEY `tokens_value` (`value`),
  ADD KEY `index_tokens_on_user_id` (`user_id`);

--
-- Index pour la table `trackers`
--
ALTER TABLE `trackers`
  ADD PRIMARY KEY (`id`);

--
-- Index pour la table `user_preferences`
--
ALTER TABLE `user_preferences`
  ADD PRIMARY KEY (`id`),
  ADD KEY `index_user_preferences_on_user_id` (`user_id`);

--
-- Index pour la table `users`
--
ALTER TABLE `users`
  ADD PRIMARY KEY (`id`),
  ADD KEY `index_users_on_id_and_type` (`id`,`type`),
  ADD KEY `index_users_on_auth_source_id` (`auth_source_id`),
  ADD KEY `index_users_on_type` (`type`);

--
-- Index pour la table `versions`
--
ALTER TABLE `versions`
  ADD PRIMARY KEY (`id`),
  ADD KEY `versions_project_id` (`project_id`),
  ADD KEY `index_versions_on_sharing` (`sharing`);

--
-- Index pour la table `watchers`
--
ALTER TABLE `watchers`
  ADD PRIMARY KEY (`id`),
  ADD KEY `watchers_user_id_type` (`user_id`,`watchable_type`),
  ADD KEY `index_watchers_on_user_id` (`user_id`),
  ADD KEY `index_watchers_on_watchable_id_and_watchable_type` (`watchable_id`,`watchable_type`);

--
-- Index pour la table `wiki_content_versions`
--
ALTER TABLE `wiki_content_versions`
  ADD PRIMARY KEY (`id`),
  ADD KEY `wiki_content_versions_wcid` (`wiki_content_id`),
  ADD KEY `index_wiki_content_versions_on_updated_on` (`updated_on`);

--
-- Index pour la table `wiki_contents`
--
ALTER TABLE `wiki_contents`
  ADD PRIMARY KEY (`id`),
  ADD KEY `wiki_contents_page_id` (`page_id`),
  ADD KEY `index_wiki_contents_on_author_id` (`author_id`);

--
-- Index pour la table `wiki_pages`
--
ALTER TABLE `wiki_pages`
  ADD PRIMARY KEY (`id`),
  ADD KEY `wiki_pages_wiki_id_title` (`wiki_id`,`title`),
  ADD KEY `index_wiki_pages_on_wiki_id` (`wiki_id`),
  ADD KEY `index_wiki_pages_on_parent_id` (`parent_id`);

--
-- Index pour la table `wiki_redirects`
--
ALTER TABLE `wiki_redirects`
  ADD PRIMARY KEY (`id`),
  ADD KEY `wiki_redirects_wiki_id_title` (`wiki_id`,`title`),
  ADD KEY `index_wiki_redirects_on_wiki_id` (`wiki_id`);

--
-- Index pour la table `wikis`
--
ALTER TABLE `wikis`
  ADD PRIMARY KEY (`id`),
  ADD KEY `wikis_project_id` (`project_id`);

--
-- Index pour la table `workflows`
--
ALTER TABLE `workflows`
  ADD PRIMARY KEY (`id`),
  ADD KEY `wkfs_role_tracker_old_status` (`role_id`,`tracker_id`,`old_status_id`),
  ADD KEY `index_workflows_on_old_status_id` (`old_status_id`),
  ADD KEY `index_workflows_on_role_id` (`role_id`),
  ADD KEY `index_workflows_on_new_status_id` (`new_status_id`);

--
-- AUTO_INCREMENT pour les tables exportées
--

--
-- AUTO_INCREMENT pour la table `agile_colors`
--
ALTER TABLE `agile_colors`
  MODIFY `id` int(11) NOT NULL AUTO_INCREMENT;
--
-- AUTO_INCREMENT pour la table `agile_data`
--
ALTER TABLE `agile_data`
  MODIFY `id` int(11) NOT NULL AUTO_INCREMENT, AUTO_INCREMENT=117;
--
-- AUTO_INCREMENT pour la table `attachments`
--
ALTER TABLE `attachments`
  MODIFY `id` int(11) NOT NULL AUTO_INCREMENT, AUTO_INCREMENT=19;
--
-- AUTO_INCREMENT pour la table `auth_sources`
--
ALTER TABLE `auth_sources`
  MODIFY `id` int(11) NOT NULL AUTO_INCREMENT;
--
-- AUTO_INCREMENT pour la table `boards`
--
ALTER TABLE `boards`
  MODIFY `id` int(11) NOT NULL AUTO_INCREMENT, AUTO_INCREMENT=5;
--
-- AUTO_INCREMENT pour la table `changes`
--
ALTER TABLE `changes`
  MODIFY `id` int(11) NOT NULL AUTO_INCREMENT, AUTO_INCREMENT=3934;
--
-- AUTO_INCREMENT pour la table `changesets`
--
ALTER TABLE `changesets`
  MODIFY `id` int(11) NOT NULL AUTO_INCREMENT, AUTO_INCREMENT=120;
--
-- AUTO_INCREMENT pour la table `charts`
--
ALTER TABLE `charts`
  MODIFY `id` int(11) NOT NULL AUTO_INCREMENT, AUTO_INCREMENT=4;
--
-- AUTO_INCREMENT pour la table `checklist_template_categories`
--
ALTER TABLE `checklist_template_categories`
  MODIFY `id` int(11) NOT NULL AUTO_INCREMENT;
--
-- AUTO_INCREMENT pour la table `checklist_templates`
--
ALTER TABLE `checklist_templates`
  MODIFY `id` int(11) NOT NULL AUTO_INCREMENT;
--
-- AUTO_INCREMENT pour la table `checklists`
--
ALTER TABLE `checklists`
  MODIFY `id` int(11) NOT NULL AUTO_INCREMENT;
--
-- AUTO_INCREMENT pour la table `comments`
--
ALTER TABLE `comments`
  MODIFY `id` int(11) NOT NULL AUTO_INCREMENT;
--
-- AUTO_INCREMENT pour la table `custom_field_enumerations`
--
ALTER TABLE `custom_field_enumerations`
  MODIFY `id` int(11) NOT NULL AUTO_INCREMENT;
--
-- AUTO_INCREMENT pour la table `custom_fields`
--
ALTER TABLE `custom_fields`
  MODIFY `id` int(11) NOT NULL AUTO_INCREMENT, AUTO_INCREMENT=3;
--
-- AUTO_INCREMENT pour la table `custom_values`
--
ALTER TABLE `custom_values`
  MODIFY `id` int(11) NOT NULL AUTO_INCREMENT, AUTO_INCREMENT=22;
--
-- AUTO_INCREMENT pour la table `documents`
--
ALTER TABLE `documents`
  MODIFY `id` int(11) NOT NULL AUTO_INCREMENT, AUTO_INCREMENT=4;
--
-- AUTO_INCREMENT pour la table `email_addresses`
--
ALTER TABLE `email_addresses`
  MODIFY `id` int(11) NOT NULL AUTO_INCREMENT, AUTO_INCREMENT=26;
--
-- AUTO_INCREMENT pour la table `enabled_modules`
--
ALTER TABLE `enabled_modules`
  MODIFY `id` int(11) NOT NULL AUTO_INCREMENT, AUTO_INCREMENT=68;
--
-- AUTO_INCREMENT pour la table `enumerations`
--
ALTER TABLE `enumerations`
  MODIFY `id` int(11) NOT NULL AUTO_INCREMENT, AUTO_INCREMENT=17;
--
-- AUTO_INCREMENT pour la table `import_items`
--
ALTER TABLE `import_items`
  MODIFY `id` int(11) NOT NULL AUTO_INCREMENT;
--
-- AUTO_INCREMENT pour la table `imports`
--
ALTER TABLE `imports`
  MODIFY `id` int(11) NOT NULL AUTO_INCREMENT;
--
-- AUTO_INCREMENT pour la table `issue_categories`
--
ALTER TABLE `issue_categories`
  MODIFY `id` int(11) NOT NULL AUTO_INCREMENT;
--
-- AUTO_INCREMENT pour la table `issue_relations`
--
ALTER TABLE `issue_relations`
  MODIFY `id` int(11) NOT NULL AUTO_INCREMENT;
--
-- AUTO_INCREMENT pour la table `issue_statuses`
--
ALTER TABLE `issue_statuses`
  MODIFY `id` int(11) NOT NULL AUTO_INCREMENT, AUTO_INCREMENT=7;
--
-- AUTO_INCREMENT pour la table `issues`
--
ALTER TABLE `issues`
  MODIFY `id` int(11) NOT NULL AUTO_INCREMENT, AUTO_INCREMENT=166;
--
-- AUTO_INCREMENT pour la table `journal_details`
--
ALTER TABLE `journal_details`
  MODIFY `id` int(11) NOT NULL AUTO_INCREMENT, AUTO_INCREMENT=473;
--
-- AUTO_INCREMENT pour la table `journals`
--
ALTER TABLE `journals`
  MODIFY `id` int(11) NOT NULL AUTO_INCREMENT, AUTO_INCREMENT=361;
--
-- AUTO_INCREMENT pour la table `member_roles`
--
ALTER TABLE `member_roles`
  MODIFY `id` int(11) NOT NULL AUTO_INCREMENT, AUTO_INCREMENT=47;
--
-- AUTO_INCREMENT pour la table `members`
--
ALTER TABLE `members`
  MODIFY `id` int(11) NOT NULL AUTO_INCREMENT, AUTO_INCREMENT=35;
--
-- AUTO_INCREMENT pour la table `messages`
--
ALTER TABLE `messages`
  MODIFY `id` int(11) NOT NULL AUTO_INCREMENT, AUTO_INCREMENT=2;
--
-- AUTO_INCREMENT pour la table `news`
--
ALTER TABLE `news`
  MODIFY `id` int(11) NOT NULL AUTO_INCREMENT, AUTO_INCREMENT=3;
--
-- AUTO_INCREMENT pour la table `open_id_authentication_associations`
--
ALTER TABLE `open_id_authentication_associations`
  MODIFY `id` int(11) NOT NULL AUTO_INCREMENT;
--
-- AUTO_INCREMENT pour la table `open_id_authentication_nonces`
--
ALTER TABLE `open_id_authentication_nonces`
  MODIFY `id` int(11) NOT NULL AUTO_INCREMENT;
--
-- AUTO_INCREMENT pour la table `projects`
--
ALTER TABLE `projects`
  MODIFY `id` int(11) NOT NULL AUTO_INCREMENT, AUTO_INCREMENT=8;
--
-- AUTO_INCREMENT pour la table `queries`
--
ALTER TABLE `queries`
  MODIFY `id` int(11) NOT NULL AUTO_INCREMENT, AUTO_INCREMENT=5;
--
-- AUTO_INCREMENT pour la table `repositories`
--
ALTER TABLE `repositories`
  MODIFY `id` int(11) NOT NULL AUTO_INCREMENT, AUTO_INCREMENT=6;
--
-- AUTO_INCREMENT pour la table `roles`
--
ALTER TABLE `roles`
  MODIFY `id` int(11) NOT NULL AUTO_INCREMENT, AUTO_INCREMENT=9;
--
-- AUTO_INCREMENT pour la table `settings`
--
ALTER TABLE `settings`
  MODIFY `id` int(11) NOT NULL AUTO_INCREMENT, AUTO_INCREMENT=57;
--
-- AUTO_INCREMENT pour la table `time_entries`
--
ALTER TABLE `time_entries`
  MODIFY `id` int(11) NOT NULL AUTO_INCREMENT, AUTO_INCREMENT=118;
--
-- AUTO_INCREMENT pour la table `tokens`
--
ALTER TABLE `tokens`
  MODIFY `id` int(11) NOT NULL AUTO_INCREMENT, AUTO_INCREMENT=121;
--
-- AUTO_INCREMENT pour la table `trackers`
--
ALTER TABLE `trackers`
  MODIFY `id` int(11) NOT NULL AUTO_INCREMENT, AUTO_INCREMENT=6;
--
-- AUTO_INCREMENT pour la table `user_preferences`
--
ALTER TABLE `user_preferences`
  MODIFY `id` int(11) NOT NULL AUTO_INCREMENT, AUTO_INCREMENT=26;
--
-- AUTO_INCREMENT pour la table `users`
--
ALTER TABLE `users`
  MODIFY `id` int(11) NOT NULL AUTO_INCREMENT, AUTO_INCREMENT=30;
--
-- AUTO_INCREMENT pour la table `versions`
--
ALTER TABLE `versions`
  MODIFY `id` int(11) NOT NULL AUTO_INCREMENT;
--
-- AUTO_INCREMENT pour la table `watchers`
--
ALTER TABLE `watchers`
  MODIFY `id` int(11) NOT NULL AUTO_INCREMENT, AUTO_INCREMENT=14;
--
-- AUTO_INCREMENT pour la table `wiki_content_versions`
--
ALTER TABLE `wiki_content_versions`
  MODIFY `id` int(11) NOT NULL AUTO_INCREMENT, AUTO_INCREMENT=2;
--
-- AUTO_INCREMENT pour la table `wiki_contents`
--
ALTER TABLE `wiki_contents`
  MODIFY `id` int(11) NOT NULL AUTO_INCREMENT, AUTO_INCREMENT=2;
--
-- AUTO_INCREMENT pour la table `wiki_pages`
--
ALTER TABLE `wiki_pages`
  MODIFY `id` int(11) NOT NULL AUTO_INCREMENT, AUTO_INCREMENT=2;
--
-- AUTO_INCREMENT pour la table `wiki_redirects`
--
ALTER TABLE `wiki_redirects`
  MODIFY `id` int(11) NOT NULL AUTO_INCREMENT;
--
-- AUTO_INCREMENT pour la table `wikis`
--
ALTER TABLE `wikis`
  MODIFY `id` int(11) NOT NULL AUTO_INCREMENT, AUTO_INCREMENT=7;
--
-- AUTO_INCREMENT pour la table `workflows`
--
ALTER TABLE `workflows`
  MODIFY `id` int(11) NOT NULL AUTO_INCREMENT, AUTO_INCREMENT=370;--
-- Base de données :  `test`
--
CREATE DATABASE IF NOT EXISTS `test` DEFAULT CHARACTER SET latin1 COLLATE latin1_swedish_ci;
USE `test`;

DELIMITER $$
--
-- Procédures
--
CREATE DEFINER=`` PROCEDURE `AddGeometryColumn` (`catalog` VARCHAR(64), `t_schema` VARCHAR(64), `t_name` VARCHAR(64), `geometry_column` VARCHAR(64), `t_srid` INT)  begin
  set @qwe= concat('ALTER TABLE ', t_schema, '.', t_name, ' ADD ', geometry_column,' GEOMETRY REF_SYSTEM_ID=', t_srid); PREPARE ls from @qwe; execute ls; deallocate prepare ls; end$$

CREATE DEFINER=`` PROCEDURE `DropGeometryColumn` (`catalog` VARCHAR(64), `t_schema` VARCHAR(64), `t_name` VARCHAR(64), `geometry_column` VARCHAR(64))  begin
  set @qwe= concat('ALTER TABLE ', t_schema, '.', t_name, ' DROP ', geometry_column); PREPARE ls from @qwe; execute ls; deallocate prepare ls; end$$

DELIMITER ;

